{"id":106,"date":"2017-11-22T08:47:44","date_gmt":"2017-11-22T07:47:44","guid":{"rendered":"http:\/\/regeszet.bibl.u-szeged.hu\/?page_id=106"},"modified":"2026-03-18T13:36:20","modified_gmt":"2026-03-18T12:36:20","slug":"phd-hallgatoink","status":"publish","type":"page","link":"https:\/\/regeszet.bibl.u-szeged.hu\/index.php\/munkatarsak\/phd-hallgatoink\/","title":{"rendered":"PhD hallgat\u00f3ink"},"content":{"rendered":"<p>Tansz\u00e9k\u00fcnk PhD-hallgat\u00f3i akt\u00edvan bekapcsol\u00f3dnak az \u00f3ratart\u00e1sba \u00e9s a tansz\u00e9ki p\u00e1ly\u00e1zatokba, \u00e1sat\u00e1sokba, projektekbe.<\/p>\n<ul>\n<li>Akt\u00edv jogviszonnyal rendelkezik<\/li>\n<li>Komplex vizsg\u00e1t tett<\/li>\n<li>Doktori abszolut\u00f3riumot szerzett<\/li>\n<li>H\u00e1zi v\u00e9d\u00e9sen \u00e1tesett<\/li>\n<li>Fokozatot szerzett<\/li>\n<\/ul>\n","protected":false},"excerpt":{"rendered":"<p>Tansz\u00e9k\u00fcnk PhD-hallgat\u00f3i akt\u00edvan bekapcsol\u00f3dnak az \u00f3ratart\u00e1sba \u00e9s a tansz\u00e9ki p\u00e1ly\u00e1zatokba, \u00e1sat\u00e1sokba, projektekbe. Akt\u00edv jogviszonnyal rendelkezik Komplex vizsg\u00e1t tett Doktori abszolut\u00f3riumot szerzett H\u00e1zi v\u00e9d\u00e9sen \u00e1tesett Fokozatot szerzett<\/p>\n","protected":false},"author":1,"featured_media":0,"parent":40,"menu_order":3,"comment_status":"closed","ping_status":"closed","template":"","meta":{"footnotes":""},"class_list":["post-106","page","type-page","status-publish","hentry"],"_links":{"self":[{"href":"https:\/\/regeszet.bibl.u-szeged.hu\/index.php\/wp-json\/wp\/v2\/pages\/106","targetHints":{"allow":["GET"]}}],"collection":[{"href":"https:\/\/regeszet.bibl.u-szeged.hu\/index.php\/wp-json\/wp\/v2\/pages"}],"about":[{"href":"https:\/\/regeszet.bibl.u-szeged.hu\/index.php\/wp-json\/wp\/v2\/types\/page"}],"author":[{"embeddable":true,"href":"https:\/\/regeszet.bibl.u-szeged.hu\/index.php\/wp-json\/wp\/v2\/users\/1"}],"replies":[{"embeddable":true,"href":"https:\/\/regeszet.bibl.u-szeged.hu\/index.php\/wp-json\/wp\/v2\/comments?post=106"}],"version-history":[{"count":5,"href":"https:\/\/regeszet.bibl.u-szeged.hu\/index.php\/wp-json\/wp\/v2\/pages\/106\/revisions"}],"predecessor-version":[{"id":7166,"href":"https:\/\/regeszet.bibl.u-szeged.hu\/index.php\/wp-json\/wp\/v2\/pages\/106\/revisions\/7166"}],"up":[{"embeddable":true,"href":"https:\/\/regeszet.bibl.u-szeged.hu\/index.php\/wp-json\/wp\/v2\/pages\/40"}],"wp:attachment":[{"href":"https:\/\/regeszet.bibl.u-szeged.hu\/index.php\/wp-json\/wp\/v2\/media?parent=106"}],"curies":[{"name":"wp","href":"https:\/\/api.w.org\/{rel}","templated":true}]}}