{"id":1289,"date":"2017-11-25T11:20:07","date_gmt":"2017-11-25T10:20:07","guid":{"rendered":"http:\/\/regeszet.bibl.u-szeged.hu\/?page_id=1289"},"modified":"2017-11-25T16:02:27","modified_gmt":"2017-11-25T15:02:27","slug":"mrav-zsolt","status":"publish","type":"page","link":"https:\/\/regeszet.bibl.u-szeged.hu\/index.php\/partiscon-tdk\/tdk-eloadasok\/2015-2016\/mrav-zsolt\/","title":{"rendered":"Mr\u00e1v Zsolt"},"content":{"rendered":"<div>\n<p><strong>A Seuso-kincs nyom\u00e1ban<\/strong><\/p>\n<\/div>\n<div>\n<p>Mr\u00e1v Zsolt, a Magyra Nemzeti M\u00fazeum r\u00e9g\u00e9sz-muzeol\u00f3gus munkat\u00e1rsa a napjainkban \u00e1ltal\u00e1nos t\u00e1rsadalmi \u00e9rdekl\u0151d\u00e9snek \u00f6rvend\u0151 Seuso-kincsr\u0151l, \u00e9s a hozz\u00e1 korban \u00e9s st\u00edlusban kapcsol\u00f3d\u00f3 k\u00e9s\u0151 r\u00f3mai ez\u00fcst kincsleletekr\u0151l sz\u00e1molt be el\u0151ad\u00e1s\u00e1ban. El\u0151ad\u00f3nk r\u00e9szletesen ismertette a kincs t\u00e1rgyain fellelhet\u0151 r\u00f3mai h\u00e9tk\u00f6znapi \u00e9let \u00e1br\u00e1zol\u00e1sait \u00e9s mitol\u00f3giai jeleneteket, valamint ezek p\u00e1rhuzamait.<\/p>\n<div class=\"rgg-container\" data-rgg-id=\"1\">    <div class=\"rgg-imagegrid captions-title captions-effect-none \" data-rgg-id=\"1\">\n                    <a href=\"https:\/\/regeszet.bibl.u-szeged.hu\/wp-content\/uploads\/2017\/11\/DSC0017-1.jpg\" data-rel=\"rgg\" rel=\"rgg\" title=\"\" class=\"rgg-disabled size-medium rgg-img\" data-src=\"https:\/\/regeszet.bibl.u-szeged.hu\/wp-content\/uploads\/2017\/11\/DSC0017-1.jpg\" data-ratio=\"1.5\" data-height=\"200\" data-width=\"300\" aria-label=\"\">\n                            <\/a>\n                    <a href=\"https:\/\/regeszet.bibl.u-szeged.hu\/wp-content\/uploads\/2017\/11\/DSC0029-1.jpg\" data-rel=\"rgg\" rel=\"rgg\" title=\"\" class=\"rgg-disabled size-medium rgg-img\" data-src=\"https:\/\/regeszet.bibl.u-szeged.hu\/wp-content\/uploads\/2017\/11\/DSC0029-1.jpg\" data-ratio=\"0.66333333333333\" data-height=\"300\" data-width=\"199\" aria-label=\"\">\n                            <\/a>\n                    <a href=\"https:\/\/regeszet.bibl.u-szeged.hu\/wp-content\/uploads\/2017\/11\/DSC0042.jpg\" data-rel=\"rgg\" rel=\"rgg\" title=\"\" class=\"rgg-disabled size-medium rgg-img\" data-src=\"https:\/\/regeszet.bibl.u-szeged.hu\/wp-content\/uploads\/2017\/11\/DSC0042.jpg\" data-ratio=\"1.5\" data-height=\"200\" data-width=\"300\" aria-label=\"\">\n                            <\/a>\n            <\/div>\n<\/div>\n<\/div>\n","protected":false},"excerpt":{"rendered":"<p>A Seuso-kincs nyom\u00e1ban Mr\u00e1v Zsolt, a Magyra Nemzeti M\u00fazeum r\u00e9g\u00e9sz-muzeol\u00f3gus munkat\u00e1rsa a napjainkban \u00e1ltal\u00e1nos t\u00e1rsadalmi \u00e9rdekl\u0151d\u00e9snek \u00f6rvend\u0151 Seuso-kincsr\u0151l, \u00e9s a hozz\u00e1 korban \u00e9s st\u00edlusban kapcsol\u00f3d\u00f3 k\u00e9s\u0151 r\u00f3mai ez\u00fcst kincsleletekr\u0151l sz\u00e1molt be el\u0151ad\u00e1s\u00e1ban. El\u0151ad\u00f3nk r\u00e9szletesen ismertette a kincs t\u00e1rgyain fellelhet\u0151 r\u00f3mai h\u00e9tk\u00f6znapi \u00e9let \u00e1br\u00e1zol\u00e1sait \u00e9s mitol\u00f3giai jeleneteket, valamint ezek p\u00e1rhuzamait.<\/p>\n","protected":false},"author":1,"featured_media":0,"parent":231,"menu_order":4,"comment_status":"closed","ping_status":"closed","template":"","meta":{"footnotes":""},"class_list":["post-1289","page","type-page","status-publish","hentry"],"_links":{"self":[{"href":"https:\/\/regeszet.bibl.u-szeged.hu\/index.php\/wp-json\/wp\/v2\/pages\/1289","targetHints":{"allow":["GET"]}}],"collection":[{"href":"https:\/\/regeszet.bibl.u-szeged.hu\/index.php\/wp-json\/wp\/v2\/pages"}],"about":[{"href":"https:\/\/regeszet.bibl.u-szeged.hu\/index.php\/wp-json\/wp\/v2\/types\/page"}],"author":[{"embeddable":true,"href":"https:\/\/regeszet.bibl.u-szeged.hu\/index.php\/wp-json\/wp\/v2\/users\/1"}],"replies":[{"embeddable":true,"href":"https:\/\/regeszet.bibl.u-szeged.hu\/index.php\/wp-json\/wp\/v2\/comments?post=1289"}],"version-history":[{"count":5,"href":"https:\/\/regeszet.bibl.u-szeged.hu\/index.php\/wp-json\/wp\/v2\/pages\/1289\/revisions"}],"predecessor-version":[{"id":1658,"href":"https:\/\/regeszet.bibl.u-szeged.hu\/index.php\/wp-json\/wp\/v2\/pages\/1289\/revisions\/1658"}],"up":[{"embeddable":true,"href":"https:\/\/regeszet.bibl.u-szeged.hu\/index.php\/wp-json\/wp\/v2\/pages\/231"}],"wp:attachment":[{"href":"https:\/\/regeszet.bibl.u-szeged.hu\/index.php\/wp-json\/wp\/v2\/media?parent=1289"}],"curies":[{"name":"wp","href":"https:\/\/api.w.org\/{rel}","templated":true}]}}