{"id":1340,"date":"2017-11-25T11:45:40","date_gmt":"2017-11-25T10:45:40","guid":{"rendered":"http:\/\/regeszet.bibl.u-szeged.hu\/?page_id=1340"},"modified":"2017-11-25T11:48:37","modified_gmt":"2017-11-25T10:48:37","slug":"fekete-maria","status":"publish","type":"page","link":"https:\/\/regeszet.bibl.u-szeged.hu\/index.php\/partiscon-tdk\/tdk-eloadasok\/2015-2016\/fekete-maria\/","title":{"rendered":"Fekete M\u00e1ria"},"content":{"rendered":"<p><strong>Interpretacto religiosa<\/strong><br \/>\nA Partiscon-TDK vend\u00e9ge Fekete M\u00e1ria<\/p>\n<p>Fekete M\u00e1ria, a p\u00e9csi egyetem nyugalmazott egyetemi docense a kora vaskori kultuszhelyekr\u0151l tartott el\u0151ad\u00e1st tansz\u00e9k\u00fcnk\u00f6n. A p\u00e9csi egyetem munkat\u00e1rsa kit\u00e9rt a szent helyek fogalm\u00e1nak a tiszt\u00e1z\u00e1s\u00e1ra, ismertette a kora vaskori kultuszokhoz k\u00f6thet\u0151 t\u00e1rgyakat, temetkez\u00e9si r\u00edtusokat.<\/p>\n<p>&nbsp;<\/p>\n<p><a href=\"http:\/\/regeszet.bibl.u-szeged.hu\/wp-content\/uploads\/2017\/11\/Plakat.jpg\"><img loading=\"lazy\" decoding=\"async\" class=\"aligncenter wp-image-1344 size-full\" src=\"http:\/\/regeszet.bibl.u-szeged.hu\/wp-content\/uploads\/2017\/11\/Plakat.jpg\" alt=\"\" width=\"427\" height=\"596\" \/><\/a><\/p>\n<p><a href=\"http:\/\/regeszet.bibl.u-szeged.hu\/wp-content\/uploads\/2017\/11\/13062475_492105760993175_7146966272110654249_n.jpg\"><img loading=\"lazy\" decoding=\"async\" class=\"aligncenter wp-image-1345\" src=\"http:\/\/regeszet.bibl.u-szeged.hu\/wp-content\/uploads\/2017\/11\/13062475_492105760993175_7146966272110654249_n.jpg\" alt=\"\" width=\"600\" height=\"399\" \/><\/a><\/p>\n<p><a href=\"http:\/\/regeszet.bibl.u-szeged.hu\/wp-content\/uploads\/2017\/11\/13087574_492105727659845_4559871773763286493_n.jpg\"><img loading=\"lazy\" decoding=\"async\" class=\"aligncenter wp-image-1346\" src=\"http:\/\/regeszet.bibl.u-szeged.hu\/wp-content\/uploads\/2017\/11\/13087574_492105727659845_4559871773763286493_n.jpg\" alt=\"\" width=\"600\" height=\"399\" \/><\/a><\/p>\n<p><a href=\"http:\/\/regeszet.bibl.u-szeged.hu\/wp-content\/uploads\/2017\/11\/13124518_492105707659847_3913065590508427868_n.jpg\"><img loading=\"lazy\" decoding=\"async\" class=\"aligncenter wp-image-1343\" src=\"http:\/\/regeszet.bibl.u-szeged.hu\/wp-content\/uploads\/2017\/11\/13124518_492105707659847_3913065590508427868_n.jpg\" alt=\"\" width=\"600\" height=\"399\" \/><\/a><\/p>\n","protected":false},"excerpt":{"rendered":"<p>Interpretacto religiosa A Partiscon-TDK vend\u00e9ge Fekete M\u00e1ria Fekete M\u00e1ria, a p\u00e9csi egyetem nyugalmazott egyetemi docense a kora vaskori kultuszhelyekr\u0151l tartott el\u0151ad\u00e1st tansz\u00e9k\u00fcnk\u00f6n. A p\u00e9csi egyetem munkat\u00e1rsa kit\u00e9rt a szent helyek fogalm\u00e1nak a tiszt\u00e1z\u00e1s\u00e1ra, ismertette a kora vaskori kultuszokhoz k\u00f6thet\u0151 t\u00e1rgyakat, temetkez\u00e9si r\u00edtusokat. &nbsp;<\/p>\n","protected":false},"author":1,"featured_media":0,"parent":231,"menu_order":7,"comment_status":"closed","ping_status":"closed","template":"","meta":{"footnotes":""},"class_list":["post-1340","page","type-page","status-publish","hentry"],"_links":{"self":[{"href":"https:\/\/regeszet.bibl.u-szeged.hu\/index.php\/wp-json\/wp\/v2\/pages\/1340","targetHints":{"allow":["GET"]}}],"collection":[{"href":"https:\/\/regeszet.bibl.u-szeged.hu\/index.php\/wp-json\/wp\/v2\/pages"}],"about":[{"href":"https:\/\/regeszet.bibl.u-szeged.hu\/index.php\/wp-json\/wp\/v2\/types\/page"}],"author":[{"embeddable":true,"href":"https:\/\/regeszet.bibl.u-szeged.hu\/index.php\/wp-json\/wp\/v2\/users\/1"}],"replies":[{"embeddable":true,"href":"https:\/\/regeszet.bibl.u-szeged.hu\/index.php\/wp-json\/wp\/v2\/comments?post=1340"}],"version-history":[{"count":4,"href":"https:\/\/regeszet.bibl.u-szeged.hu\/index.php\/wp-json\/wp\/v2\/pages\/1340\/revisions"}],"predecessor-version":[{"id":1349,"href":"https:\/\/regeszet.bibl.u-szeged.hu\/index.php\/wp-json\/wp\/v2\/pages\/1340\/revisions\/1349"}],"up":[{"embeddable":true,"href":"https:\/\/regeszet.bibl.u-szeged.hu\/index.php\/wp-json\/wp\/v2\/pages\/231"}],"wp:attachment":[{"href":"https:\/\/regeszet.bibl.u-szeged.hu\/index.php\/wp-json\/wp\/v2\/media?parent=1340"}],"curies":[{"name":"wp","href":"https:\/\/api.w.org\/{rel}","templated":true}]}}

Fekete Mária

<p><strong>Interpretacto religiosa</strong><br />
A Partiscon-TDK vendége Fekete Mária</p>
<p>Fekete Mária, a pécsi egyetem nyugalmazott egyetemi docense a kora vaskori kultuszhelyekről tartott előadást tanszékünkön. A pécsi egyetem munkatársa kitért a szent helyek fogalmának a tisztázására, ismertette a kora vaskori kultuszokhoz köthető tárgyakat, temetkezési rítusokat.</p>
<p>&nbsp;</p>
<p><a href="http://regeszet.bibl.u-szeged.hu/wp-content/uploads/2017/11/Plakat.jpg"><img loading="lazy" decoding="async" class="aligncenter wp-image-1344 size-full" src="http://regeszet.bibl.u-szeged.hu/wp-content/uploads/2017/11/Plakat.jpg" alt="" width="427" height="596" /></a></p>
<p><a href="http://regeszet.bibl.u-szeged.hu/wp-content/uploads/2017/11/13062475_492105760993175_7146966272110654249_n.jpg"><img loading="lazy" decoding="async" class="aligncenter wp-image-1345" src="http://regeszet.bibl.u-szeged.hu/wp-content/uploads/2017/11/13062475_492105760993175_7146966272110654249_n.jpg" alt="" width="600" height="399" /></a></p>
<p><a href="http://regeszet.bibl.u-szeged.hu/wp-content/uploads/2017/11/13087574_492105727659845_4559871773763286493_n.jpg"><img loading="lazy" decoding="async" class="aligncenter wp-image-1346" src="http://regeszet.bibl.u-szeged.hu/wp-content/uploads/2017/11/13087574_492105727659845_4559871773763286493_n.jpg" alt="" width="600" height="399" /></a></p>
<p><a href="http://regeszet.bibl.u-szeged.hu/wp-content/uploads/2017/11/13124518_492105707659847_3913065590508427868_n.jpg"><img loading="lazy" decoding="async" class="aligncenter wp-image-1343" src="http://regeszet.bibl.u-szeged.hu/wp-content/uploads/2017/11/13124518_492105707659847_3913065590508427868_n.jpg" alt="" width="600" height="399" /></a></p>

<p>Interpretacto religiosa A Partiscon-TDK vendége Fekete Mária Fekete Mária, a pécsi egyetem nyugalmazott egyetemi docense a kora vaskori kultuszhelyekről tartott előadást tanszékünkön. A pécsi egyetem munkatársa kitért a szent helyek fogalmának a tisztázására, ismertette a kora vaskori kultuszokhoz köthető tárgyakat, temetkezési rítusokat. &nbsp;</p>
