{"id":1417,"date":"2017-11-25T13:32:33","date_gmt":"2017-11-25T12:32:33","guid":{"rendered":"http:\/\/regeszet.bibl.u-szeged.hu\/?page_id=1417"},"modified":"2017-11-25T13:35:29","modified_gmt":"2017-11-25T12:35:29","slug":"2016-2017","status":"publish","type":"page","link":"https:\/\/regeszet.bibl.u-szeged.hu\/index.php\/partiscon-tdk\/mikulas-buli\/2016-2017\/","title":{"rendered":"2016\/2017"},"content":{"rendered":"<p><strong>Mikul\u00e1s buli a Sz\u00e9chenyi Caf\u00e9ban<\/strong><\/p>\n<p>2016. december 7-\u00e9n este a Partiscon di\u00e1kk\u00f6r lelkes tagjai nagy mulats\u00e1got rendeztek a tansz\u00e9k\u00fcnk oktat\u00f3i \u00e9s tanul\u00f3i sz\u00e1m\u00e1ra. A Mikul\u00e1s nev\u00e9vel f\u00e9mjelzett esten volt minden, ami j\u00f3: m\u00f3ka, kacag\u00e1s, vet\u00e9lked\u0151k, szaloncukor \u00e9s persze s\u00f6r elegend\u0151 mennyis\u00e9gben. Az \u00f6sszegy\u0171lt n\u00e9pet n\u00e9gy csapatra osztott\u00e1k, majd elkezd\u0151dhetett a j\u00e1t\u00e9k. A csapatoknak k\u00fcl\u00f6nb\u00f6z\u0151 feladatokban kellett helyt\u00e1llniuk, melyet a tan\u00e1ri kar \u00e1ltal alkotott zs\u0171ri pontozott. Az els\u0151 feladat nem volt m\u00e1s, mint hogy bek\u00f6t\u00f6tt szemmel kellett felismerni a leleteket, amin a csapatok tagjai eg\u00e9szen j\u00f3l szerepeltek. Kiss\u00e9 nagyobb falat volt sz\u00e1mukra a k\u00f6vetkez\u0151 feladat, amikor r\u00e9g\u00e9szeti fogalmakat kellett elmutogatniuk, \u00e1m legt\u00f6bben ezt is sikerrel teljes\u00edtett\u00e9k. A harmadik feladat sor\u00e1n viszont nem maradt torok sz\u00e1razon, ugyanis s\u00f6rt kellett legur\u00edtani versenyben. V\u00e9g\u00fcl a tansz\u00e9k log\u00f3j\u00e1t kellett \u00fajratervezni a felk\u00edn\u00e1lt eszk\u00f6z\u00f6k seg\u00edts\u00e9g\u00e9vel.<\/p>\n<p>&nbsp;<\/p>\n<div class=\"rgg-container\" data-rgg-id=\"1\">    <div class=\"rgg-imagegrid captions-title captions-effect-none \" data-rgg-id=\"1\">\n                    <a href=\"https:\/\/regeszet.bibl.u-szeged.hu\/wp-content\/uploads\/2017\/11\/mikul\u00e1sbuli.jpg\" data-rel=\"rgg\" rel=\"rgg\" title=\"\" class=\"rgg-disabled size-medium rgg-img\" data-src=\"https:\/\/regeszet.bibl.u-szeged.hu\/wp-content\/uploads\/2017\/11\/mikul\u00e1sbuli.jpg\" data-ratio=\"0.70666666666667\" data-height=\"300\" data-width=\"212\" aria-label=\"\">\n                            <\/a>\n                    <a href=\"https:\/\/regeszet.bibl.u-szeged.hu\/wp-content\/uploads\/2017\/11\/DSC0111.jpg\" data-rel=\"rgg\" rel=\"rgg\" title=\"\" class=\"rgg-disabled size-medium rgg-img\" data-src=\"https:\/\/regeszet.bibl.u-szeged.hu\/wp-content\/uploads\/2017\/11\/DSC0111.jpg\" data-ratio=\"1.5\" data-height=\"200\" data-width=\"300\" aria-label=\"\">\n                            <\/a>\n                    <a href=\"https:\/\/regeszet.bibl.u-szeged.hu\/wp-content\/uploads\/2017\/11\/DSC0098.jpg\" data-rel=\"rgg\" rel=\"rgg\" title=\"\" class=\"rgg-disabled size-medium rgg-img\" data-src=\"https:\/\/regeszet.bibl.u-szeged.hu\/wp-content\/uploads\/2017\/11\/DSC0098.jpg\" data-ratio=\"1.5075376884422\" data-height=\"199\" data-width=\"300\" aria-label=\"\">\n                            <\/a>\n                    <a href=\"https:\/\/regeszet.bibl.u-szeged.hu\/wp-content\/uploads\/2017\/11\/DSC0084.jpg\" data-rel=\"rgg\" rel=\"rgg\" title=\"\" class=\"rgg-disabled size-medium rgg-img\" data-src=\"https:\/\/regeszet.bibl.u-szeged.hu\/wp-content\/uploads\/2017\/11\/DSC0084.jpg\" data-ratio=\"1.5075376884422\" data-height=\"199\" data-width=\"300\" aria-label=\"\">\n                            <\/a>\n                    <a href=\"https:\/\/regeszet.bibl.u-szeged.hu\/wp-content\/uploads\/2017\/11\/DSC0087.jpg\" data-rel=\"rgg\" rel=\"rgg\" title=\"\" class=\"rgg-disabled size-medium rgg-img\" data-src=\"https:\/\/regeszet.bibl.u-szeged.hu\/wp-content\/uploads\/2017\/11\/DSC0087.jpg\" data-ratio=\"1.5075376884422\" data-height=\"199\" data-width=\"300\" aria-label=\"\">\n                            <\/a>\n                    <a href=\"https:\/\/regeszet.bibl.u-szeged.hu\/wp-content\/uploads\/2017\/11\/DSC0091.jpg\" data-rel=\"rgg\" rel=\"rgg\" title=\"\" class=\"rgg-disabled size-medium rgg-img\" data-src=\"https:\/\/regeszet.bibl.u-szeged.hu\/wp-content\/uploads\/2017\/11\/DSC0091.jpg\" data-ratio=\"1.5075376884422\" data-height=\"199\" data-width=\"300\" aria-label=\"\">\n                            <\/a>\n                    <a href=\"https:\/\/regeszet.bibl.u-szeged.hu\/wp-content\/uploads\/2017\/11\/DSC0065.jpg\" data-rel=\"rgg\" rel=\"rgg\" title=\"\" class=\"rgg-disabled size-medium rgg-img\" data-src=\"https:\/\/regeszet.bibl.u-szeged.hu\/wp-content\/uploads\/2017\/11\/DSC0065.jpg\" data-ratio=\"1.5075376884422\" data-height=\"199\" data-width=\"300\" aria-label=\"\">\n                            <\/a>\n                    <a href=\"https:\/\/regeszet.bibl.u-szeged.hu\/wp-content\/uploads\/2017\/11\/DSC0057.jpg\" data-rel=\"rgg\" rel=\"rgg\" title=\"\" class=\"rgg-disabled size-medium rgg-img\" data-src=\"https:\/\/regeszet.bibl.u-szeged.hu\/wp-content\/uploads\/2017\/11\/DSC0057.jpg\" data-ratio=\"1.5075376884422\" data-height=\"199\" data-width=\"300\" aria-label=\"\">\n                            <\/a>\n                    <a href=\"https:\/\/regeszet.bibl.u-szeged.hu\/wp-content\/uploads\/2017\/11\/DSC0049.jpg\" data-rel=\"rgg\" rel=\"rgg\" title=\"\" class=\"rgg-disabled size-medium rgg-img\" data-src=\"https:\/\/regeszet.bibl.u-szeged.hu\/wp-content\/uploads\/2017\/11\/DSC0049.jpg\" data-ratio=\"1.5075376884422\" data-height=\"199\" data-width=\"300\" aria-label=\"\">\n                            <\/a>\n                    <a href=\"https:\/\/regeszet.bibl.u-szeged.hu\/wp-content\/uploads\/2017\/11\/DSC0034.jpg\" data-rel=\"rgg\" rel=\"rgg\" title=\"\" class=\"rgg-disabled size-medium rgg-img\" data-src=\"https:\/\/regeszet.bibl.u-szeged.hu\/wp-content\/uploads\/2017\/11\/DSC0034.jpg\" data-ratio=\"1.5075376884422\" data-height=\"199\" data-width=\"300\" aria-label=\"\">\n                            <\/a>\n            <\/div>\n<\/div>\n","protected":false},"excerpt":{"rendered":"<p>Mikul\u00e1s buli a Sz\u00e9chenyi Caf\u00e9ban 2016. december 7-\u00e9n este a Partiscon di\u00e1kk\u00f6r lelkes tagjai nagy mulats\u00e1got rendeztek a tansz\u00e9k\u00fcnk oktat\u00f3i \u00e9s tanul\u00f3i sz\u00e1m\u00e1ra. A Mikul\u00e1s nev\u00e9vel f\u00e9mjelzett esten volt minden, ami j\u00f3: m\u00f3ka, kacag\u00e1s, vet\u00e9lked\u0151k, szaloncukor \u00e9s persze s\u00f6r elegend\u0151 mennyis\u00e9gben. Az \u00f6sszegy\u0171lt n\u00e9pet n\u00e9gy csapatra osztott\u00e1k, majd elkezd\u0151dhetett a j\u00e1t\u00e9k. A csapatoknak k\u00fcl\u00f6nb\u00f6z\u0151 feladatokban &hellip; <a href=\"https:\/\/regeszet.bibl.u-szeged.hu\/index.php\/partiscon-tdk\/mikulas-buli\/2016-2017\/\" class=\"more-link\"><span class=\"screen-reader-text\">2016\/2017<\/span> b\u0151vebben&#8230; <span class=\"meta-nav\">&rarr;<\/span><\/a><\/p>\n","protected":false},"author":1,"featured_media":0,"parent":217,"menu_order":1,"comment_status":"closed","ping_status":"closed","template":"","meta":{"footnotes":""},"class_list":["post-1417","page","type-page","status-publish","hentry"],"_links":{"self":[{"href":"https:\/\/regeszet.bibl.u-szeged.hu\/index.php\/wp-json\/wp\/v2\/pages\/1417","targetHints":{"allow":["GET"]}}],"collection":[{"href":"https:\/\/regeszet.bibl.u-szeged.hu\/index.php\/wp-json\/wp\/v2\/pages"}],"about":[{"href":"https:\/\/regeszet.bibl.u-szeged.hu\/index.php\/wp-json\/wp\/v2\/types\/page"}],"author":[{"embeddable":true,"href":"https:\/\/regeszet.bibl.u-szeged.hu\/index.php\/wp-json\/wp\/v2\/users\/1"}],"replies":[{"embeddable":true,"href":"https:\/\/regeszet.bibl.u-szeged.hu\/index.php\/wp-json\/wp\/v2\/comments?post=1417"}],"version-history":[{"count":4,"href":"https:\/\/regeszet.bibl.u-szeged.hu\/index.php\/wp-json\/wp\/v2\/pages\/1417\/revisions"}],"predecessor-version":[{"id":1422,"href":"https:\/\/regeszet.bibl.u-szeged.hu\/index.php\/wp-json\/wp\/v2\/pages\/1417\/revisions\/1422"}],"up":[{"embeddable":true,"href":"https:\/\/regeszet.bibl.u-szeged.hu\/index.php\/wp-json\/wp\/v2\/pages\/217"}],"wp:attachment":[{"href":"https:\/\/regeszet.bibl.u-szeged.hu\/index.php\/wp-json\/wp\/v2\/media?parent=1417"}],"curies":[{"name":"wp","href":"https:\/\/api.w.org\/{rel}","templated":true}]}}