{"id":156,"date":"2017-11-22T08:59:30","date_gmt":"2017-11-22T07:59:30","guid":{"rendered":"http:\/\/regeszet.bibl.u-szeged.hu\/?page_id=156"},"modified":"2017-11-25T08:53:01","modified_gmt":"2017-11-25T07:53:01","slug":"archeometria","status":"publish","type":"page","link":"https:\/\/regeszet.bibl.u-szeged.hu\/index.php\/kutatas\/tudomanyos-programok\/archeometria\/","title":{"rendered":"Archeometria"},"content":{"rendered":"<p>Tansz\u00e9k\u00fcnk\u00f6n a 2010-11-es tan\u00e9vben indult el az MA k\u00e9pz\u00e9s keretein bel\u00fcl az Archaeometriai Szakir\u00e1ny. A k\u00e9pz\u00e9s m\u00f3dszereinek kidolgoz\u00e1s\u00e1t\u00f3l kezdve szorosan egy\u00fcttm\u0171k\u00f6dt\u00fcnk a Term\u00e9szettudom\u00e1nyi kar t\u00f6bb tansz\u00e9k\u00e9vel, \u00edgy az \u00c1sv\u00e1nytani, Geok\u00e9miai \u00e9s K\u0151zettani, a Term\u00e9szet F\u00f6ldrajzi \u00e9s Geoinformatikai, a F\u00f6ld- \u00e9s \u0151sl\u00e9nytani, valamint az Embertani Tansz\u00e9kekkel, melyek az oktat\u00e1sban is szerepet v\u00e1llaltak.<\/p>\n<p>Ezzel olyan kutat\u00e1si \u00e9s oktat\u00e1si egys\u00e9g j\u00f6tt l\u00e9tre, mely rendelkezik mindazzal a szakmai kvalit\u00e1ssal, szellemi nyitotts\u00e1ggal \u00e9s laborat\u00f3riumi h\u00e1tt\u00e9rrel, amely az archaeometria oktat\u00e1sban n\u00e9lk\u00fcl\u00f6zhetetlen. Programunkhoz kezdett\u0151l fogva csatlakozott Dr. T\u00f3th M\u00e1ria MTA Csillag\u00e1szati \u00e9s F\u00f6ldtudom\u00e1nyi Kutat\u00f3k\u00f6zpont F\u00f6ldtani \u00e9s Geok\u00e9miai Int\u00e9zet, Dr. Szil\u00e1gyi Veronika MTA Energiatudom\u00e1nyi K\u00f6zpont kutat\u00f3ja, tov\u00e1bb\u00e1 Dr. G\u00f6m\u00f6ri J\u00e1nos, a hazai iparr\u00e9g\u00e9szeti kutat\u00e1sok vez\u00e9ralakja, \u00fajabban pedig Gryneus Andr\u00e1s \u00e9s T\u00f3th Bogl\u00e1rka, akik a dendrokronol\u00f3gi\u00e1val kapcsolatos ismereteket adj\u00e1k \u00e1t a hallgat\u00f3knak. A term\u00e9szettudom\u00e1nyos \u00e9s r\u00e9g\u00e9sz kutat\u00f3k \u00f6sszefog\u00e1s\u00e1val egy teljess\u00e9gre t\u00f6rekv\u0151, anyagtudom\u00e1nyi alap\u00fa archaeometriai k\u00e9pz\u00e9st tudtunk megval\u00f3s\u00edtani.<\/p>\n<p>A mesterk\u00e9pz\u00e9s \u00f3rarendj\u00e9t \u00fagy \u00e1ll\u00edtottuk \u00f6ssze, hogy abban az elsaj\u00e1t\u00edtand\u00f3 anyag egym\u00e1sra \u00e9p\u00fclj\u00f6n. Az els\u0151 f\u00e9l\u00e9vben <em>Term\u00e9szettudom\u00e1nyos alapismeretek, T\u00e1v\u00e9rz\u00e9kel\u00e9s s T\u00e9rinformatika, Bevezet\u00e9s az \u00e1sv\u00e1ny \u00e9s k\u0151zettanba<\/em>, valamint <em>R\u00e9g\u00e9szeti antropol\u00f3gia<\/em> kapott helyet. A m\u00e1sodikban <em>Exog\u00e9n geol\u00f3gi\u00e1t, vagyis Morfol\u00f3gi\u00e1t \u00e9s az \u00e9ghajlatt\u00f6rt\u00e9net r\u00e9g\u00e9szetben j\u00e1tszott szerep\u00e9t, Betemet\u0151 anyagok geok\u00e9mi\u00e1j\u00e1t, R\u00e9g\u00e9szeti geofizik\u00e1t tov\u00e1bb\u00e1 F\u00e1zis \u00e9s elemanalitik\u00e1t<\/em> tanulhatnak a hallgat\u00f3k. Ez ut\u00f3bbi t\u00e1rgyat csak a mi k\u00e9pz\u00e9s\u00fcnk keret\u00e9n bel\u00fcl saj\u00e1t\u00edthatj\u00e1k el. A harmadik f\u00e9l\u00e9vben <em>Archaeopetrogr\u00e1fia I., R\u00e9g\u00e9szeti geokronol\u00f3gia, Dendrokronol\u00f3gia, T\u00f6rt\u00e9neti koh\u00e1szati alapismeretek \u00e9s Paleopatol\u00f3gia<\/em> a tananyag. A negyedik f\u00e9l\u00e9vben <em>Eur\u00f3pa \u00e9s a K\u00e1rp\u00e1t-medence nyersanyaglel\u0151helyei, K\u00f6rnyezett\u00f6rt\u00e9neti rekonstrukci\u00f3, Archaeopetrogr\u00e1fia II. \u00e9s Archaeobotanik\u00e1t<\/em> hallgathatnak a szakir\u00e1nyt v\u00e1laszt\u00f3k.<\/p>\n<p>Tansz\u00e9k\u00fcnk\u00f6n nemcsak a mesterk\u00e9pz\u00e9sben, hanem az alapk\u00e9pz\u00e9sben is szerepel az archaeometria. A <em>Bevezet\u00e9s az archaeometri\u00e1ba<\/em> c\u00edm\u0171 tant\u00e1rgy keret\u00e9n bel\u00fcl a BA-s hallgat\u00f3k megismerkedhetnek e kutat\u00e1si ir\u00e1nyzat el\u0151zm\u00e9nyeivel, jelent\u0151s\u00e9g\u00e9vel, k\u00e9pet kapnak a geoarchaeol\u00f3gi\u00e1r\u00f3l, archaeobotanik\u00e1r\u00f3l \u00e9s archaeozool\u00f3gi\u00e1r\u00f3l, a k\u00fcl\u00f6nf\u00e9le anyag \u00e9s szerkezeti vizsg\u00e1latokr\u00f3l, a term\u00e9szettudom\u00e1nyos korhat\u00e1roz\u00e1si m\u00f3dszerekr\u0151l, arr\u00f3l, hogy mi a t\u00e1v\u00e9rz\u00e9kel\u00e9s, \u00e9s ezt hogyan hasznos\u00edthatjuk a r\u00e9g\u00e9szetben stb.<\/p>\n","protected":false},"excerpt":{"rendered":"<p>Tansz\u00e9k\u00fcnk\u00f6n a 2010-11-es tan\u00e9vben indult el az MA k\u00e9pz\u00e9s keretein bel\u00fcl az Archaeometriai Szakir\u00e1ny. A k\u00e9pz\u00e9s m\u00f3dszereinek kidolgoz\u00e1s\u00e1t\u00f3l kezdve szorosan egy\u00fcttm\u0171k\u00f6dt\u00fcnk a Term\u00e9szettudom\u00e1nyi kar t\u00f6bb tansz\u00e9k\u00e9vel, \u00edgy az \u00c1sv\u00e1nytani, Geok\u00e9miai \u00e9s K\u0151zettani, a Term\u00e9szet F\u00f6ldrajzi \u00e9s Geoinformatikai, a F\u00f6ld- \u00e9s \u0151sl\u00e9nytani, valamint az Embertani Tansz\u00e9kekkel, melyek az oktat\u00e1sban is szerepet v\u00e1llaltak. Ezzel olyan kutat\u00e1si \u00e9s &hellip; <a href=\"https:\/\/regeszet.bibl.u-szeged.hu\/index.php\/kutatas\/tudomanyos-programok\/archeometria\/\" class=\"more-link\"><span class=\"screen-reader-text\">Archeometria<\/span> b\u0151vebben&#8230; <span class=\"meta-nav\">&rarr;<\/span><\/a><\/p>\n","protected":false},"author":1,"featured_media":0,"parent":125,"menu_order":4,"comment_status":"closed","ping_status":"closed","template":"","meta":{"footnotes":""},"class_list":["post-156","page","type-page","status-publish","hentry"],"_links":{"self":[{"href":"https:\/\/regeszet.bibl.u-szeged.hu\/index.php\/wp-json\/wp\/v2\/pages\/156","targetHints":{"allow":["GET"]}}],"collection":[{"href":"https:\/\/regeszet.bibl.u-szeged.hu\/index.php\/wp-json\/wp\/v2\/pages"}],"about":[{"href":"https:\/\/regeszet.bibl.u-szeged.hu\/index.php\/wp-json\/wp\/v2\/types\/page"}],"author":[{"embeddable":true,"href":"https:\/\/regeszet.bibl.u-szeged.hu\/index.php\/wp-json\/wp\/v2\/users\/1"}],"replies":[{"embeddable":true,"href":"https:\/\/regeszet.bibl.u-szeged.hu\/index.php\/wp-json\/wp\/v2\/comments?post=156"}],"version-history":[{"count":3,"href":"https:\/\/regeszet.bibl.u-szeged.hu\/index.php\/wp-json\/wp\/v2\/pages\/156\/revisions"}],"predecessor-version":[{"id":1122,"href":"https:\/\/regeszet.bibl.u-szeged.hu\/index.php\/wp-json\/wp\/v2\/pages\/156\/revisions\/1122"}],"up":[{"embeddable":true,"href":"https:\/\/regeszet.bibl.u-szeged.hu\/index.php\/wp-json\/wp\/v2\/pages\/125"}],"wp:attachment":[{"href":"https:\/\/regeszet.bibl.u-szeged.hu\/index.php\/wp-json\/wp\/v2\/media?parent=156"}],"curies":[{"name":"wp","href":"https:\/\/api.w.org\/{rel}","templated":true}]}}