{"id":162,"date":"2017-11-22T09:01:15","date_gmt":"2017-11-22T08:01:15","guid":{"rendered":"http:\/\/regeszet.bibl.u-szeged.hu\/?page_id=162"},"modified":"2024-07-11T15:19:28","modified_gmt":"2024-07-11T13:19:28","slug":"honfoglalas-kori-corpus-sorozat","status":"publish","type":"page","link":"https:\/\/regeszet.bibl.u-szeged.hu\/index.php\/kutatas\/tudomanyos-programok\/honfoglalas-kori-corpus-sorozat\/","title":{"rendered":"Honfoglal\u00e1s kori corpus-sorozat"},"content":{"rendered":"<p><strong>Magyarorsz\u00e1g honfoglal\u00e1s kori \u00e9s kora \u00c1rp\u00e1d-kori s\u00edrleletei<\/strong><br \/>\n<strong>(\u201eKorpusz sorozat\u201d)<\/strong><\/p>\n<p>A honfoglal\u00e1s kor kutat\u00e1s\u00e1nak mindm\u00e1ig egyik legkomolyabb ad\u00f3ss\u00e1ga a magyarorsz\u00e1gi\u00a0 k\u00f6zgy\u0171jtem\u00e9nyekben megb\u00fav\u00f3, z\u00f6m\u00e9ben k\u00f6z\u00f6letlen vagy pontatlanul, esetleg elavult form\u00e1ban k\u00f6zz\u00e9tett 10\u201311. sz\u00e1zadi K\u00e1rp\u00e1t-medencei s\u00edrleletek teljess\u00e9gre t\u00f6rekv\u0151 feldolgoz\u00e1sa, illetve modern tudom\u00e1nyos ig\u00e9nyeket kiel\u00e9g\u00edt\u0151 publik\u00e1l\u00e1sa. E forr\u00e1sszeg\u00e9ny id\u0151szak megismer\u00e9s\u00e9hez n\u00e9lk\u00fcl\u00f6zhetetlen a r\u00e9g\u00e9szeti leletanyag vizsg\u00e1lata. A 10. sz\u00e1zad a magyar n\u00e9p t\u00f6rt\u00e9net\u00e9nek sorsford\u00edt\u00f3 id\u0151szaka. Ekkor t\u00f6rt\u00e9nt n\u00e9p\u00fcnknek az \u00faj \u00e9s v\u00e9gleges haza f\u00f6ldj\u00e9re t\u00f6rt\u00e9n\u0151 bek\u00f6lt\u00f6z\u00e9se, s annak a politikai, gazdas\u00e1gi \u00e9s t\u00e1rsadalmi szervezetnek a kialak\u00edt\u00e1sa, melynek seg\u00edts\u00e9g\u00e9vel lehet\u0151v\u00e9 v\u00e1lt az ezredfordul\u00f3n a kereszt\u00e9ny magyar \u00e1llam megalap\u00edt\u00e1sa. E folyamatok megismer\u00e9s\u00e9hez n\u00e9lk\u00fcl\u00f6zhetetlen azok hagyat\u00e9k\u00e1nak megismer\u00e9se, akik az esem\u00e9nyek r\u00e9sztvev\u0151i \u00e9s alak\u00edt\u00f3i voltak. A korszakra vonatkoz\u00f3 alapkutat\u00e1sokat \u00e9s az anyagk\u00f6zl\u0151 publik\u00e1ci\u00f3kat k\u00f6z\u00e9p-eur\u00f3pai szomsz\u00e9daink z\u00f6me elv\u00e9gezte. E komoly, ugyanakkor a korszak kutat\u00e1sa szempontj\u00e1b\u00f3l elengedhetetlen munka ig\u00e9nye m\u00e1r az 1960-as \u00e9vekben felmer\u00fclt, de a kezdeti lend\u00fclet gyorsan megt\u00f6rt. A Magyar Tudom\u00e1nyos Akad\u00e9mia R\u00e9g\u00e9szeti Bizotts\u00e1ga 1994-ben a munk\u00e1latok \u00fajraind\u00edt\u00e1s\u00e1ra tett javaslatot \u00e9s megb\u00edzta a Kov\u00e1cs L\u00e1szl\u00f3 (MTA BTK R\u00e9g\u00e9szeti Int\u00e9zet \u2013 Szegedi Tudom\u00e1nyegyetem) \u2013 R\u00e9v\u00e9sz L\u00e1szl\u00f3 (Magyar Nemzeti M\u00fazeum \u2013 Szegedi Tudom\u00e1nyegyetem) szerkeszt\u0151p\u00e1rost, hogy vegye k\u00e9zbe a v\u00e1llalkoz\u00e1st \u00e9s gyors\u00edtsa fel a kutat\u00e1s \u00e9s kiad\u00e1s folyamat\u00e1t. Ezzel a munka \u00fajra lend\u00fcletbe j\u00f6tt \u00e9s ennek eredm\u00e9nyek\u00e9nt napjainkig tizen\u00f6t k\u00f6tet k\u00e9sz\u00fclt el, az utols\u00f3 t\u00edz m\u00e1r a Szegedi Tudom\u00e1nyegyetem R\u00e9g\u00e9szeti Tansz\u00e9k\u00e9nek gondoz\u00e1s\u00e1ban:<\/p>\n<ol>\n<li>R\u00e9v\u00e9sz L\u00e1szl\u00f3: <em>A karosi honfoglal\u00e1s kori temet\u0151k. R\u00e9g\u00e9szeti adatok a Fels\u0151-Tisza-vid\u00e9k X. sz\u00e1zadi t\u00f6rt\u00e9net\u00e9hez.<\/em> Miskolc 1996.<\/li>\n<li>Kiss G\u00e1bor: <em>Vas megye 10\u201312. sz\u00e1zadi s\u00edr- \u00e9s kincsleletei.<\/em> Szombathely 2000.<\/li>\n<li>M. Nepper Ibolya: <em>Hajd\u00fa-Bihar megye 10\u201311. sz\u00e1zadi s\u00edrleletei I\u2013II.<\/em> Budapest \u2013 Debrecen 2002.<\/li>\n<li>Istv\u00e1novits Eszter: <em>A R\u00e9tk\u00f6z honfoglal\u00e1s \u00e9s kora \u00c1rp\u00e1d-kori eml\u00e9kanyaga.<\/em> Ny\u00edregyh\u00e1za \u2013 Budapest 2003.<\/li>\n<li>R\u00e9v\u00e9sz L\u00e1szl\u00f3: <em>Heves megye 10\u201311. sz\u00e1zadi temet\u0151i.<\/em> Budapest 2008.<\/li>\n<li>G\u00e1ll Erwin: <em>Az Erd\u00e9lyi-medence, a Partium \u00e9s a B\u00e1ns\u00e1g 10\u201311. sz\u00e1zadi temet\u0151i, sz\u00f3rv\u00e1ny- \u00e9s kincsleletei I\u2013II.<\/em> Szeged 2013<\/li>\n<li>T\u00f3th Anik\u00f3: <em>A ny\u00edri Mez\u0151s\u00e9g a 10\u201311. sz\u00e1zadban.<\/em> Szeged 2014.<\/li>\n<li>Horv\u00e1th Cipri\u00e1n: <em>Gy\u0151r \u00e9s Moson megy\u00e9k honfoglal\u00e1s \u00e9s kora \u00c1rp\u00e1d-kori temet\u0151i \u00e9s s\u00edrleletei.<\/em> Szeged 2015.<\/li>\n<li>Kov\u00e1cs L\u00e1szl\u00f3: <em>A Taktak\u00f6z 10\u201311. sz\u00e1zadi s\u00edr- \u00e9s sz\u00f3rv\u00e1nyleletei, valamint a tiszal\u00fac-sarkadi 11. sz\u00e1zadi temet\u0151.<\/em> Szeged 2015.<\/li>\n<li>Gallina Zsolt \u2013 Varga S\u00e1ndor: <em>A Duna-Tisza k\u00f6z\u00e9nek honfoglal\u00e1s \u00e9s kora \u00c1rp\u00e1d-kori temet\u0151i, s\u00edr- \u00e9s kincsleletei I. A Kalocsai-S\u00e1rk\u00f6z a 10\u201311. sz\u00e1zadban.<\/em> Szeged-Budapest 2016.<\/li>\n<li>Horv\u00e1th Cipri\u00e1n: <em>N\u00f3gr\u00e1d megye honfoglal\u00e1s \u00e9s kora \u00c1rp\u00e1d-kori temet\u0151i \u00e9s s\u00edrleletei.<\/em>\u00a0Szeged-Budapest 2019.<\/li>\n<li>Kov\u00e1cs L\u00e1szl\u00f3:\u00a0<em>Magyarhomorog-K\u00f3nya-domb 10. sz\u00e1zadi sz\u00e1ll\u00e1si \u00e9s 11\u201312. sz\u00e1zadi falusi temet\u0151je<\/em>. Szeged-Budapest 2019.<\/li>\n<li>R\u00e9v\u00e9sz L\u00e1szl\u00f3: <em>A 10\u201211. sz\u00e1zadi temet\u0151k region\u00e1lis jellemz\u0151i a Keleti-K\u00e1rp\u00e1tokt\u00f3l a Dun\u00e1ig<\/em>. Szeged-Budapest 2020.<\/li>\n<li>Horv\u00e1th Cipri\u00e1n: <em>Borsod, Aba\u00faj \u00e9s Zempl\u00e9n megy\u00e9k honfoglal\u00e1s \u00e9s kora \u00c1rp\u00e1d-kori temet\u0151i \u00e9s s\u00edrleletei<\/em>. Szeged-Budapest 2020.<\/li>\n<li>Szigeti Judit: <em>Halimba-Cseres honfoglal\u00e1s \u00e9s kora \u00c1rp\u00e1d-kori temet\u0151<\/em>. Szeged-Budapest 2023.<\/li>\n<\/ol>\n<p><a href=\"http:\/\/regeszet.bibl.u-szeged.hu\/wp-content\/uploads\/2024\/07\/corpusok_2024.jpg\"><img loading=\"lazy\" decoding=\"async\" class=\"aligncenter size-full wp-image-6628\" src=\"http:\/\/regeszet.bibl.u-szeged.hu\/wp-content\/uploads\/2024\/07\/corpusok_2024.jpg\" alt=\"\" width=\"2480\" height=\"1937\" srcset=\"https:\/\/regeszet.bibl.u-szeged.hu\/wp-content\/uploads\/2024\/07\/corpusok_2024.jpg 2480w, https:\/\/regeszet.bibl.u-szeged.hu\/wp-content\/uploads\/2024\/07\/corpusok_2024-300x234.jpg 300w, https:\/\/regeszet.bibl.u-szeged.hu\/wp-content\/uploads\/2024\/07\/corpusok_2024-1024x800.jpg 1024w, https:\/\/regeszet.bibl.u-szeged.hu\/wp-content\/uploads\/2024\/07\/corpusok_2024-768x600.jpg 768w, https:\/\/regeszet.bibl.u-szeged.hu\/wp-content\/uploads\/2024\/07\/corpusok_2024-1536x1200.jpg 1536w, https:\/\/regeszet.bibl.u-szeged.hu\/wp-content\/uploads\/2024\/07\/corpusok_2024-2048x1600.jpg 2048w\" sizes=\"auto, (max-width: 2480px) 100vw, 2480px\" \/><\/a><\/p>\n","protected":false},"excerpt":{"rendered":"<p>Magyarorsz\u00e1g honfoglal\u00e1s kori \u00e9s kora \u00c1rp\u00e1d-kori s\u00edrleletei (\u201eKorpusz sorozat\u201d) A honfoglal\u00e1s kor kutat\u00e1s\u00e1nak mindm\u00e1ig egyik legkomolyabb ad\u00f3ss\u00e1ga a magyarorsz\u00e1gi\u00a0 k\u00f6zgy\u0171jtem\u00e9nyekben megb\u00fav\u00f3, z\u00f6m\u00e9ben k\u00f6z\u00f6letlen vagy pontatlanul, esetleg elavult form\u00e1ban k\u00f6zz\u00e9tett 10\u201311. sz\u00e1zadi K\u00e1rp\u00e1t-medencei s\u00edrleletek teljess\u00e9gre t\u00f6rekv\u0151 feldolgoz\u00e1sa, illetve modern tudom\u00e1nyos ig\u00e9nyeket kiel\u00e9g\u00edt\u0151 publik\u00e1l\u00e1sa. E forr\u00e1sszeg\u00e9ny id\u0151szak megismer\u00e9s\u00e9hez n\u00e9lk\u00fcl\u00f6zhetetlen a r\u00e9g\u00e9szeti leletanyag vizsg\u00e1lata. A 10. sz\u00e1zad a &hellip; <a href=\"https:\/\/regeszet.bibl.u-szeged.hu\/index.php\/kutatas\/tudomanyos-programok\/honfoglalas-kori-corpus-sorozat\/\" class=\"more-link\"><span class=\"screen-reader-text\">Honfoglal\u00e1s kori corpus-sorozat<\/span> b\u0151vebben&#8230; <span class=\"meta-nav\">&rarr;<\/span><\/a><\/p>\n","protected":false},"author":1,"featured_media":0,"parent":125,"menu_order":7,"comment_status":"closed","ping_status":"closed","template":"","meta":{"footnotes":""},"class_list":["post-162","page","type-page","status-publish","hentry"],"_links":{"self":[{"href":"https:\/\/regeszet.bibl.u-szeged.hu\/index.php\/wp-json\/wp\/v2\/pages\/162","targetHints":{"allow":["GET"]}}],"collection":[{"href":"https:\/\/regeszet.bibl.u-szeged.hu\/index.php\/wp-json\/wp\/v2\/pages"}],"about":[{"href":"https:\/\/regeszet.bibl.u-szeged.hu\/index.php\/wp-json\/wp\/v2\/types\/page"}],"author":[{"embeddable":true,"href":"https:\/\/regeszet.bibl.u-szeged.hu\/index.php\/wp-json\/wp\/v2\/users\/1"}],"replies":[{"embeddable":true,"href":"https:\/\/regeszet.bibl.u-szeged.hu\/index.php\/wp-json\/wp\/v2\/comments?post=162"}],"version-history":[{"count":13,"href":"https:\/\/regeszet.bibl.u-szeged.hu\/index.php\/wp-json\/wp\/v2\/pages\/162\/revisions"}],"predecessor-version":[{"id":6630,"href":"https:\/\/regeszet.bibl.u-szeged.hu\/index.php\/wp-json\/wp\/v2\/pages\/162\/revisions\/6630"}],"up":[{"embeddable":true,"href":"https:\/\/regeszet.bibl.u-szeged.hu\/index.php\/wp-json\/wp\/v2\/pages\/125"}],"wp:attachment":[{"href":"https:\/\/regeszet.bibl.u-szeged.hu\/index.php\/wp-json\/wp\/v2\/media?parent=162"}],"curies":[{"name":"wp","href":"https:\/\/api.w.org\/{rel}","templated":true}]}}