{"id":2116,"date":"2018-02-06T22:57:34","date_gmt":"2018-02-06T21:57:34","guid":{"rendered":"http:\/\/regeszet.bibl.u-szeged.hu\/?page_id=2116"},"modified":"2018-04-14T15:55:41","modified_gmt":"2018-04-14T13:55:41","slug":"2017-2018-3","status":"publish","type":"page","link":"https:\/\/regeszet.bibl.u-szeged.hu\/index.php\/2017-2018-3\/","title":{"rendered":"2017\/2018"},"content":{"rendered":"<p style=\"text-align: justify;\">A tansz\u00e9ki Farsang \u00fcnneps\u00e9gre febru\u00e1r 21-\u00e9n ker\u00fclt sor a Plazt nev\u0171 helyen, ahol egy k\u00fcl\u00f6n helyis\u00e9g \u00e1llt rendelkez\u00e9s\u00fcnkre. A szervez\u0151k eg\u00e9szen \u00fajszer\u0171 feladatokkal k\u00e9sz\u00fcltek, amelyek l\u00e1that\u00f3an nagy sikert arattak a r\u00e9sztvev\u0151k k\u00f6r\u00e9ben. J\u00f3 hangulatban telt a r\u00e9g\u00e9sz activity, a r\u00e9g\u00e9szet tematik\u00e1j\u00fa \u00f3da\u00edr\u00e1s, illetve az a feladat is, amiben tan\u00e1raink hangj\u00e1t kellett felismern\u00fcnk. A tombol\u00e1n nem csak \u00e9rt\u00e9kes, hanem nagyon szellemes aj\u00e1nd\u00e9kokat lehetett megnyerni: a din\u00f3s h\u0171t\u0151m\u00e1gnesekt\u0151l kezdve az \u00e1sat\u00e1si felszerel\u00e9sen \u00e1t a r\u00e9g\u00e9szeti szakk\u00f6nyvekig.<br \/>\nK\u00f6sz\u00f6nj\u00fck a szervez\u0151knek!<\/p>\n<div class=\"rgg-container\" data-rgg-id=\"1\">    <div class=\"rgg-imagegrid captions-title captions-effect-none \" data-rgg-id=\"1\">\n                    <a href=\"https:\/\/regeszet.bibl.u-szeged.hu\/wp-content\/uploads\/2018\/04\/farsang1.jpg\" data-rel=\"rgg\" rel=\"rgg\" title=\"\" class=\"rgg-disabled size-medium rgg-img\" data-src=\"https:\/\/regeszet.bibl.u-szeged.hu\/wp-content\/uploads\/2018\/04\/farsang1.jpg\" data-ratio=\"1.5075376884422\" data-height=\"199\" data-width=\"300\" aria-label=\"\">\n                            <\/a>\n                    <a href=\"https:\/\/regeszet.bibl.u-szeged.hu\/wp-content\/uploads\/2018\/04\/farsang2.jpg\" data-rel=\"rgg\" rel=\"rgg\" title=\"\" class=\"rgg-disabled size-medium rgg-img\" data-src=\"https:\/\/regeszet.bibl.u-szeged.hu\/wp-content\/uploads\/2018\/04\/farsang2.jpg\" data-ratio=\"1.5075376884422\" data-height=\"199\" data-width=\"300\" aria-label=\"\">\n                            <\/a>\n                    <a href=\"https:\/\/regeszet.bibl.u-szeged.hu\/wp-content\/uploads\/2018\/04\/farsang3.jpg\" data-rel=\"rgg\" rel=\"rgg\" title=\"\" class=\"rgg-disabled size-medium rgg-img\" data-src=\"https:\/\/regeszet.bibl.u-szeged.hu\/wp-content\/uploads\/2018\/04\/farsang3.jpg\" data-ratio=\"1.5075376884422\" data-height=\"199\" data-width=\"300\" aria-label=\"\">\n                            <\/a>\n                    <a href=\"https:\/\/regeszet.bibl.u-szeged.hu\/wp-content\/uploads\/2018\/04\/farsang4.jpg\" data-rel=\"rgg\" rel=\"rgg\" title=\"\" class=\"rgg-disabled size-medium rgg-img\" data-src=\"https:\/\/regeszet.bibl.u-szeged.hu\/wp-content\/uploads\/2018\/04\/farsang4.jpg\" data-ratio=\"1.5075376884422\" data-height=\"199\" data-width=\"300\" aria-label=\"\">\n                            <\/a>\n                    <a href=\"https:\/\/regeszet.bibl.u-szeged.hu\/wp-content\/uploads\/2018\/04\/farsang5.jpg\" data-rel=\"rgg\" rel=\"rgg\" title=\"\" class=\"rgg-disabled size-medium rgg-img\" data-src=\"https:\/\/regeszet.bibl.u-szeged.hu\/wp-content\/uploads\/2018\/04\/farsang5.jpg\" data-ratio=\"1.5075376884422\" data-height=\"199\" data-width=\"300\" aria-label=\"\">\n                            <\/a>\n            <\/div>\n<\/div>\n","protected":false},"excerpt":{"rendered":"<p>A tansz\u00e9ki Farsang \u00fcnneps\u00e9gre febru\u00e1r 21-\u00e9n ker\u00fclt sor a Plazt nev\u0171 helyen, ahol egy k\u00fcl\u00f6n helyis\u00e9g \u00e1llt rendelkez\u00e9s\u00fcnkre. A szervez\u0151k eg\u00e9szen \u00fajszer\u0171 feladatokkal k\u00e9sz\u00fcltek, amelyek l\u00e1that\u00f3an nagy sikert arattak a r\u00e9sztvev\u0151k k\u00f6r\u00e9ben. J\u00f3 hangulatban telt a r\u00e9g\u00e9sz activity, a r\u00e9g\u00e9szet tematik\u00e1j\u00fa \u00f3da\u00edr\u00e1s, illetve az a feladat is, amiben tan\u00e1raink hangj\u00e1t kellett felismern\u00fcnk. A tombol\u00e1n nem &hellip; <a href=\"https:\/\/regeszet.bibl.u-szeged.hu\/index.php\/2017-2018-3\/\" class=\"more-link\"><span class=\"screen-reader-text\">2017\/2018<\/span> b\u0151vebben&#8230; <span class=\"meta-nav\">&rarr;<\/span><\/a><\/p>\n","protected":false},"author":1,"featured_media":0,"parent":0,"menu_order":0,"comment_status":"closed","ping_status":"closed","template":"","meta":{"footnotes":""},"class_list":["post-2116","page","type-page","status-publish","hentry"],"_links":{"self":[{"href":"https:\/\/regeszet.bibl.u-szeged.hu\/index.php\/wp-json\/wp\/v2\/pages\/2116","targetHints":{"allow":["GET"]}}],"collection":[{"href":"https:\/\/regeszet.bibl.u-szeged.hu\/index.php\/wp-json\/wp\/v2\/pages"}],"about":[{"href":"https:\/\/regeszet.bibl.u-szeged.hu\/index.php\/wp-json\/wp\/v2\/types\/page"}],"author":[{"embeddable":true,"href":"https:\/\/regeszet.bibl.u-szeged.hu\/index.php\/wp-json\/wp\/v2\/users\/1"}],"replies":[{"embeddable":true,"href":"https:\/\/regeszet.bibl.u-szeged.hu\/index.php\/wp-json\/wp\/v2\/comments?post=2116"}],"version-history":[{"count":3,"href":"https:\/\/regeszet.bibl.u-szeged.hu\/index.php\/wp-json\/wp\/v2\/pages\/2116\/revisions"}],"predecessor-version":[{"id":2246,"href":"https:\/\/regeszet.bibl.u-szeged.hu\/index.php\/wp-json\/wp\/v2\/pages\/2116\/revisions\/2246"}],"wp:attachment":[{"href":"https:\/\/regeszet.bibl.u-szeged.hu\/index.php\/wp-json\/wp\/v2\/media?parent=2116"}],"curies":[{"name":"wp","href":"https:\/\/api.w.org\/{rel}","templated":true}]}}