{"id":2591,"date":"2019-02-14T12:53:52","date_gmt":"2019-02-14T11:53:52","guid":{"rendered":"http:\/\/regeszet.bibl.u-szeged.hu\/?page_id=2591"},"modified":"2026-03-18T15:19:27","modified_gmt":"2026-03-18T14:19:27","slug":"racz-rita","status":"publish","type":"page","link":"https:\/\/regeszet.bibl.u-szeged.hu\/index.php\/munkatarsak\/phd-hallgatoink\/racz-rita\/","title":{"rendered":"Hergott-R\u00e1cz Rita"},"content":{"rendered":"<p><strong><a href=\"http:\/\/regeszet.bibl.u-szeged.hu\/wp-content\/uploads\/2019\/02\/Racz-Rita.jpg\"><img loading=\"lazy\" decoding=\"async\" class=\"alignright wp-image-2589\" src=\"http:\/\/regeszet.bibl.u-szeged.hu\/wp-content\/uploads\/2019\/02\/Racz-Rita.jpg\" alt=\"\" width=\"250\" height=\"259\" \/><\/a>Doktori iskola, doktori program<\/strong>:\u00a0SZTE BTK T\u00f6rt\u00e9nettudom\u00e1nyi Iskola, Medievisztika Program, R\u00e9g\u00e9szet szakir\u00e1ny<\/p>\n<p><strong>V\u00e9gzetts\u00e9g<\/strong>: r\u00e9g\u00e9sz<\/p>\n<p><strong>Munkahely<\/strong>:\u00a0M\u00f3ra Ferenc M\u00fazeum, Szeged<\/p>\n<p><strong>Kutat\u00e1si ter\u00fclet<\/strong>:\u00a0Kr. u. 6. sz\u00e1zadi germ\u00e1n n\u0151i viselet<\/p>\n<p><strong>E-mail<\/strong>:\u00a0raczrita02@gmail.com<\/p>\n<p><strong>Linkek<\/strong>:<br \/>\n<a href=\"http:\/\/regeszet.bibl.u-szeged.hu\/wp-content\/uploads\/2019\/02\/Racz-Rita_szakmai-oneletrajz.pdf\" target=\"_blank\" rel=\"noopener\">Szakmai \u00f6n\u00e9letrajz<\/a><br \/>\n<a href=\"https:\/\/m2.mtmt.hu\/gui2\/?type=authors&amp;mode=browse&amp;sel=10064906\" target=\"_blank\" rel=\"noopener\">Publik\u00e1ci\u00f3k<\/a><\/p>\n","protected":false},"excerpt":{"rendered":"<p>Doktori iskola, doktori program:\u00a0SZTE BTK T\u00f6rt\u00e9nettudom\u00e1nyi Iskola, Medievisztika Program, R\u00e9g\u00e9szet szakir\u00e1ny V\u00e9gzetts\u00e9g: r\u00e9g\u00e9sz Munkahely:\u00a0M\u00f3ra Ferenc M\u00fazeum, Szeged Kutat\u00e1si ter\u00fclet:\u00a0Kr. u. 6. sz\u00e1zadi germ\u00e1n n\u0151i viselet E-mail:\u00a0raczrita02@gmail.com Linkek: Szakmai \u00f6n\u00e9letrajz Publik\u00e1ci\u00f3k<\/p>\n","protected":false},"author":1,"featured_media":0,"parent":106,"menu_order":9,"comment_status":"closed","ping_status":"closed","template":"","meta":{"footnotes":""},"class_list":["post-2591","page","type-page","status-publish","hentry"],"_links":{"self":[{"href":"https:\/\/regeszet.bibl.u-szeged.hu\/index.php\/wp-json\/wp\/v2\/pages\/2591","targetHints":{"allow":["GET"]}}],"collection":[{"href":"https:\/\/regeszet.bibl.u-szeged.hu\/index.php\/wp-json\/wp\/v2\/pages"}],"about":[{"href":"https:\/\/regeszet.bibl.u-szeged.hu\/index.php\/wp-json\/wp\/v2\/types\/page"}],"author":[{"embeddable":true,"href":"https:\/\/regeszet.bibl.u-szeged.hu\/index.php\/wp-json\/wp\/v2\/users\/1"}],"replies":[{"embeddable":true,"href":"https:\/\/regeszet.bibl.u-szeged.hu\/index.php\/wp-json\/wp\/v2\/comments?post=2591"}],"version-history":[{"count":6,"href":"https:\/\/regeszet.bibl.u-szeged.hu\/index.php\/wp-json\/wp\/v2\/pages\/2591\/revisions"}],"predecessor-version":[{"id":7189,"href":"https:\/\/regeszet.bibl.u-szeged.hu\/index.php\/wp-json\/wp\/v2\/pages\/2591\/revisions\/7189"}],"up":[{"embeddable":true,"href":"https:\/\/regeszet.bibl.u-szeged.hu\/index.php\/wp-json\/wp\/v2\/pages\/106"}],"wp:attachment":[{"href":"https:\/\/regeszet.bibl.u-szeged.hu\/index.php\/wp-json\/wp\/v2\/media?parent=2591"}],"curies":[{"name":"wp","href":"https:\/\/api.w.org\/{rel}","templated":true}]}}