{"id":2599,"date":"2019-02-14T13:04:01","date_gmt":"2019-02-14T12:04:01","guid":{"rendered":"http:\/\/regeszet.bibl.u-szeged.hu\/?page_id=2599"},"modified":"2019-02-27T00:43:31","modified_gmt":"2019-02-26T23:43:31","slug":"racz-rita","status":"publish","type":"page","link":"https:\/\/regeszet.bibl.u-szeged.hu\/index.php\/tehetseggondozas\/unkp\/racz-rita\/","title":{"rendered":"R\u00e1cz Rita"},"content":{"rendered":"<p><strong>P\u00e1ly\u00e1zat \u00e1ltal \u00e9rintett id\u0151intervallum<\/strong>: 2017\/2018-as tan\u00e9v<\/p>\n<p><strong>Kutat\u00e1s t\u00e9m\u00e1ja<\/strong>:\u00a0A langobard n\u0151i viselet v\u00e1ltoz\u00e1sa a K\u00e1rp\u00e1t-medence nyugati fel\u00e9ben a Kr. u. 6. sz\u00e1zadban<\/p>\n<p><strong>T\u00e9mavezet\u0151<\/strong>: Dr. B. T\u00f3th \u00c1gnes<\/p>\n<p><strong>\u00d6sszefoglal\u00f3<\/strong>:\u00a0Az \u00daNKP \u00e1ltal t\u00e1mogatott kutat\u00e1sban v\u00e1llalkoztam arra, hogy \u00f6sszegy\u0171jtsem a pannoniai langobard kori n\u0151i temetkez\u00e9seket, viszont kutat\u00e1si ter\u00fcletem kib\u0151v\u00fclt K\u00f6z\u00e9p-Eur\u00f3pa teljes ter\u00fclet\u00e9re, a Cseh-Morva- \u00e9s K\u00e1rp\u00e1t-medenc\u00e9re \u00e9s a szlov\u00e9niai langobard temet\u0151kre. A K\u00e1rp\u00e1t-medenc\u00e9n k\u00edv\u00fcl es\u0151 ter\u00fcleten els\u0151dleges feladatom volt a kor\u00e1bbi, 5. sz\u00e1zadi \u00e9s korai t\u00fcring horizont elhat\u00e1rol\u00e1sa a langobard temetkez\u00e9sekt\u0151l. Maga a gy\u0171jt\u00e9s igen neh\u00e9zkesnek bizonyult k\u00e9t f\u0151 probl\u00e9ma miatt, az els\u0151 a h\u00e1rom j\u00f3l elk\u00fcl\u00f6n\u00fcl\u0151 sz\u00e1ll\u00e1ster\u00fcleten v\u00e9gbemen\u0151, elt\u00e9r\u0151 t\u00f6rtneti folyamatok \u00e9s ezek r\u00e9g\u00e9szeti \u00e9rtelmez\u00e9se, emellett a ter\u00fcltek kutatotts\u00e1g\u00e1nak m\u00e9rt\u00e9ke, amelyet az al\u00e1bbiakban r\u00e9szletesebben kifejtek. A m\u00e1sik f\u0151 probl\u00e9m\u00e1t a temet\u0151k rabolts\u00e1ga jelenti, amely egy-egy lel\u0151hely eset\u00e9ben 90\u2013100% ar\u00e1ny\u00fa. Ezzel a leletek viseletben bet\u00f6lt\u00f6tt szerepe, helyzete, a sz\u00e1muk \u00e9s kombin\u00e1ci\u00f3juk legt\u00f6bb esetben bizonytalan, vagy k\u00e9rd\u00e9ses. Ennek ellen\u00e9re semmik\u00e9ppen nem elhanyagoland\u00f3 a leletanyag vizsg\u00e1lata, tekintve, hogy sz\u00e1mos megv\u00e1laszolatlan k\u00e9rd\u00e9s v\u00e1r megold\u00e1sra a langobard kutat\u00e1sban.<\/p>\n<p>A Morva-medence \u00e9s Als\u00f3-Ausztria \u00e9szaki fel\u00e9ben 15 temet\u0151b\u0151l \u00f6sszesen 133 n\u0151i s\u00edr ker\u00fclt a gy\u0171jt\u00e9sbe. \u00d6sszesen 77 lel\u0151hely 408 n\u0151i s\u00edrj\u00e1t \u00e9s a s\u00edrokban l\u00e9v\u0151 \u00f6sszes viseleti elemet katalogiz\u00e1lnom, \u00e9s egy adatb\u00e1zisba felvinnem a leletekre vonatkoz\u00f3 inform\u00e1ci\u00f3kat. R\u00e9szletesebb feldolgoz\u00e1sra a fibul\u00e1k ker\u00fcltek a mesterszakos szakdolgozatom keret\u00e9n bel\u00fcl. Dolgozatomban egy K\u00f6z\u00e9p-Eur\u00f3pa t\u00e9rs\u00e9g\u00e9re kiterjed\u0151 tipokronol\u00f3gi\u00e1t pr\u00f3b\u00e1ltam l\u00e9trehozni: <em>Fibulat\u00edpusok a langobard kori Cseh\u2013Morva- \u00e9s K\u00e1rp\u00e1t- medenc\u00e9ben<\/em> (dr. B. T\u00f3th \u00c1gnes t\u00e9mavezet\u00e9s\u00e9vel).<\/p>\n<p><strong>Publik\u00e1ci\u00f3<\/strong>:<\/p>\n<p><em>Fibulat\u00edpusok a langobard kori Cseh\u2013Morva- \u00e9s K\u00e1rp\u00e1t- medenc\u00e9ben<\/em>. SZTE-BTK Szakdolgozat MA. K\u00e9zirat. Szeged 2018.<\/p>\n<p><strong>El\u0151ad\u00e1sok<\/strong>:<\/p>\n<ul>\n<li>2018. \u00e1prilis SZTE-BTK B\u00f6lcs\u00e9sz-feszt 2018. \u00e1prilis: <a href=\"http:\/\/www.arts.u-szeged.hu\/german-noi-divat\" target=\"_blank\" rel=\"noopener\">A germ\u00e1n n\u0151i divat v\u00e1ltoz\u00e1sa a Kr. u. 6. sz\u00e1zadban<\/a><\/li>\n<li>2018. okt\u00f3ber Hadak \u00datj\u00e1n XXVIII. A n\u00e9pv\u00e1ndorl\u00e1s kor fiatal kutat\u00f3inak konferenci\u00e1ja: Viseleti modellek a Cseh\u2013Morva- \u00e9s a K\u00e1rp\u00e1t medence langobard kor\u00e1ban c. el\u0151ad\u00e1s<\/li>\n<\/ul>\n<p><a href=\"http:\/\/regeszet.bibl.u-szeged.hu\/wp-content\/uploads\/2019\/02\/Langobard-noi-viselet.jpg\"><img loading=\"lazy\" decoding=\"async\" class=\"aligncenter wp-image-2598\" src=\"http:\/\/regeszet.bibl.u-szeged.hu\/wp-content\/uploads\/2019\/02\/Langobard-noi-viselet.jpg\" alt=\"\" width=\"300\" height=\"459\" \/><\/a><\/p>\n","protected":false},"excerpt":{"rendered":"<p>P\u00e1ly\u00e1zat \u00e1ltal \u00e9rintett id\u0151intervallum: 2017\/2018-as tan\u00e9v Kutat\u00e1s t\u00e9m\u00e1ja:\u00a0A langobard n\u0151i viselet v\u00e1ltoz\u00e1sa a K\u00e1rp\u00e1t-medence nyugati fel\u00e9ben a Kr. u. 6. sz\u00e1zadban T\u00e9mavezet\u0151: Dr. B. T\u00f3th \u00c1gnes \u00d6sszefoglal\u00f3:\u00a0Az \u00daNKP \u00e1ltal t\u00e1mogatott kutat\u00e1sban v\u00e1llalkoztam arra, hogy \u00f6sszegy\u0171jtsem a pannoniai langobard kori n\u0151i temetkez\u00e9seket, viszont kutat\u00e1si ter\u00fcletem kib\u0151v\u00fclt K\u00f6z\u00e9p-Eur\u00f3pa teljes ter\u00fclet\u00e9re, a Cseh-Morva- \u00e9s K\u00e1rp\u00e1t-medenc\u00e9re \u00e9s a szlov\u00e9niai &hellip; <a href=\"https:\/\/regeszet.bibl.u-szeged.hu\/index.php\/tehetseggondozas\/unkp\/racz-rita\/\" class=\"more-link\"><span class=\"screen-reader-text\">R\u00e1cz Rita<\/span> b\u0151vebben&#8230; <span class=\"meta-nav\">&rarr;<\/span><\/a><\/p>\n","protected":false},"author":1,"featured_media":0,"parent":2536,"menu_order":4,"comment_status":"closed","ping_status":"closed","template":"","meta":{"footnotes":""},"class_list":["post-2599","page","type-page","status-publish","hentry"],"_links":{"self":[{"href":"https:\/\/regeszet.bibl.u-szeged.hu\/index.php\/wp-json\/wp\/v2\/pages\/2599","targetHints":{"allow":["GET"]}}],"collection":[{"href":"https:\/\/regeszet.bibl.u-szeged.hu\/index.php\/wp-json\/wp\/v2\/pages"}],"about":[{"href":"https:\/\/regeszet.bibl.u-szeged.hu\/index.php\/wp-json\/wp\/v2\/types\/page"}],"author":[{"embeddable":true,"href":"https:\/\/regeszet.bibl.u-szeged.hu\/index.php\/wp-json\/wp\/v2\/users\/1"}],"replies":[{"embeddable":true,"href":"https:\/\/regeszet.bibl.u-szeged.hu\/index.php\/wp-json\/wp\/v2\/comments?post=2599"}],"version-history":[{"count":2,"href":"https:\/\/regeszet.bibl.u-szeged.hu\/index.php\/wp-json\/wp\/v2\/pages\/2599\/revisions"}],"predecessor-version":[{"id":2655,"href":"https:\/\/regeszet.bibl.u-szeged.hu\/index.php\/wp-json\/wp\/v2\/pages\/2599\/revisions\/2655"}],"up":[{"embeddable":true,"href":"https:\/\/regeszet.bibl.u-szeged.hu\/index.php\/wp-json\/wp\/v2\/pages\/2536"}],"wp:attachment":[{"href":"https:\/\/regeszet.bibl.u-szeged.hu\/index.php\/wp-json\/wp\/v2\/media?parent=2599"}],"curies":[{"name":"wp","href":"https:\/\/api.w.org\/{rel}","templated":true}]}}