{"id":263,"date":"2017-11-22T09:18:19","date_gmt":"2017-11-22T08:18:19","guid":{"rendered":"http:\/\/regeszet.bibl.u-szeged.hu\/?page_id=263"},"modified":"2017-11-25T13:21:25","modified_gmt":"2017-11-25T12:21:25","slug":"2014-2015","status":"publish","type":"page","link":"https:\/\/regeszet.bibl.u-szeged.hu\/index.php\/partiscon-tdk\/tanszeki-kirandulas\/2014-2015\/","title":{"rendered":"2014\/2015"},"content":{"rendered":"<p><strong>Tansz\u00e9ki kir\u00e1ndul\u00e1s Szatm\u00e1rn\u00e9metibe<\/strong><\/p>\n<p>2014. okt\u00f3ber 30\u201331. k\u00f6z\u00f6tt tansz\u00e9k\u00fcnk tanulm\u00e1nyi kir\u00e1ndul\u00e1st szervezett, melynek c\u00e9lja a Szatm\u00e1r Megyei M\u00fazeumban ki\u00e1ll\u00edtott, Rom\u00e1nia legh\u00edresebb arany \u00e9s ez\u00fcst kincsleleteit tartalmaz\u00f3 ki\u00e1ll\u00edt\u00e1s megtekint\u00e9se volt. Az utaz\u00e1s keretein bel\u00fcl Lakatos Attila nagyv\u00e1radi r\u00e9g\u00e9sz vezet\u00e9s\u00e9vel megtekintett\u00fck a nagyv\u00e1radi v\u00e1rat \u00e9s a ter\u00fclet\u00e9n foly\u00f3 \u00e1sat\u00e1st, valamint a R\u00f3mai Katolikus Bazilik\u00e1t. A kir\u00e1ndul\u00e1s m\u00e1sodik napj\u00e1n a ny\u00edregyh\u00e1zi J\u00f3sa Andr\u00e1s M\u00fazeum ki\u00e1ll\u00edt\u00e1sait n\u00e9zt\u00fck meg. Emellett az int\u00e9zm\u00e9ny r\u00e9g\u00e9szei, t\u00f6bbek k\u00f6z\u00f6tt Istv\u00e1novits Eszter, Jakab Attila \u00e9s N\u00e9meth P\u00e9ter korszakuknak megfelel\u0151en bemutatt\u00e1k a m\u00fazeum r\u00e9g\u00e9szeti gy\u0171jtem\u00e9ny\u00e9t. Majd a S\u00f3st\u00f3i M\u00fazeumfaluba l\u00e1togattunk el, ahol P\u00e1ll Istv\u00e1n tartott egy r\u00f6vid besz\u00e1mol\u00f3t a skanzenr\u0151l. A tansz\u00e9k oktat\u00f3i \u00e9s hallgat\u00f3i is magas sz\u00e1mban voltak jelen a programon.<\/p>\n<p style=\"text-align: right;\">Andr\u00e1si R\u00e9ka \u2013 M\u00e9sz\u00e1ros Bogl\u00e1rka \u2013 So\u00f3s Rita<\/p>\n<p>&nbsp;<\/p>\n<div class=\"rgg-container\" data-rgg-id=\"1\">    <div class=\"rgg-imagegrid captions-title captions-effect-none \" data-rgg-id=\"1\">\n                    <a href=\"https:\/\/regeszet.bibl.u-szeged.hu\/wp-content\/uploads\/2017\/11\/02-4.jpg\" data-rel=\"rgg\" rel=\"rgg\" title=\"\" class=\"rgg-disabled size-medium rgg-img\" data-src=\"https:\/\/regeszet.bibl.u-szeged.hu\/wp-content\/uploads\/2017\/11\/02-4.jpg\" data-ratio=\"1.5075376884422\" data-height=\"199\" data-width=\"300\" aria-label=\"\">\n                            <\/a>\n                    <a href=\"https:\/\/regeszet.bibl.u-szeged.hu\/wp-content\/uploads\/2017\/11\/05-4.jpg\" data-rel=\"rgg\" rel=\"rgg\" title=\"\" class=\"rgg-disabled size-medium rgg-img\" data-src=\"https:\/\/regeszet.bibl.u-szeged.hu\/wp-content\/uploads\/2017\/11\/05-4.jpg\" data-ratio=\"1.5075376884422\" data-height=\"199\" data-width=\"300\" aria-label=\"\">\n                            <\/a>\n                    <a href=\"https:\/\/regeszet.bibl.u-szeged.hu\/wp-content\/uploads\/2017\/11\/07-4.jpg\" data-rel=\"rgg\" rel=\"rgg\" title=\"\" class=\"rgg-disabled size-medium rgg-img\" data-src=\"https:\/\/regeszet.bibl.u-szeged.hu\/wp-content\/uploads\/2017\/11\/07-4.jpg\" data-ratio=\"1.5075376884422\" data-height=\"199\" data-width=\"300\" aria-label=\"\">\n                            <\/a>\n                    <a href=\"https:\/\/regeszet.bibl.u-szeged.hu\/wp-content\/uploads\/2017\/11\/20-1.jpg\" data-rel=\"rgg\" rel=\"rgg\" title=\"\" class=\"rgg-disabled size-medium rgg-img\" data-src=\"https:\/\/regeszet.bibl.u-szeged.hu\/wp-content\/uploads\/2017\/11\/20-1.jpg\" data-ratio=\"1.5075376884422\" data-height=\"199\" data-width=\"300\" aria-label=\"\">\n                            <\/a>\n                    <a href=\"https:\/\/regeszet.bibl.u-szeged.hu\/wp-content\/uploads\/2017\/11\/23-1.jpg\" data-rel=\"rgg\" rel=\"rgg\" title=\"\" class=\"rgg-disabled size-medium rgg-img\" data-src=\"https:\/\/regeszet.bibl.u-szeged.hu\/wp-content\/uploads\/2017\/11\/23-1.jpg\" data-ratio=\"1.5075376884422\" data-height=\"199\" data-width=\"300\" aria-label=\"\">\n                            <\/a>\n                    <a href=\"https:\/\/regeszet.bibl.u-szeged.hu\/wp-content\/uploads\/2017\/11\/24.jpg\" data-rel=\"rgg\" rel=\"rgg\" title=\"\" class=\"rgg-disabled size-medium rgg-img\" data-src=\"https:\/\/regeszet.bibl.u-szeged.hu\/wp-content\/uploads\/2017\/11\/24.jpg\" data-ratio=\"1.5075376884422\" data-height=\"199\" data-width=\"300\" aria-label=\"\">\n                            <\/a>\n                    <a href=\"https:\/\/regeszet.bibl.u-szeged.hu\/wp-content\/uploads\/2017\/11\/25.jpg\" data-rel=\"rgg\" rel=\"rgg\" title=\"\" class=\"rgg-disabled size-medium rgg-img\" data-src=\"https:\/\/regeszet.bibl.u-szeged.hu\/wp-content\/uploads\/2017\/11\/25.jpg\" data-ratio=\"1.6949152542373\" data-height=\"177\" data-width=\"300\" aria-label=\"\">\n                            <\/a>\n                    <a href=\"https:\/\/regeszet.bibl.u-szeged.hu\/wp-content\/uploads\/2017\/11\/30.jpg\" data-rel=\"rgg\" rel=\"rgg\" title=\"\" class=\"rgg-disabled size-medium rgg-img\" data-src=\"https:\/\/regeszet.bibl.u-szeged.hu\/wp-content\/uploads\/2017\/11\/30.jpg\" data-ratio=\"1.5075376884422\" data-height=\"199\" data-width=\"300\" aria-label=\"\">\n                            <\/a>\n            <\/div>\n<\/div>\n<p>&nbsp;<\/p>\n<p>Tov\u00e1bbi fot\u00f3k: <a href=\"https:\/\/www.facebook.com\/partiscontdk\/photos_stream\" target=\"_blank\" rel=\"noopener\">https:\/\/www.facebook.com\/partiscontdk\/photos_stream<\/a><\/p>\n","protected":false},"excerpt":{"rendered":"<p>Tansz\u00e9ki kir\u00e1ndul\u00e1s Szatm\u00e1rn\u00e9metibe 2014. okt\u00f3ber 30\u201331. k\u00f6z\u00f6tt tansz\u00e9k\u00fcnk tanulm\u00e1nyi kir\u00e1ndul\u00e1st szervezett, melynek c\u00e9lja a Szatm\u00e1r Megyei M\u00fazeumban ki\u00e1ll\u00edtott, Rom\u00e1nia legh\u00edresebb arany \u00e9s ez\u00fcst kincsleleteit tartalmaz\u00f3 ki\u00e1ll\u00edt\u00e1s megtekint\u00e9se volt. Az utaz\u00e1s keretein bel\u00fcl Lakatos Attila nagyv\u00e1radi r\u00e9g\u00e9sz vezet\u00e9s\u00e9vel megtekintett\u00fck a nagyv\u00e1radi v\u00e1rat \u00e9s a ter\u00fclet\u00e9n foly\u00f3 \u00e1sat\u00e1st, valamint a R\u00f3mai Katolikus Bazilik\u00e1t. A kir\u00e1ndul\u00e1s m\u00e1sodik napj\u00e1n &hellip; <a href=\"https:\/\/regeszet.bibl.u-szeged.hu\/index.php\/partiscon-tdk\/tanszeki-kirandulas\/2014-2015\/\" class=\"more-link\"><span class=\"screen-reader-text\">2014\/2015<\/span> b\u0151vebben&#8230; <span class=\"meta-nav\">&rarr;<\/span><\/a><\/p>\n","protected":false},"author":1,"featured_media":0,"parent":223,"menu_order":2,"comment_status":"closed","ping_status":"closed","template":"","meta":{"footnotes":""},"class_list":["post-263","page","type-page","status-publish","hentry"],"_links":{"self":[{"href":"https:\/\/regeszet.bibl.u-szeged.hu\/index.php\/wp-json\/wp\/v2\/pages\/263","targetHints":{"allow":["GET"]}}],"collection":[{"href":"https:\/\/regeszet.bibl.u-szeged.hu\/index.php\/wp-json\/wp\/v2\/pages"}],"about":[{"href":"https:\/\/regeszet.bibl.u-szeged.hu\/index.php\/wp-json\/wp\/v2\/types\/page"}],"author":[{"embeddable":true,"href":"https:\/\/regeszet.bibl.u-szeged.hu\/index.php\/wp-json\/wp\/v2\/users\/1"}],"replies":[{"embeddable":true,"href":"https:\/\/regeszet.bibl.u-szeged.hu\/index.php\/wp-json\/wp\/v2\/comments?post=263"}],"version-history":[{"count":3,"href":"https:\/\/regeszet.bibl.u-szeged.hu\/index.php\/wp-json\/wp\/v2\/pages\/263\/revisions"}],"predecessor-version":[{"id":1388,"href":"https:\/\/regeszet.bibl.u-szeged.hu\/index.php\/wp-json\/wp\/v2\/pages\/263\/revisions\/1388"}],"up":[{"embeddable":true,"href":"https:\/\/regeszet.bibl.u-szeged.hu\/index.php\/wp-json\/wp\/v2\/pages\/223"}],"wp:attachment":[{"href":"https:\/\/regeszet.bibl.u-szeged.hu\/index.php\/wp-json\/wp\/v2\/media?parent=263"}],"curies":[{"name":"wp","href":"https:\/\/api.w.org\/{rel}","templated":true}]}}

<p><strong>Tanszéki kirándulás Szatmárnémetibe</strong></p>
<p>2014. október 30–31. között tanszékünk tanulmányi kirándulást szervezett, melynek célja a Szatmár Megyei Múzeumban kiállított, Románia leghíresebb arany és ezüst kincsleleteit tartalmazó kiállítás megtekintése volt. Az utazás keretein belül Lakatos Attila nagyváradi régész vezetésével megtekintettük a nagyváradi várat és a területén folyó ásatást, valamint a Római Katolikus Bazilikát. A kirándulás második napján a nyíregyházi Jósa András Múzeum kiállításait néztük meg. Emellett az intézmény régészei, többek között Istvánovits Eszter, Jakab Attila és Németh Péter korszakuknak megfelelően bemutatták a múzeum régészeti gyűjteményét. Majd a Sóstói Múzeumfaluba látogattunk el, ahol Páll István tartott egy rövid beszámolót a skanzenről. A tanszék oktatói és hallgatói is magas számban voltak jelen a programon.</p>
<p style="text-align: right;">Andrási Réka – Mészáros Boglárka – Soós Rita</p>
<p>&nbsp;</p>
<div class="rgg-container" data-rgg-id="1">    <div class="rgg-imagegrid captions-title captions-effect-none " data-rgg-id="1">
                    <a href="https://regeszet.bibl.u-szeged.hu/wp-content/uploads/2017/11/02-4.jpg" data-rel="rgg" rel="rgg" title="" class="rgg-disabled size-medium rgg-img" data-src="https://regeszet.bibl.u-szeged.hu/wp-content/uploads/2017/11/02-4.jpg" data-ratio="1.5075376884422" data-height="199" data-width="300" aria-label="">
                            </a>
                    <a href="https://regeszet.bibl.u-szeged.hu/wp-content/uploads/2017/11/05-4.jpg" data-rel="rgg" rel="rgg" title="" class="rgg-disabled size-medium rgg-img" data-src="https://regeszet.bibl.u-szeged.hu/wp-content/uploads/2017/11/05-4.jpg" data-ratio="1.5075376884422" data-height="199" data-width="300" aria-label="">
                            </a>
                    <a href="https://regeszet.bibl.u-szeged.hu/wp-content/uploads/2017/11/07-4.jpg" data-rel="rgg" rel="rgg" title="" class="rgg-disabled size-medium rgg-img" data-src="https://regeszet.bibl.u-szeged.hu/wp-content/uploads/2017/11/07-4.jpg" data-ratio="1.5075376884422" data-height="199" data-width="300" aria-label="">
                            </a>
                    <a href="https://regeszet.bibl.u-szeged.hu/wp-content/uploads/2017/11/20-1.jpg" data-rel="rgg" rel="rgg" title="" class="rgg-disabled size-medium rgg-img" data-src="https://regeszet.bibl.u-szeged.hu/wp-content/uploads/2017/11/20-1.jpg" data-ratio="1.5075376884422" data-height="199" data-width="300" aria-label="">
                            </a>
                    <a href="https://regeszet.bibl.u-szeged.hu/wp-content/uploads/2017/11/23-1.jpg" data-rel="rgg" rel="rgg" title="" class="rgg-disabled size-medium rgg-img" data-src="https://regeszet.bibl.u-szeged.hu/wp-content/uploads/2017/11/23-1.jpg" data-ratio="1.5075376884422" data-height="199" data-width="300" aria-label="">
                            </a>
                    <a href="https://regeszet.bibl.u-szeged.hu/wp-content/uploads/2017/11/24.jpg" data-rel="rgg" rel="rgg" title="" class="rgg-disabled size-medium rgg-img" data-src="https://regeszet.bibl.u-szeged.hu/wp-content/uploads/2017/11/24.jpg" data-ratio="1.5075376884422" data-height="199" data-width="300" aria-label="">
                            </a>
                    <a href="https://regeszet.bibl.u-szeged.hu/wp-content/uploads/2017/11/25.jpg" data-rel="rgg" rel="rgg" title="" class="rgg-disabled size-medium rgg-img" data-src="https://regeszet.bibl.u-szeged.hu/wp-content/uploads/2017/11/25.jpg" data-ratio="1.6949152542373" data-height="177" data-width="300" aria-label="">
                            </a>
                    <a href="https://regeszet.bibl.u-szeged.hu/wp-content/uploads/2017/11/30.jpg" data-rel="rgg" rel="rgg" title="" class="rgg-disabled size-medium rgg-img" data-src="https://regeszet.bibl.u-szeged.hu/wp-content/uploads/2017/11/30.jpg" data-ratio="1.5075376884422" data-height="199" data-width="300" aria-label="">
                            </a>
            </div>
</div>
<p>&nbsp;</p>
<p>További fotók: <a href="https://www.facebook.com/partiscontdk/photos_stream" target="_blank" rel="noopener">https://www.facebook.com/partiscontdk/photos_stream</a></p>

<p>Tanszéki kirándulás Szatmárnémetibe 2014. október 30–31. között tanszékünk tanulmányi kirándulást szervezett, melynek célja a Szatmár Megyei Múzeumban kiállított, Románia leghíresebb arany és ezüst kincsleleteit tartalmazó kiállítás megtekintése volt. Az utazás keretein belül Lakatos Attila nagyváradi régész vezetésével megtekintettük a nagyváradi várat és a területén folyó ásatást, valamint a Római Katolikus Bazilikát. A kirándulás második napján &hellip; <a href="https://regeszet.bibl.u-szeged.hu/index.php/partiscon-tdk/tanszeki-kirandulas/2014-2015/" class="more-link"><span class="screen-reader-text">2014/2015</span> bővebben&#8230; <span class="meta-nav">&rarr;</span></a></p>
