{"id":37,"date":"2017-11-22T08:01:32","date_gmt":"2017-11-22T07:01:32","guid":{"rendered":"http:\/\/regeszet.bibl.u-szeged.hu\/?page_id=37"},"modified":"2017-11-22T10:04:07","modified_gmt":"2017-11-22T09:04:07","slug":"tanszekunk","status":"publish","type":"page","link":"https:\/\/regeszet.bibl.u-szeged.hu\/index.php\/tanszekunk\/","title":{"rendered":"Tansz\u00e9k\u00fcnk"},"content":{"rendered":"<p>A szegedi R\u00e9g\u00e9szeti Tansz\u00e9k a B\u00f6lcs\u00e9szettudom\u00e1nyi Karon bel\u00fcl jelenleg a T\u00f6rt\u00e9nettudom\u00e1nyi Int\u00e9zethez tartozik. Tansz\u00e9kvezet\u0151je R\u00e9v\u00e9sz L\u00e1szl\u00f3.<\/p>\n","protected":false},"excerpt":{"rendered":"<p>A szegedi R\u00e9g\u00e9szeti Tansz\u00e9k a B\u00f6lcs\u00e9szettudom\u00e1nyi Karon bel\u00fcl jelenleg a T\u00f6rt\u00e9nettudom\u00e1nyi Int\u00e9zethez tartozik. Tansz\u00e9kvezet\u0151je R\u00e9v\u00e9sz L\u00e1szl\u00f3.<\/p>\n","protected":false},"author":1,"featured_media":0,"parent":0,"menu_order":2,"comment_status":"closed","ping_status":"closed","template":"","meta":{"footnotes":""},"class_list":["post-37","page","type-page","status-publish","hentry"],"_links":{"self":[{"href":"https:\/\/regeszet.bibl.u-szeged.hu\/index.php\/wp-json\/wp\/v2\/pages\/37","targetHints":{"allow":["GET"]}}],"collection":[{"href":"https:\/\/regeszet.bibl.u-szeged.hu\/index.php\/wp-json\/wp\/v2\/pages"}],"about":[{"href":"https:\/\/regeszet.bibl.u-szeged.hu\/index.php\/wp-json\/wp\/v2\/types\/page"}],"author":[{"embeddable":true,"href":"https:\/\/regeszet.bibl.u-szeged.hu\/index.php\/wp-json\/wp\/v2\/users\/1"}],"replies":[{"embeddable":true,"href":"https:\/\/regeszet.bibl.u-szeged.hu\/index.php\/wp-json\/wp\/v2\/comments?post=37"}],"version-history":[{"count":2,"href":"https:\/\/regeszet.bibl.u-szeged.hu\/index.php\/wp-json\/wp\/v2\/pages\/37\/revisions"}],"predecessor-version":[{"id":301,"href":"https:\/\/regeszet.bibl.u-szeged.hu\/index.php\/wp-json\/wp\/v2\/pages\/37\/revisions\/301"}],"wp:attachment":[{"href":"https:\/\/regeszet.bibl.u-szeged.hu\/index.php\/wp-json\/wp\/v2\/media?parent=37"}],"curies":[{"name":"wp","href":"https:\/\/api.w.org\/{rel}","templated":true}]}}