{"id":3770,"date":"2021-01-15T14:33:58","date_gmt":"2021-01-15T13:33:58","guid":{"rendered":"http:\/\/regeszet.bibl.u-szeged.hu\/?page_id=3770"},"modified":"2026-01-16T11:35:56","modified_gmt":"2026-01-16T10:35:56","slug":"ba-kepzes","status":"publish","type":"page","link":"https:\/\/regeszet.bibl.u-szeged.hu\/index.php\/oktatas\/felvetelizoknek\/ba-kepzes\/","title":{"rendered":"BA k\u00e9pz\u00e9s"},"content":{"rendered":"<p>K\u00e9pz\u00e9si szint: alapk\u00e9pz\u00e9s \/ BA<br \/>\nK\u00e9pz\u00e9si id\u0151: 6 f\u00e9l\u00e9v<br \/>\nMunkarend: nappali, levelez\u0151<\/p>\n<p>K\u00edv\u00e1ncsi vagy arra, hogy mi val\u00f3j\u00e1ban a r\u00e9g\u00e9szet? \u00c9rdekel mit csin\u00e1lnak a r\u00e9g\u00e9szek terepen \u00e9s a m\u00fazeumok rakt\u00e1raiban, hogyan kutatnak? Szeretn\u00e9d megismerni hogyan \u00e9ltek el\u0151deink az \u0151skorban, az \u00f3korban, a n\u00e9pv\u00e1ndorl\u00e1skorban \u00e9s a k\u00f6z\u00e9pkorban, milyen volt a viselet\u00fck, \u00e9kszereik, milyen eszk\u00f6z\u00f6ket, fegyvereket haszn\u00e1ltak? Ha igen, akkor itt a helyed, a szegedi r\u00e9g\u00e9szet alapk\u00e9pz\u00e9sben!<\/p>\n<p>A Szegedi Tudom\u00e1nyegyetem r\u00e9g\u00e9szet alapk\u00e9pz\u00e9se 2026 \u0151sz\u00e9t\u0151l m\u00e1r levelez\u0151 munkarendben is elv\u00e9gezhet\u0151. A levelez\u0151tagozat k\u00e9pz\u00e9si strukt\u00far\u00e1ja, minta tanterve megegyezik a nappali tagozat\u00e9val. A levelez\u0151 munkarend\u0171 k\u00e9pz\u00e9sben a hallgat\u00f3k tan\u00f3r\u00e1ira t\u00f6mb\u00f6s\u00edtve, legfeljebb k\u00e9t hetenk\u00e9nt munkanapokon vagy a heti pihen\u0151napon ker\u00fcl sor. Ennek megfelel\u0151en az adott szakon a k\u00e9pz\u00e9s gyakoris\u00e1ga: \u00e1ltal\u00e1ban k\u00e9thetente p\u00e9ntek-szombat.<\/p>\n<p><strong>Mit tanulhatsz n\u00e1lunk?<\/strong><\/p>\n<p>A k\u00e9pz\u00e9s sor\u00e1n szil\u00e1rd elm\u00e9leti alapokat kaphatsz a K\u00e1rp\u00e1t-medence, K\u00f6z\u00e9p- \u00e9s Kelet-Eur\u00f3pa, valamint a Balk\u00e1n-f\u00e9lsziget \u0151skori, n\u00e9pv\u00e1ndorl\u00e1s kori \u00e9s k\u00f6z\u00e9pkori r\u00e9g\u00e9szet\u00e9r\u0151l, de emellett tanulhatsz a muzeol\u00f3gi\u00e1r\u00f3l \u00e9s a r\u00e9g\u00e9szethez szorosan kapcsol\u00f3d\u00f3 term\u00e9szettudom\u00e1nyos m\u00f3dszerekr\u0151l, vizsg\u00e1latokr\u00f3l. Egy\u00fattal komoly gyakorlati ismeretekre is szert tehetsz a m\u00fazeumi anyagismereti \u00f3r\u00e1kon \u00e9s a ny\u00e1ri tan\u00e1sat\u00e1sokon.<\/p>\n<p>A bevezet\u0151, alapoz\u00f3 tant\u00e1rgyak teljes\u00edt\u00e9s\u00e9t k\u00f6vet\u0151en k\u00fcl\u00f6nb\u00f6z\u0151 szakir\u00e1nyok k\u00f6z\u00fcl v\u00e1logathatsz.<\/p>\n<p><strong><em>Szakir\u00e1nyok:<\/em><\/strong><\/p>\n<ul>\n<li>\u0150skor<\/li>\n<li>Barbaricum \u00e9s n\u00e9pv\u00e1ndorl\u00e1s kor<\/li>\n<li>K\u00f6z\u00e9pkor<\/li>\n<\/ul>\n<p>P\u00e1rhuzamosan k\u00e9t szakir\u00e1ny v\u00e1laszt\u00e1s\u00e1ra van lehet\u0151s\u00e9ged, \u00edgy k\u00e9t r\u00e9g\u00e9szeti korszak szak\u00e9rt\u0151j\u00e9v\u00e9 v\u00e1lhatsz.<\/p>\n<p><strong>Hogyan jelentkezz hozz\u00e1nk?<\/strong><\/p>\n<p>Jel\u00f6ld meg els\u0151 helyen az SZTE BTK r\u00e9g\u00e9szet alapk\u00e9pz\u00e9s\u00e9t a jelentkez\u00e9s sor\u00e1n.<br \/>\nT\u00f6rt\u00e9nelemb\u0151l mindenk\u00e9pp emelt szint\u0171 \u00e9retts\u00e9git kell tenned, valamint egy tov\u00e1bbi t\u00e1rgyb\u00f3l a k\u00f6z\u00e9p szint\u0171 \u00e9retts\u00e9gi eredm\u00e9nyed sz\u00e1m\u00edthat\u00f3 be az al\u00e1bbi t\u00e1rgyak k\u00f6z\u00fcl: magyar nyelv \u00e9s irodalom, latin, f\u00f6ldrajz, biol\u00f3gia, digit\u00e1lis kult\u00fara vagy a nagy vil\u00e1gnyelvek (angol, francia, n\u00e9met, spanyol, orosz) egyike.<\/p>\n<p>Ha r\u00e9szt veszel a tansz\u00e9k\u00fcnk \u00e1ltal meghirdetett ny\u00e1ri felv\u00e9teli el\u0151k\u00e9sz\u00edt\u0151n vagy a levelez\u0151\u00adrendszer\u0171\/online felv\u00e9teli el\u0151k\u00e9sz\u00edt\u0151n, akkor plusz pontokat szerezhetsz, amelyek besz\u00e1m\u00edtanak a felv\u00e9teli pontjaidba. Az el\u0151k\u00e9sz\u00edt\u0151 programokr\u00f3l b\u0151vebben <a href=\"https:\/\/regeszet.bibl.u-szeged.hu\/index.php\/oktatas\/felvetelizoknek\/felveteli-elokeszito\/2025-2\/\" target=\"_blank\" rel=\"noopener\">itt olvashatsz<\/a>.<\/p>\n<p><strong>Mi\u00e9rt v\u00e1lassz benn\u00fcnket?<\/strong><\/p>\n<ul>\n<li>Mert kiv\u00e1l\u00f3 szakemberekt\u0151l tanulhatsz: nemcsak nagy tapasztalat\u00fa szegedi oktat\u00f3kt\u00f3l, de az orsz\u00e1g sz\u00e1mos kutat\u00f3hely\u00e9r\u0151l \u00e9s legjobb m\u00fazeumaib\u00f3l \u00e9rkezett r\u00e9g\u00e9szt\u0151l.<\/li>\n<li>Mert a szegedi r\u00e9g\u00e9szk\u00e9pz\u00e9s orsz\u00e1gos h\u00edr\u0171 abban a vonatkoz\u00e1sban is, hogy nem puszt\u00e1n elm\u00e9leti oktat\u00e1st ny\u00fajt, de n\u00e1lunk megtan\u00edtanak a r\u00e9g\u00e9szeti terepmunka, \u00e1sat\u00e1s stb. cs\u00ednj\u00e1ra-b\u00ednj\u00e1ra.<\/li>\n<li>Mert a tansz\u00e9k \u201eemberl\u00e9pt\u00e9k\u0171\u201d. Minden egyes hallgat\u00f3nkra elegend\u0151 id\u0151 jut, mindenki ismer mindenkit, nem mellesleg remek, \u00f6sszetart\u00f3 a k\u00f6z\u00f6ss\u00e9g, ahova j\u00f3 tartozni.<\/li>\n<li>Mert tansz\u00e9k\u00fcnk munkat\u00e1rsai az egyetemi oktat\u00e1s mellett sz\u00e1mos kutat\u00e1si programban vesznek r\u00e9szt, melybe a hallgat\u00f3ink is akt\u00edvan bekapcsol\u00f3dnak.<\/li>\n<li>Mert hallgat\u00f3ink az ut\u00f3bbi \u00e9vekben sorra nyerik az egyetemek k\u00f6z\u00f6tti tanulm\u00e1nyi versenyeket, megel\u0151zve a pesti, p\u00e9csi \u00e9s miskolci tansz\u00e9keket.<\/li>\n<li>Mert n\u00e1lunk lehet\u0151s\u00e9g van a tov\u00e1bbl\u00e9p\u00e9sre. A szegedi egyetem r\u00e9g\u00e9szeti k\u00e9pz\u00e9se h\u00e1romszint\u0171 oktat\u00e1si strukt\u00far\u00e1val rendelkezik, vagyis BA (Bachelor), MA (Master) \u00e9s doktori k\u00e9pz\u00e9st (PhD) is biztos\u00edt hallgat\u00f3inak.<\/li>\n<li>Mert tansz\u00e9k\u00fcnk \u201ePartiscon\u201d di\u00e1kk\u00f6re eg\u00e9sz \u00e9vben gondoskodik arr\u00f3l, hogy a tanul\u00e1s mellett ne legyen id\u0151t\u00f6k unatkozni (els\u0151s\u00f6k bemutatkoz\u00f3 estje, Mikul\u00e1s buli, farsang, f\u0151z\u0151verseny, kir\u00e1ndul\u00e1s).<\/li>\n<\/ul>\n<p><strong>Mi a r\u00e9g\u00e9szet? Mit csin\u00e1lnak a r\u00e9g\u00e9szek?<br \/>\n<\/strong><br \/>\n<iframe loading=\"lazy\" title=\"SZTE BTK R\u00e9g\u00e9szeti Tansz\u00e9k\" width=\"604\" height=\"340\" src=\"https:\/\/www.youtube.com\/embed\/4qZqVnvkHzA?feature=oembed\" frameborder=\"0\" allow=\"accelerometer; autoplay; clipboard-write; encrypted-media; gyroscope; picture-in-picture; web-share\" referrerpolicy=\"strict-origin-when-cross-origin\" allowfullscreen><\/iframe><\/p>\n<p><iframe loading=\"lazy\" title=\"SZTEtv - Kukkants be! - R\u00e9g\u00e9szet\" width=\"604\" height=\"340\" src=\"https:\/\/www.youtube.com\/embed\/bp3m4BTVH0s?feature=oembed\" frameborder=\"0\" allow=\"accelerometer; autoplay; clipboard-write; encrypted-media; gyroscope; picture-in-picture; web-share\" referrerpolicy=\"strict-origin-when-cross-origin\" allowfullscreen><\/iframe><\/p>\n<p><iframe loading=\"lazy\" title=\"N\u00e9prajz szak \u00e9s r\u00e9g\u00e9szet szak | \u00c9s m\u00e9g ez is lehetek... - 4. r\u00e9sz | SZTE BTK\" width=\"604\" height=\"340\" src=\"https:\/\/www.youtube.com\/embed\/ZLXu2jvT960?list=PLKNLJ0resJtJ7bkf9Y1976f9BmZVSgI_1\" frameborder=\"0\" allow=\"accelerometer; autoplay; clipboard-write; encrypted-media; gyroscope; picture-in-picture; web-share\" referrerpolicy=\"strict-origin-when-cross-origin\" allowfullscreen><\/iframe><\/p>\n<p>&nbsp;<\/p>\n<p><strong>Pillanatk\u00e9pek a r\u00e9g\u00e9szhallgat\u00f3k mindennapjaib\u00f3l<\/strong><\/p>\n<div class=\"rgg-container\" data-rgg-id=\"1\">    <div class=\"rgg-imagegrid captions-title captions-effect-none \" data-rgg-id=\"1\">\n                    <a href=\"https:\/\/regeszet.bibl.u-szeged.hu\/wp-content\/uploads\/2024\/07\/01-1024x683.jpg\" data-rel=\"rgg\" rel=\"rgg\" title=\"\" class=\"rgg-disabled size-medium rgg-img\" data-src=\"https:\/\/regeszet.bibl.u-szeged.hu\/wp-content\/uploads\/2024\/07\/01-300x200.jpg\" data-ratio=\"1.5\" data-height=\"200\" data-width=\"300\" aria-label=\"\">\n                            <\/a>\n                    <a href=\"https:\/\/regeszet.bibl.u-szeged.hu\/wp-content\/uploads\/2024\/07\/02.jpg\" data-rel=\"rgg\" rel=\"rgg\" title=\"\" class=\"rgg-disabled size-medium rgg-img\" data-src=\"https:\/\/regeszet.bibl.u-szeged.hu\/wp-content\/uploads\/2024\/07\/02-300x199.jpg\" data-ratio=\"1.5075376884422\" data-height=\"199\" data-width=\"300\" aria-label=\"\">\n                            <\/a>\n                    <a href=\"https:\/\/regeszet.bibl.u-szeged.hu\/wp-content\/uploads\/2024\/07\/03-1024x768.jpg\" data-rel=\"rgg\" rel=\"rgg\" title=\"\" class=\"rgg-disabled size-medium rgg-img\" data-src=\"https:\/\/regeszet.bibl.u-szeged.hu\/wp-content\/uploads\/2024\/07\/03-300x225.jpg\" data-ratio=\"1.3333333333333\" data-height=\"225\" data-width=\"300\" aria-label=\"\">\n                            <\/a>\n                    <a href=\"https:\/\/regeszet.bibl.u-szeged.hu\/wp-content\/uploads\/2024\/07\/04.jpg\" data-rel=\"rgg\" rel=\"rgg\" title=\"\" class=\"rgg-disabled size-medium rgg-img\" data-src=\"https:\/\/regeszet.bibl.u-szeged.hu\/wp-content\/uploads\/2024\/07\/04-300x200.jpg\" data-ratio=\"1.5\" data-height=\"200\" data-width=\"300\" aria-label=\"\">\n                            <\/a>\n                    <a href=\"https:\/\/regeszet.bibl.u-szeged.hu\/wp-content\/uploads\/2024\/07\/05-768x1024.jpg\" data-rel=\"rgg\" rel=\"rgg\" title=\"\" class=\"rgg-disabled size-medium rgg-img\" data-src=\"https:\/\/regeszet.bibl.u-szeged.hu\/wp-content\/uploads\/2024\/07\/05-225x300.jpg\" data-ratio=\"0.75\" data-height=\"300\" data-width=\"225\" aria-label=\"\">\n                            <\/a>\n                    <a href=\"https:\/\/regeszet.bibl.u-szeged.hu\/wp-content\/uploads\/2024\/07\/09.jpg\" data-rel=\"rgg\" rel=\"rgg\" title=\"\" class=\"rgg-disabled size-medium rgg-img\" data-src=\"https:\/\/regeszet.bibl.u-szeged.hu\/wp-content\/uploads\/2024\/07\/09-300x199.jpg\" data-ratio=\"1.5075376884422\" data-height=\"199\" data-width=\"300\" aria-label=\"\">\n                            <\/a>\n                    <a href=\"https:\/\/regeszet.bibl.u-szeged.hu\/wp-content\/uploads\/2024\/07\/07-rotated-e1720164861566.jpg\" data-rel=\"rgg\" rel=\"rgg\" title=\"\" class=\"rgg-disabled size-medium rgg-img\" data-src=\"https:\/\/regeszet.bibl.u-szeged.hu\/wp-content\/uploads\/2024\/07\/07-rotated-e1720164861566-225x300.jpg\" data-ratio=\"0.75\" data-height=\"300\" data-width=\"225\" aria-label=\"\">\n                            <\/a>\n                    <a href=\"https:\/\/regeszet.bibl.u-szeged.hu\/wp-content\/uploads\/2024\/07\/08-rotated-e1720164831318.jpg\" data-rel=\"rgg\" rel=\"rgg\" title=\"\" class=\"rgg-disabled size-medium rgg-img\" data-src=\"https:\/\/regeszet.bibl.u-szeged.hu\/wp-content\/uploads\/2024\/07\/08-rotated-e1720164831318-225x300.jpg\" data-ratio=\"0.75\" data-height=\"300\" data-width=\"225\" aria-label=\"\">\n                            <\/a>\n                    <a href=\"https:\/\/regeszet.bibl.u-szeged.hu\/wp-content\/uploads\/2024\/07\/06-rotated-e1720164870406.jpg\" data-rel=\"rgg\" rel=\"rgg\" title=\"\" class=\"rgg-disabled size-medium rgg-img\" data-src=\"https:\/\/regeszet.bibl.u-szeged.hu\/wp-content\/uploads\/2024\/07\/06-rotated-e1720164870406-300x225.jpg\" data-ratio=\"1.3333333333333\" data-height=\"225\" data-width=\"300\" aria-label=\"\">\n                            <\/a>\n                    <a href=\"https:\/\/regeszet.bibl.u-szeged.hu\/wp-content\/uploads\/2024\/07\/10.jpg\" data-rel=\"rgg\" rel=\"rgg\" title=\"\" class=\"rgg-disabled size-medium rgg-img\" data-src=\"https:\/\/regeszet.bibl.u-szeged.hu\/wp-content\/uploads\/2024\/07\/10-300x200.jpg\" data-ratio=\"1.5\" data-height=\"200\" data-width=\"300\" aria-label=\"\">\n                            <\/a>\n            <\/div>\n<\/div>\n","protected":false},"excerpt":{"rendered":"<p>K\u00e9pz\u00e9si szint: alapk\u00e9pz\u00e9s \/ BA K\u00e9pz\u00e9si id\u0151: 6 f\u00e9l\u00e9v Munkarend: nappali, levelez\u0151 K\u00edv\u00e1ncsi vagy arra, hogy mi val\u00f3j\u00e1ban a r\u00e9g\u00e9szet? \u00c9rdekel mit csin\u00e1lnak a r\u00e9g\u00e9szek terepen \u00e9s a m\u00fazeumok rakt\u00e1raiban, hogyan kutatnak? Szeretn\u00e9d megismerni hogyan \u00e9ltek el\u0151deink az \u0151skorban, az \u00f3korban, a n\u00e9pv\u00e1ndorl\u00e1skorban \u00e9s a k\u00f6z\u00e9pkorban, milyen volt a viselet\u00fck, \u00e9kszereik, milyen eszk\u00f6z\u00f6ket, fegyvereket haszn\u00e1ltak? &hellip; <a href=\"https:\/\/regeszet.bibl.u-szeged.hu\/index.php\/oktatas\/felvetelizoknek\/ba-kepzes\/\" class=\"more-link\"><span class=\"screen-reader-text\">BA k\u00e9pz\u00e9s<\/span> b\u0151vebben&#8230; <span class=\"meta-nav\">&rarr;<\/span><\/a><\/p>\n","protected":false},"author":1,"featured_media":0,"parent":111,"menu_order":0,"comment_status":"closed","ping_status":"closed","template":"","meta":{"footnotes":""},"class_list":["post-3770","page","type-page","status-publish","hentry"],"_links":{"self":[{"href":"https:\/\/regeszet.bibl.u-szeged.hu\/index.php\/wp-json\/wp\/v2\/pages\/3770","targetHints":{"allow":["GET"]}}],"collection":[{"href":"https:\/\/regeszet.bibl.u-szeged.hu\/index.php\/wp-json\/wp\/v2\/pages"}],"about":[{"href":"https:\/\/regeszet.bibl.u-szeged.hu\/index.php\/wp-json\/wp\/v2\/types\/page"}],"author":[{"embeddable":true,"href":"https:\/\/regeszet.bibl.u-szeged.hu\/index.php\/wp-json\/wp\/v2\/users\/1"}],"replies":[{"embeddable":true,"href":"https:\/\/regeszet.bibl.u-szeged.hu\/index.php\/wp-json\/wp\/v2\/comments?post=3770"}],"version-history":[{"count":21,"href":"https:\/\/regeszet.bibl.u-szeged.hu\/index.php\/wp-json\/wp\/v2\/pages\/3770\/revisions"}],"predecessor-version":[{"id":7014,"href":"https:\/\/regeszet.bibl.u-szeged.hu\/index.php\/wp-json\/wp\/v2\/pages\/3770\/revisions\/7014"}],"up":[{"embeddable":true,"href":"https:\/\/regeszet.bibl.u-szeged.hu\/index.php\/wp-json\/wp\/v2\/pages\/111"}],"wp:attachment":[{"href":"https:\/\/regeszet.bibl.u-szeged.hu\/index.php\/wp-json\/wp\/v2\/media?parent=3770"}],"curies":[{"name":"wp","href":"https:\/\/api.w.org\/{rel}","templated":true}]}}