{"id":3778,"date":"2021-01-15T14:35:25","date_gmt":"2021-01-15T13:35:25","guid":{"rendered":"http:\/\/regeszet.bibl.u-szeged.hu\/?page_id=3778"},"modified":"2021-01-15T14:35:25","modified_gmt":"2021-01-15T13:35:25","slug":"phd-kepzes","status":"publish","type":"page","link":"https:\/\/regeszet.bibl.u-szeged.hu\/index.php\/oktatas\/felvetelizoknek\/phd-kepzes\/","title":{"rendered":"PhD k\u00e9pz\u00e9s"},"content":{"rendered":"<p>A PhD k\u00e9pz\u00e9s a T\u00f6rt\u00e9nelemtudom\u00e1nyi Doktori Iskola Medievisztika-R\u00e9g\u00e9szet k\u00e9pz\u00e9si programj\u00e1nak keret\u00e9ben val\u00f3sul meg.<\/p>\n<p>A PhD k\u00e9pz\u00e9ssel kapcsolatos tov\u00e1bbi inform\u00e1ci\u00f3k <a href=\"http:\/\/regeszet.bibl.u-szeged.hu\/index.php\/oktatas\/phd-kepzes\/\" target=\"_blank\" rel=\"noopener\">itt \u00e9rhet\u0151k el<\/a>.<br \/>\nA Medievisztika-R\u00e9g\u00e9szet doktori program le\u00edr\u00e1sa <a href=\"http:\/\/hist.bibl.u-szeged.hu\/alprogramok\/medievisztika-regeszet\/\" target=\"_blank\" rel=\"noopener\">itt tal\u00e1lhat\u00f3<\/a>.<\/p>\n<p><a href=\"http:\/\/regeszet.bibl.u-szeged.hu\/wp-content\/uploads\/2018\/09\/34274748_788751221328626_3704341917648027648_n.jpg\"><img loading=\"lazy\" decoding=\"async\" class=\"size-full wp-image-2363 aligncenter\" src=\"http:\/\/regeszet.bibl.u-szeged.hu\/wp-content\/uploads\/2018\/09\/34274748_788751221328626_3704341917648027648_n.jpg\" alt=\"\" width=\"532\" height=\"800\" \/><\/a><\/p>\n","protected":false},"excerpt":{"rendered":"<p>A PhD k\u00e9pz\u00e9s a T\u00f6rt\u00e9nelemtudom\u00e1nyi Doktori Iskola Medievisztika-R\u00e9g\u00e9szet k\u00e9pz\u00e9si programj\u00e1nak keret\u00e9ben val\u00f3sul meg. A PhD k\u00e9pz\u00e9ssel kapcsolatos tov\u00e1bbi inform\u00e1ci\u00f3k itt \u00e9rhet\u0151k el. A Medievisztika-R\u00e9g\u00e9szet doktori program le\u00edr\u00e1sa itt tal\u00e1lhat\u00f3.<\/p>\n","protected":false},"author":1,"featured_media":0,"parent":111,"menu_order":0,"comment_status":"closed","ping_status":"closed","template":"","meta":{"footnotes":""},"class_list":["post-3778","page","type-page","status-publish","hentry"],"_links":{"self":[{"href":"https:\/\/regeszet.bibl.u-szeged.hu\/index.php\/wp-json\/wp\/v2\/pages\/3778","targetHints":{"allow":["GET"]}}],"collection":[{"href":"https:\/\/regeszet.bibl.u-szeged.hu\/index.php\/wp-json\/wp\/v2\/pages"}],"about":[{"href":"https:\/\/regeszet.bibl.u-szeged.hu\/index.php\/wp-json\/wp\/v2\/types\/page"}],"author":[{"embeddable":true,"href":"https:\/\/regeszet.bibl.u-szeged.hu\/index.php\/wp-json\/wp\/v2\/users\/1"}],"replies":[{"embeddable":true,"href":"https:\/\/regeszet.bibl.u-szeged.hu\/index.php\/wp-json\/wp\/v2\/comments?post=3778"}],"version-history":[{"count":3,"href":"https:\/\/regeszet.bibl.u-szeged.hu\/index.php\/wp-json\/wp\/v2\/pages\/3778\/revisions"}],"predecessor-version":[{"id":3781,"href":"https:\/\/regeszet.bibl.u-szeged.hu\/index.php\/wp-json\/wp\/v2\/pages\/3778\/revisions\/3781"}],"up":[{"embeddable":true,"href":"https:\/\/regeszet.bibl.u-szeged.hu\/index.php\/wp-json\/wp\/v2\/pages\/111"}],"wp:attachment":[{"href":"https:\/\/regeszet.bibl.u-szeged.hu\/index.php\/wp-json\/wp\/v2\/media?parent=3778"}],"curies":[{"name":"wp","href":"https:\/\/api.w.org\/{rel}","templated":true}]}}