{"id":3894,"date":"2021-04-17T13:34:22","date_gmt":"2021-04-17T11:34:22","guid":{"rendered":"https:\/\/regeszet.bibl.u-szeged.hu\/?page_id=3894"},"modified":"2021-04-17T13:45:14","modified_gmt":"2021-04-17T11:45:14","slug":"2021-es-otdk-konferencia","status":"publish","type":"page","link":"https:\/\/regeszet.bibl.u-szeged.hu\/index.php\/tehetseggondozas\/tdk-otdk\/2021-es-otdk-konferencia\/","title":{"rendered":"2021-es OTDK"},"content":{"rendered":"<header class=\"entry-header\">\n<h1 class=\"entry-title\"><strong style=\"font-family: 'Source Sans Pro', Helvetica, sans-serif; font-size: 16px;\">A XXXV. OTDK eredm\u00e9nyei<\/strong><\/h1>\n<\/header>\n<div class=\"entry-content\">\n<p>A Miskolci Egyetem \u00e1ltal online form\u00e1ban megrendezett XXXV. Orsz\u00e1gos Tudom\u00e1nyos Di\u00e1kk\u00f6ri Konferenci\u00e1n tansz\u00e9k\u00fcnket n\u00e9gy hallgat\u00f3nk k\u00e9pviselte. Di\u00e1kjaink az <em>\u00d3kori el\u0151-\u00e1zsiai \u00e9s antik r\u00e9g\u00e9szet<\/em>, illetve az <em>\u0150skori, n\u00e9pv\u00e1ndorl\u00e1s kori \u00e9s k\u00f6z\u00e9pkori r\u00e9g\u00e9szet<\/em> altagozatban adt\u00e1k el\u0151 sz\u00ednvonalas el\u0151ad\u00e1saikat. Hallgat\u00f3ink egy m\u00e1sodik helyez\u00e9st \u00e9rtek el, \u00e9s egy k\u00fcl\u00f6nd\u00edjban r\u00e9szes\u00fcltek.<\/p>\n<p>II. helyez\u00e9st \u00e9rt el (\u00d3kori el\u0151-\u00e1zsiai \u00e9s antik r\u00e9g\u00e9szet altagozat):<br \/>\n<strong>Koml\u00f3si Janka<\/strong><\/p>\n<p>K\u00fcl\u00f6nd\u00edjban r\u00e9szes\u00fclt (\u0150skori, n\u00e9pv\u00e1ndorl\u00e1s kori \u00e9s k\u00f6z\u00e9pkori r\u00e9g\u00e9szet altagozat):<br \/>\n<b>F\u00fcl\u00f6p R\u00e9ka<\/b><\/p>\n<p><strong>A XXXV. OTDK-\u00e1n r\u00e9sztvev\u0151 hallgat\u00f3ink:<\/strong><\/p>\n<ol>\n<li>B\u00f3dai Eszter: <em>A G\u00e1va-kult\u00fara miniat\u0171r ed\u00e9nyei Magyarorsz\u00e1g ter\u00fclet\u00e9n<\/em><br \/>\nT\u00e9mavezet\u0151: Kulcs\u00e1r Val\u00e9ria<\/li>\n<li>F\u00fcl\u00f6p R\u00e9ka: <em>Hajd\u00faszoboszl\u00f3\u2013\u00c1rkoshalom 10\u201311. sz\u00e1zadi temet\u0151 vizsg\u00e1lata. Kitekint\u00e9s egy \u00e9szak-tisz\u00e1nt\u00fali idegen eredet\u0171 n\u00e9pess\u00e9g r\u00e9g\u00e9szeti hagyat\u00e9k\u00e1ra<\/em><br \/>\nT\u00e9mavezet\u0151: R\u00e9v\u00e9sz L\u00e1szl\u00f3<\/li>\n<li>Koml\u00f3si Janka: <em>Textilmaradv\u00e1nyok Magyarorsz\u00e1g ter\u00fclet\u00e9n a r\u00f3mai korban. Region\u00e1lis k\u00fcl\u00f6nbs\u00e9gek<\/em><br \/>\nT\u00e9mavezet\u0151: Kulcs\u00e1r Val\u00e9ria<\/li>\n<li>So\u00f3s Roland: <em>Egy La T\u00e8ne kori sz\u00f6v\u0151h\u00e1z \u00dcll\u0151 k\u00f6rny\u00e9k\u00e9r\u0151l<\/em><br \/>\nT\u00e9mavezet\u0151: Kulcs\u00e1r Val\u00e9ria<\/li>\n<\/ol>\n<p><a href=\"http:\/\/regeszet.bibl.u-szeged.hu\/wp-content\/uploads\/2021\/04\/35.-OTDK-Okori-elo-azsiai-es-antik-regeszet.jpg\"><img loading=\"lazy\" decoding=\"async\" class=\"aligncenter wp-image-3899 size-full\" src=\"http:\/\/regeszet.bibl.u-szeged.hu\/wp-content\/uploads\/2021\/04\/35.-OTDK-Okori-elo-azsiai-es-antik-regeszet.jpg\" alt=\"\" width=\"881\" height=\"465\" srcset=\"https:\/\/regeszet.bibl.u-szeged.hu\/wp-content\/uploads\/2021\/04\/35.-OTDK-Okori-elo-azsiai-es-antik-regeszet.jpg 881w, https:\/\/regeszet.bibl.u-szeged.hu\/wp-content\/uploads\/2021\/04\/35.-OTDK-Okori-elo-azsiai-es-antik-regeszet-300x158.jpg 300w, https:\/\/regeszet.bibl.u-szeged.hu\/wp-content\/uploads\/2021\/04\/35.-OTDK-Okori-elo-azsiai-es-antik-regeszet-768x405.jpg 768w\" sizes=\"auto, (max-width: 881px) 100vw, 881px\" \/><\/a><\/p>\n<p><a href=\"http:\/\/regeszet.bibl.u-szeged.hu\/wp-content\/uploads\/2021\/04\/35.-OTDK-Oskori-nepvandorlaskori-es-kozepkori-regeszet.jpg\"><img loading=\"lazy\" decoding=\"async\" class=\"aligncenter wp-image-3898 size-full\" src=\"http:\/\/regeszet.bibl.u-szeged.hu\/wp-content\/uploads\/2021\/04\/35.-OTDK-Oskori-nepvandorlaskori-es-kozepkori-regeszet.jpg\" alt=\"\" width=\"960\" height=\"540\" srcset=\"https:\/\/regeszet.bibl.u-szeged.hu\/wp-content\/uploads\/2021\/04\/35.-OTDK-Oskori-nepvandorlaskori-es-kozepkori-regeszet.jpg 960w, https:\/\/regeszet.bibl.u-szeged.hu\/wp-content\/uploads\/2021\/04\/35.-OTDK-Oskori-nepvandorlaskori-es-kozepkori-regeszet-300x169.jpg 300w, https:\/\/regeszet.bibl.u-szeged.hu\/wp-content\/uploads\/2021\/04\/35.-OTDK-Oskori-nepvandorlaskori-es-kozepkori-regeszet-768x432.jpg 768w\" sizes=\"auto, (max-width: 960px) 100vw, 960px\" \/><\/a><\/p>\n<\/div>\n","protected":false},"excerpt":{"rendered":"<p>A XXXV. OTDK eredm\u00e9nyei A Miskolci Egyetem \u00e1ltal online form\u00e1ban megrendezett XXXV. Orsz\u00e1gos Tudom\u00e1nyos Di\u00e1kk\u00f6ri Konferenci\u00e1n tansz\u00e9k\u00fcnket n\u00e9gy hallgat\u00f3nk k\u00e9pviselte. Di\u00e1kjaink az \u00d3kori el\u0151-\u00e1zsiai \u00e9s antik r\u00e9g\u00e9szet, illetve az \u0150skori, n\u00e9pv\u00e1ndorl\u00e1s kori \u00e9s k\u00f6z\u00e9pkori r\u00e9g\u00e9szet altagozatban adt\u00e1k el\u0151 sz\u00ednvonalas el\u0151ad\u00e1saikat. Hallgat\u00f3ink egy m\u00e1sodik helyez\u00e9st \u00e9rtek el, \u00e9s egy k\u00fcl\u00f6nd\u00edjban r\u00e9szes\u00fcltek. II. helyez\u00e9st \u00e9rt el (\u00d3kori &hellip; <a href=\"https:\/\/regeszet.bibl.u-szeged.hu\/index.php\/tehetseggondozas\/tdk-otdk\/2021-es-otdk-konferencia\/\" class=\"more-link\"><span class=\"screen-reader-text\">2021-es OTDK<\/span> b\u0151vebben&#8230; <span class=\"meta-nav\">&rarr;<\/span><\/a><\/p>\n","protected":false},"author":1,"featured_media":0,"parent":174,"menu_order":0,"comment_status":"closed","ping_status":"closed","template":"","meta":{"footnotes":""},"class_list":["post-3894","page","type-page","status-publish","hentry"],"_links":{"self":[{"href":"https:\/\/regeszet.bibl.u-szeged.hu\/index.php\/wp-json\/wp\/v2\/pages\/3894","targetHints":{"allow":["GET"]}}],"collection":[{"href":"https:\/\/regeszet.bibl.u-szeged.hu\/index.php\/wp-json\/wp\/v2\/pages"}],"about":[{"href":"https:\/\/regeszet.bibl.u-szeged.hu\/index.php\/wp-json\/wp\/v2\/types\/page"}],"author":[{"embeddable":true,"href":"https:\/\/regeszet.bibl.u-szeged.hu\/index.php\/wp-json\/wp\/v2\/users\/1"}],"replies":[{"embeddable":true,"href":"https:\/\/regeszet.bibl.u-szeged.hu\/index.php\/wp-json\/wp\/v2\/comments?post=3894"}],"version-history":[{"count":3,"href":"https:\/\/regeszet.bibl.u-szeged.hu\/index.php\/wp-json\/wp\/v2\/pages\/3894\/revisions"}],"predecessor-version":[{"id":3913,"href":"https:\/\/regeszet.bibl.u-szeged.hu\/index.php\/wp-json\/wp\/v2\/pages\/3894\/revisions\/3913"}],"up":[{"embeddable":true,"href":"https:\/\/regeszet.bibl.u-szeged.hu\/index.php\/wp-json\/wp\/v2\/pages\/174"}],"wp:attachment":[{"href":"https:\/\/regeszet.bibl.u-szeged.hu\/index.php\/wp-json\/wp\/v2\/media?parent=3894"}],"curies":[{"name":"wp","href":"https:\/\/api.w.org\/{rel}","templated":true}]}}