{"id":4159,"date":"2021-10-26T12:21:17","date_gmt":"2021-10-26T10:21:17","guid":{"rendered":"https:\/\/regeszet.bibl.u-szeged.hu\/?page_id=4159"},"modified":"2021-11-06T19:07:35","modified_gmt":"2021-11-06T18:07:35","slug":"a-konferencia-helyszine-szeged-conference-venue-szeged","status":"publish","type":"page","link":"https:\/\/regeszet.bibl.u-szeged.hu\/index.php\/kutatas\/muzeumtorteneti-konferencia-museum-history-conference\/a-konferencia-helyszine-szeged-conference-venue-szeged\/","title":{"rendered":"Conference venue: Szeged \/ A konferencia helysz\u00edne, Szeged"},"content":{"rendered":"<p><a href=\"http:\/\/regeszet.bibl.u-szeged.hu\/wp-content\/uploads\/2021\/11\/fejlec.jpg\"><img loading=\"lazy\" decoding=\"async\" class=\"aligncenter wp-image-4179 size-full\" src=\"http:\/\/regeszet.bibl.u-szeged.hu\/wp-content\/uploads\/2021\/11\/fejlec.jpg\" alt=\"\" width=\"2048\" height=\"840\" srcset=\"https:\/\/regeszet.bibl.u-szeged.hu\/wp-content\/uploads\/2021\/11\/fejlec.jpg 2048w, https:\/\/regeszet.bibl.u-szeged.hu\/wp-content\/uploads\/2021\/11\/fejlec-300x123.jpg 300w, https:\/\/regeszet.bibl.u-szeged.hu\/wp-content\/uploads\/2021\/11\/fejlec-1024x420.jpg 1024w, https:\/\/regeszet.bibl.u-szeged.hu\/wp-content\/uploads\/2021\/11\/fejlec-768x315.jpg 768w, https:\/\/regeszet.bibl.u-szeged.hu\/wp-content\/uploads\/2021\/11\/fejlec-1536x630.jpg 1536w\" sizes=\"auto, (max-width: 2048px) 100vw, 2048px\" \/><\/a><\/p>\n<h6 style=\"text-align: center;\"><strong>University of Szeged \/ Szegedi Tudom\u00e1nyegyetem<\/strong><\/h6>\n<ul>\n<li><a href=\"https:\/\/www.youtube.com\/watch?v=HN_NiQtO7hI\" target=\"_blank\" rel=\"noopener\">Student Life at the University of Szeged<\/a><\/li>\n<li><a href=\"https:\/\/www.youtube.com\/watch?v=ol7H6Dj1DI8\" target=\"_blank\" rel=\"noopener\">SZTE \u2013 \u201eCreativity and free thinking are invaluable to me\u201d \u2013 Are you ready to come next?<\/a><\/li>\n<li><a href=\"https:\/\/www.youtube.com\/watch?v=AyQujT0X3d4&amp;t=20s\" target=\"_blank\" rel=\"noopener\">Education at the University of Szeged &#8211; 2020<\/a><\/li>\n<\/ul>\n<h6 style=\"text-align: center;\"><strong><br \/>\nKlebelsberg Library of SZTE \/ SZTE Klebelsberg K\u00f6nyvt\u00e1r<\/strong><\/h6>\n<ul>\n<li style=\"text-align: left;\"><a href=\"https:\/\/drive.google.com\/file\/d\/1m_iYrL6W0DBIM-yKiVif5TvPE-CTKCUu\/view?usp=sharing\" target=\"_blank\" rel=\"noopener\">Szegedi Tudom\u00e1nyegyetem Klebelsberg Kuno K\u00f6nyvt\u00e1ra &#8211; University of Szeged Klebelsberg Library<\/a><\/li>\n<li><a href=\"https:\/\/drive.google.com\/file\/d\/1m_iYrL6W0DBIM-yKiVif5TvPE-CTKCUu\/view?usp=sharing\" target=\"_blank\" rel=\"noopener\">Cimelia &#8211; A Szegedi Tudom\u00e1nyegyetem Klebelsberg Kuno K\u00f6nyvt\u00e1ra kincsei<\/a><\/li>\n<li><a href=\"https:\/\/www.youtube.com\/watch?v=KlEmHcYuGso\" target=\"_blank\" rel=\"noopener\">The University Library is Your Library<\/a><\/li>\n<li><a href=\"http:\/\/www.ek.szte.hu\/english-history\/?lang=en\" target=\"_blank\" rel=\"noopener\">History of the Klebelsberg Library<\/a><\/li>\n<li><a href=\"https:\/\/www.youtube.com\/watch?v=noHTNjDjzIg\" target=\"_blank\" rel=\"noopener\">Hogyan tarts sz\u00fcnetet tanul\u00e1s k\u00f6zben? &#8211; SZTE, ahol a legjobb egyetemist\u00e1nak lenni<\/a><\/li>\n<\/ul>\n<h6 style=\"text-align: center;\"><strong><br \/>\nBotanical Garden of SZTE \/\u00a0 Egyetemi F\u00fcv\u00e9szkert<\/strong><\/h6>\n<ul>\n<li><a href=\"https:\/\/fuveszkert.u-szeged.hu\/hu\/\" target=\"_blank\" rel=\"noopener\">Website<\/a><\/li>\n<li><a href=\"https:\/\/www.youtube.com\/watch?v=lHxqGTvaPaI\" target=\"_blank\" rel=\"noopener\">Botanical Garden of Szeged \/ F\u00fcv\u00e9szkert Szeged<\/a><\/li>\n<\/ul>\n<h6 style=\"text-align: center;\"><strong><br \/>\nSzeged<\/strong><\/h6>\n<ul>\n<li><a href=\"https:\/\/drive.google.com\/file\/d\/1vkw-PqBjHO5K9mW24voLQCMWeg047-IQ\/view?usp=sharing\" target=\"_blank\" rel=\"noopener\">Sights in Szeged<\/a><\/li>\n<li><a href=\"http:\/\/szegedtourism.hu\/wp-content\/uploads\/2016\/01\/2015_Latnivalok_HU_DE_web.pdf\" target=\"_blank\" rel=\"noopener\">Szegedi l\u00e1tnival\u00f3k \/ Sehensw\u00fcrdigkeiten in Szeged<\/a><\/li>\n<li><a href=\"https:\/\/www.youtube.com\/watch?v=LEUogEWiFEc\" target=\"_blank\" rel=\"noopener\">Szeged, Hungary<\/a><\/li>\n<li><a href=\"https:\/\/www.youtube.com\/watch?v=1ot0lowHiEg&amp;list=PLBDc5dG9KE2GhUHAf8dqelh7ztyp921Jr&amp;index=3\" target=\"_blank\" rel=\"noopener\">Szeged the City of Sunshine<\/a><\/li>\n<li><a href=\"https:\/\/www.youtube.com\/watch?v=fvXVrWljJAg\" target=\"_blank\" rel=\"noopener\">Szeged Highlights<\/a><\/li>\n<li><a href=\"https:\/\/www.youtube.com\/watch?v=1EnI_EFhHUo\" target=\"_blank\" rel=\"noopener\">Szeged, Hungary<\/a><\/li>\n<\/ul>\n<p>&nbsp;<\/p>\n<p>&nbsp;<\/p>\n<p>&nbsp;<\/p>\n<p>&nbsp;<\/p>\n<p>&nbsp;<\/p>\n<table style=\"border-collapse: collapse; width: 100%;\">\n<tbody>\n<tr>\n<td style=\"width: 50%; text-align: center;\"><a href=\"http:\/\/regeszet.bibl.u-szeged.hu\/wp-content\/uploads\/2021\/11\/NKA_ENG_logo_final_colour.png\"><img loading=\"lazy\" decoding=\"async\" class=\"wp-image-4202 aligncenter\" src=\"http:\/\/regeszet.bibl.u-szeged.hu\/wp-content\/uploads\/2021\/11\/NKA_ENG_logo_final_colour-300x69.png\" alt=\"\" width=\"100\" height=\"23\" srcset=\"https:\/\/regeszet.bibl.u-szeged.hu\/wp-content\/uploads\/2021\/11\/NKA_ENG_logo_final_colour-300x69.png 300w, https:\/\/regeszet.bibl.u-szeged.hu\/wp-content\/uploads\/2021\/11\/NKA_ENG_logo_final_colour-1024x236.png 1024w, https:\/\/regeszet.bibl.u-szeged.hu\/wp-content\/uploads\/2021\/11\/NKA_ENG_logo_final_colour-768x177.png 768w, https:\/\/regeszet.bibl.u-szeged.hu\/wp-content\/uploads\/2021\/11\/NKA_ENG_logo_final_colour-1536x354.png 1536w, https:\/\/regeszet.bibl.u-szeged.hu\/wp-content\/uploads\/2021\/11\/NKA_ENG_logo_final_colour.png 2027w\" sizes=\"auto, (max-width: 100px) 100vw, 100px\" \/><\/a><\/td>\n<td style=\"width: 50%; text-align: center;\"><a href=\"http:\/\/regeszet.bibl.u-szeged.hu\/wp-content\/uploads\/2021\/11\/NKA_logo_2012-01.png\"><img loading=\"lazy\" decoding=\"async\" class=\"wp-image-4201 aligncenter\" src=\"http:\/\/regeszet.bibl.u-szeged.hu\/wp-content\/uploads\/2021\/11\/NKA_logo_2012-01-300x121.png\" alt=\"\" width=\"100\" height=\"40\" srcset=\"https:\/\/regeszet.bibl.u-szeged.hu\/wp-content\/uploads\/2021\/11\/NKA_logo_2012-01-300x121.png 300w, https:\/\/regeszet.bibl.u-szeged.hu\/wp-content\/uploads\/2021\/11\/NKA_logo_2012-01-1024x412.png 1024w, https:\/\/regeszet.bibl.u-szeged.hu\/wp-content\/uploads\/2021\/11\/NKA_logo_2012-01-768x309.png 768w, https:\/\/regeszet.bibl.u-szeged.hu\/wp-content\/uploads\/2021\/11\/NKA_logo_2012-01-1536x618.png 1536w, https:\/\/regeszet.bibl.u-szeged.hu\/wp-content\/uploads\/2021\/11\/NKA_logo_2012-01-2048x825.png 2048w\" sizes=\"auto, (max-width: 100px) 100vw, 100px\" \/><\/a><\/td>\n<\/tr>\n<\/tbody>\n<\/table>\n","protected":false},"excerpt":{"rendered":"<p>University of Szeged \/ Szegedi Tudom\u00e1nyegyetem Student Life at the University of Szeged SZTE \u2013 \u201eCreativity and free thinking are invaluable to me\u201d \u2013 Are you ready to come next? Education at the University of Szeged &#8211; 2020 Klebelsberg Library of SZTE \/ SZTE Klebelsberg K\u00f6nyvt\u00e1r Szegedi Tudom\u00e1nyegyetem Klebelsberg Kuno K\u00f6nyvt\u00e1ra &#8211; University of Szeged &hellip; <a href=\"https:\/\/regeszet.bibl.u-szeged.hu\/index.php\/kutatas\/muzeumtorteneti-konferencia-museum-history-conference\/a-konferencia-helyszine-szeged-conference-venue-szeged\/\" class=\"more-link\"><span class=\"screen-reader-text\">Conference venue: Szeged \/ A konferencia helysz\u00edne, Szeged<\/span> b\u0151vebben&#8230; <span class=\"meta-nav\">&rarr;<\/span><\/a><\/p>\n","protected":false},"author":1,"featured_media":0,"parent":4079,"menu_order":7,"comment_status":"closed","ping_status":"closed","template":"","meta":{"footnotes":""},"class_list":["post-4159","page","type-page","status-publish","hentry"],"_links":{"self":[{"href":"https:\/\/regeszet.bibl.u-szeged.hu\/index.php\/wp-json\/wp\/v2\/pages\/4159","targetHints":{"allow":["GET"]}}],"collection":[{"href":"https:\/\/regeszet.bibl.u-szeged.hu\/index.php\/wp-json\/wp\/v2\/pages"}],"about":[{"href":"https:\/\/regeszet.bibl.u-szeged.hu\/index.php\/wp-json\/wp\/v2\/types\/page"}],"author":[{"embeddable":true,"href":"https:\/\/regeszet.bibl.u-szeged.hu\/index.php\/wp-json\/wp\/v2\/users\/1"}],"replies":[{"embeddable":true,"href":"https:\/\/regeszet.bibl.u-szeged.hu\/index.php\/wp-json\/wp\/v2\/comments?post=4159"}],"version-history":[{"count":20,"href":"https:\/\/regeszet.bibl.u-szeged.hu\/index.php\/wp-json\/wp\/v2\/pages\/4159\/revisions"}],"predecessor-version":[{"id":4318,"href":"https:\/\/regeszet.bibl.u-szeged.hu\/index.php\/wp-json\/wp\/v2\/pages\/4159\/revisions\/4318"}],"up":[{"embeddable":true,"href":"https:\/\/regeszet.bibl.u-szeged.hu\/index.php\/wp-json\/wp\/v2\/pages\/4079"}],"wp:attachment":[{"href":"https:\/\/regeszet.bibl.u-szeged.hu\/index.php\/wp-json\/wp\/v2\/media?parent=4159"}],"curies":[{"name":"wp","href":"https:\/\/api.w.org\/{rel}","templated":true}]}}