{"id":5376,"date":"2022-04-17T20:12:04","date_gmt":"2022-04-17T18:12:04","guid":{"rendered":"https:\/\/regeszet.bibl.u-szeged.hu\/?page_id=5376"},"modified":"2023-04-18T20:32:38","modified_gmt":"2023-04-18T18:32:38","slug":"2021-2022-ii-felev","status":"publish","type":"page","link":"https:\/\/regeszet.bibl.u-szeged.hu\/index.php\/tehetseggondozas\/tdk-otdk\/2021-2022-ii-felev\/","title":{"rendered":"2021\/2022. II. f\u00e9l\u00e9v TDK"},"content":{"rendered":"<p>A szegedi R\u00e9g\u00e9szeti Tansz\u00e9ken 2022. \u00e1prilis 28-\u00e1n ker\u00fclt megrendez\u00e9sre a Tudom\u00e1nyos Di\u00e1kk\u00f6ri Konferencia tavaszi helyi fordul\u00f3ja, melynek keret\u00e9ben egy hallgat\u00f3 mutatta be kutat\u00e1si eredm\u00e9nyeit.<\/p>\n<ul>\n<li><strong>Pill\u00e9r P\u00e9ter<\/strong>: R\u00f3mai t\u00e9rdfibul\u00e1k az alf\u00f6ldi szarmata Barbaricum ter\u00fclet\u00e9r\u0151l az eddigi kutat\u00e1sok alapj\u00e1n<br \/>\nT\u00e9mavezet\u0151: V\u00f6r\u00f6s Gabriella<\/li>\n<\/ul>\n<p>A TDK-dolgozatok t\u00e9mavezet\u0151i\/opponensi v\u00e9lem\u00e9nyez\u00e9se, valamint az el\u0151ad\u00e1sok \u00e9rt\u00e9kel\u00e9se alapj\u00e1n a zs\u0171ribizotts\u00e1g (Kulcs\u00e1r Val\u00e9ria, Szebenyi Tam\u00e1s, Pint\u00e9r-Nagy Katalin) d\u00f6nt\u00e9se \u00e9rtelm\u00e9ben a hallgat\u00f3 tov\u00e1bbjutott az OTDK-ra.<\/p>\n<p><img loading=\"lazy\" decoding=\"async\" class=\"aligncenter wp-image-5384 size-full\" src=\"http:\/\/regeszet.bibl.u-szeged.hu\/wp-content\/uploads\/2023\/04\/Regeszet_TDK_meghivo_2022_tavasz.jpg\" alt=\"\" width=\"1241\" height=\"1755\" srcset=\"https:\/\/regeszet.bibl.u-szeged.hu\/wp-content\/uploads\/2023\/04\/Regeszet_TDK_meghivo_2022_tavasz.jpg 1241w, https:\/\/regeszet.bibl.u-szeged.hu\/wp-content\/uploads\/2023\/04\/Regeszet_TDK_meghivo_2022_tavasz-212x300.jpg 212w, https:\/\/regeszet.bibl.u-szeged.hu\/wp-content\/uploads\/2023\/04\/Regeszet_TDK_meghivo_2022_tavasz-724x1024.jpg 724w, https:\/\/regeszet.bibl.u-szeged.hu\/wp-content\/uploads\/2023\/04\/Regeszet_TDK_meghivo_2022_tavasz-768x1086.jpg 768w, https:\/\/regeszet.bibl.u-szeged.hu\/wp-content\/uploads\/2023\/04\/Regeszet_TDK_meghivo_2022_tavasz-1086x1536.jpg 1086w\" sizes=\"auto, (max-width: 1241px) 100vw, 1241px\" \/><\/p>\n<p>&nbsp;<\/p>\n","protected":false},"excerpt":{"rendered":"<p>A szegedi R\u00e9g\u00e9szeti Tansz\u00e9ken 2022. \u00e1prilis 28-\u00e1n ker\u00fclt megrendez\u00e9sre a Tudom\u00e1nyos Di\u00e1kk\u00f6ri Konferencia tavaszi helyi fordul\u00f3ja, melynek keret\u00e9ben egy hallgat\u00f3 mutatta be kutat\u00e1si eredm\u00e9nyeit. Pill\u00e9r P\u00e9ter: R\u00f3mai t\u00e9rdfibul\u00e1k az alf\u00f6ldi szarmata Barbaricum ter\u00fclet\u00e9r\u0151l az eddigi kutat\u00e1sok alapj\u00e1n T\u00e9mavezet\u0151: V\u00f6r\u00f6s Gabriella A TDK-dolgozatok t\u00e9mavezet\u0151i\/opponensi v\u00e9lem\u00e9nyez\u00e9se, valamint az el\u0151ad\u00e1sok \u00e9rt\u00e9kel\u00e9se alapj\u00e1n a zs\u0171ribizotts\u00e1g (Kulcs\u00e1r Val\u00e9ria, Szebenyi Tam\u00e1s, &hellip; <a href=\"https:\/\/regeszet.bibl.u-szeged.hu\/index.php\/tehetseggondozas\/tdk-otdk\/2021-2022-ii-felev\/\" class=\"more-link\"><span class=\"screen-reader-text\">2021\/2022. II. f\u00e9l\u00e9v TDK<\/span> b\u0151vebben&#8230; <span class=\"meta-nav\">&rarr;<\/span><\/a><\/p>\n","protected":false},"author":1,"featured_media":0,"parent":174,"menu_order":0,"comment_status":"closed","ping_status":"closed","template":"","meta":{"footnotes":""},"class_list":["post-5376","page","type-page","status-publish","hentry"],"_links":{"self":[{"href":"https:\/\/regeszet.bibl.u-szeged.hu\/index.php\/wp-json\/wp\/v2\/pages\/5376","targetHints":{"allow":["GET"]}}],"collection":[{"href":"https:\/\/regeszet.bibl.u-szeged.hu\/index.php\/wp-json\/wp\/v2\/pages"}],"about":[{"href":"https:\/\/regeszet.bibl.u-szeged.hu\/index.php\/wp-json\/wp\/v2\/types\/page"}],"author":[{"embeddable":true,"href":"https:\/\/regeszet.bibl.u-szeged.hu\/index.php\/wp-json\/wp\/v2\/users\/1"}],"replies":[{"embeddable":true,"href":"https:\/\/regeszet.bibl.u-szeged.hu\/index.php\/wp-json\/wp\/v2\/comments?post=5376"}],"version-history":[{"count":4,"href":"https:\/\/regeszet.bibl.u-szeged.hu\/index.php\/wp-json\/wp\/v2\/pages\/5376\/revisions"}],"predecessor-version":[{"id":5385,"href":"https:\/\/regeszet.bibl.u-szeged.hu\/index.php\/wp-json\/wp\/v2\/pages\/5376\/revisions\/5385"}],"up":[{"embeddable":true,"href":"https:\/\/regeszet.bibl.u-szeged.hu\/index.php\/wp-json\/wp\/v2\/pages\/174"}],"wp:attachment":[{"href":"https:\/\/regeszet.bibl.u-szeged.hu\/index.php\/wp-json\/wp\/v2\/media?parent=5376"}],"curies":[{"name":"wp","href":"https:\/\/api.w.org\/{rel}","templated":true}]}}