{"id":6068,"date":"2024-03-11T14:45:19","date_gmt":"2024-03-11T13:45:19","guid":{"rendered":"https:\/\/regeszet.bibl.u-szeged.hu\/?page_id=6068"},"modified":"2024-07-11T14:26:08","modified_gmt":"2024-07-11T12:26:08","slug":"nyari-felveteli-elokeszito","status":"publish","type":"page","link":"https:\/\/regeszet.bibl.u-szeged.hu\/index.php\/oktatas\/felvetelizoknek\/felveteli-elokeszito\/2025-2\/nyari-felveteli-elokeszito\/","title":{"rendered":"Ny\u00e1ri felv\u00e9teli el\u0151k\u00e9sz\u00edt\u0151"},"content":{"rendered":"<p>Amennyiben a szegedi egyetem r\u00e9g\u00e9szet alapk\u00e9pz\u00e9s\u00e9re jelentkeznek, a levelez\u0151rendszer\u0171 felv\u00e9teli el\u0151k\u00e9sz\u00edt\u0151 sor\u00e1n megszerzett pontokat besz\u00e1m\u00edtj\u00e1k a felv\u00e9teli pontjaikba (maximum 100 pontot). A Szegedi Tudom\u00e1nyegyetem B\u00f6lcs\u00e9szet- \u00e9s T\u00e1rsadalomtudom\u00e1nyi Kar R\u00e9g\u00e9szeti Tansz\u00e9ke \u00e1ltal szervezett p\u00e1r napos ny\u00e1ri felv\u00e9teli el\u0151k\u00e9sz\u00edt\u0151j\u00e9t 2024. augusztus 26\u201328. k\u00f6z\u00f6tt rendezz\u00fck meg Szegeden. A h\u00e1rom napos el\u0151k\u00e9sz\u00edt\u0151 sor\u00e1n a r\u00e9sztvev\u0151k el\u0151ad\u00e1sokon, gyakorlati foglalkoz\u00e1sokon vesznek r\u00e9szt a szegedi R\u00e9g\u00e9szeti Tansz\u00e9ken, ahol \u00e1ltal\u00e1nos, alapoz\u00f3 ismeretket szereznek a K\u00e1rp\u00e1t-medence f\u0151bb r\u00e9g\u00e9szeti korszakainak anyagi kult\u00far\u00e1j\u00e1r\u00f3l \u00e9s a r\u00e9g\u00e9szet m\u00f3dszertan\u00e1r\u00f3l. A gyakorlati foglalkoz\u00e1sok alapj\u00e1t a tansz\u00e9k r\u00e9g\u00e9szeti gy\u0171jtem\u00e9nye biztos\u00edtja. A p\u00e1r napos el\u0151k\u00e9sz\u00edt\u0151 sor\u00e1n egy r\u00e9g\u00e9szeti \u00e1sat\u00e1sra \u00e9s egy m\u00fazeumba is ell\u00e1togatunk, \u00edgy a r\u00e9sztvev\u0151k k\u00e9pet kapnak arr\u00f3l, hogy mit csin\u00e1l egy r\u00e9g\u00e9sz a terepen \u00e9s a m\u00fazeumban.<strong> Ha r\u00e9szt veszel a tansz\u00e9k\u00fcnk ny\u00e1ri felv\u00e9teli el\u0151k\u00e9sz\u00edt\u0151j\u00e9n, akkor plusz pontokat szerezhetsz, amelyek besz\u00e1m\u00edtanak a felv\u00e9teli pontjaidba (maximum 100 int\u00e9zm\u00e9nyi pontk\u00e9nt).<\/strong><\/p>\n<h6>Jelentkez\u00e9s m\u00f3dja, b\u0151vebb inform\u00e1ci\u00f3<\/h6>\n<p>A k\u00f6z\u00e9pfok\u00fa oktat\u00e1si int\u00e9zm\u00e9nyek 9., 10., 11. \u00e9s 12. oszt\u00e1lyos di\u00e1kjainak a jelentkez\u00e9s\u00e9t v\u00e1rjuk els\u0151sorban. A felv\u00e9teli el\u0151k\u00e9sz\u00edt\u0151re <strong>regeszhallgato.leszek.szegeden@gmail.com<\/strong>\u00a0c\u00edmen kereszt\u00fcl lehet nevezni.<br \/>\nA jelentkez\u00e9skor k\u00e9rj\u00fck, hogy adja meg teljes nev\u00e9t, iskol\u00e1j\u00e1nak pontos nev\u00e9t \u00e9s c\u00edm\u00e9t, valamint t\u00f6rt\u00e9nelemtan\u00e1r\u00e1nak nev\u00e9t, el\u00e9rhet\u0151s\u00e9g\u00e9t.<\/p>\n<p><strong>A jelentkez\u00e9si hat\u00e1rid\u0151<\/strong>: 2024. augusztus 2.<\/p>\n<p>A jelentkez\u0151k egy el\u0151zetes feladatot kapnak, amit a megadott email-c\u00edm\u00fckre k\u00fcld\u00fcnk ki a jelentkez\u00e9s\u00fcket k\u00f6vet\u0151en az aj\u00e1nlott szakirodalommal egy\u00fctt. A kiadott t\u00e9m\u00e1b\u00f3l elk\u00e9sz\u00edtett r\u00f6vid, 1,5\u20132 oldalas \u00f6sszefoglal\u00f3t \u00e9s egy ppt-t 2024. augusztus 24-ig kell visszak\u00fcldeni\u00fck a jelentkez\u0151knek a <strong>regeszhallgato.leszek.szegeden@gmail.com<\/strong>\u00a0c\u00edmre. A r\u00e9sztvev\u0151k a h\u00e1rom nap sor\u00e1n az egyetemi oktat\u00f3k seg\u00edts\u00e9g\u00e9vel ezt a t\u00e9m\u00e1t fejlesztik tov\u00e1bb, \u00e9s k\u00e9sz\u00edtenek bel\u0151le PPT-\u00e9s 10\u201315 perces kisel\u0151ad\u00e1st a z\u00e1r\u00f3 besz\u00e1mol\u00f3ra.<\/p>\n<p>Az \u00e9rdekl\u0151d\u0151k a szint\u00e9n a\u00a0<strong>regeszhallgato.leszek.szegeden@gmail.com<\/strong>\u00a0c\u00edmen k\u00e9rhetnek tov\u00e1bbi t\u00e1j\u00e9koztat\u00e1st.<\/p>\n<h6>\u00c9rt\u00e9kel\u00e9s szempontjai, pontoz\u00e1s<\/h6>\n<p>Teljes\u00edtm\u00e9nyedt\u0151l f\u00fcgg\u0151en maximum 100 pont szerezhet\u0151, ami int\u00e9zm\u00e9nyi pontk\u00e9nt belesz\u00e1m\u00edt a felv\u00e9teli pontjaidba. A 100 pontb\u00f3l 50 pontot kap az, aki r\u00e9szt vesz a h\u00e1rom napos ny\u00e1ri felv\u00e9teli el\u0151k\u00e9sz\u00edt\u0151n. Tov\u00e1bbi 50 pont adhat\u00f3 az el\u0151k\u00e9sz\u00edt\u0151 z\u00e1r\u00f3 besz\u00e1mol\u00f3j\u00e1n, ahol a r\u00e9sztvev\u0151k a t\u00e9m\u00e1jukat egy 10\u201315 perces ppt-\u00e9s kisel\u0151ad\u00e1sban ismertetik. Az el\u0151ad\u00e1sokat a k\u00f6vetkez\u0151 szempontok szerint \u00e9rt\u00e9kelj\u00fck: az el\u0151ad\u00e1s tartalma: 0\u201325 pont; az el\u0151ad\u00e1s logikai szerkezete: 0\u20137 pont; az el\u0151ad\u00e1s st\u00edlusa (szabad el\u0151ad\u00e1s, felolvas\u00e1s, nyelvhelyess\u00e9g, szabatoss\u00e1g): 0\u20136 pont; a prezent\u00e1ci\u00f3 id\u0151tartama, mennyire \u00f6sszefogott, gazdas\u00e1gos, befejezett, id\u0151ar\u00e1nyos az el\u0151ad\u00e1s: 0\u20136 pont; az el\u0151ad\u00e1s tartalm\u00e1nak szeml\u00e9ltet\u00e9se: 0\u20136 pont.<\/p>\n<p><strong>Az igazol\u00e1s m\u00f3dja<\/strong>: A verseny lez\u00e1r\u00e1s\u00e1t, eredm\u00e9nyhirdet\u00e9s\u00e9t k\u00f6vet\u0151en az SZTE R\u00e9g\u00e9szeti Tansz\u00e9k\u00e9nek a vezet\u0151je \u00e1ll\u00edtja ki az igazol\u00e1sokat 2024. szeptember 30-ig.<\/p>\n<h6>K\u00f6lts\u00e9gek<\/h6>\n<p>A R\u00e9g\u00e9szeti Tansz\u00e9k ny\u00e1ri felv\u00e9teli el\u0151k\u00e9sz\u00edt\u0151j\u00e9n val\u00f3 r\u00e9szv\u00e9tel csup\u00e1n \u00f6nk\u00f6lts\u00e9ggel j\u00e1r, r\u00e9szv\u00e9teli d\u00edj nincs. A nem Szegedr\u0151l \u00e9s vonz\u00e1sk\u00f6rzet\u00e9b\u0151l \u00e9rkez\u0151knek a sz\u00e1ll\u00e1s d\u00edj\u00e1t \u00e9s Szegedre t\u00f6rt\u00e9n\u0151 utaz\u00e1suk k\u00f6lts\u00e9g\u00e9t, valamint az \u00e9tkez\u00e9st kell maguknak biztos\u00edtaniuk. Az el\u0151k\u00e9sz\u00edt\u0151n r\u00e9sztvev\u0151k egy\u00e9b k\u00f6lts\u00e9g\u00e9t (p\u00e9ld\u00e1ul foglalkoz\u00e1sok k\u00f6lts\u00e9gei, kir\u00e1ndul\u00e1s \/ m\u00fazeuml\u00e1togat\u00e1s d\u00edjai) a R\u00e9g\u00e9szeti Tansz\u00e9k \u00e1llja.<\/p>\n<h6>El\u0151zetes irodalom, online j\u00e1t\u00e9k<\/h6>\n<p>\u2022<a href=\"http:\/\/regeszet.org.hu\/magyar-regeszet-az-ezredfordulon\/\" target=\"_blank\" rel=\"noopener\"><em>\u00a0Magyar r\u00e9g\u00e9szet az ezredfordul\u00f3n<\/em>. F\u0151szerk.: Visy Zsolt. Budapest 2003.<\/a><br \/>\n\u2022<em>\u00a0R\u00e9g\u00e9szeti nyomoz\u00e1sok Magyarorsz\u00e1gon<\/em>. Szerk.: Ilon G\u00e1bor. Budapest 2008.<br \/>\n\u2022\u00a0<em>R\u00e9g\u00e9szeti nyomoz\u00e1sok Magyarorsz\u00e1gon 2.0<\/em>. Szerk.: Ilon G\u00e1bor. Budapest 2010.<br \/>\n\u2022\u00a0<a href=\"https:\/\/acta.bibl.u-szeged.hu\/70819\/1\/regeszeti_tanszek_2020.pdf\" target=\"_blank\" rel=\"noopener\"><em>\u201cAz\u00e9rt m\u00e9gis csin\u00e1lunk int\u00e9zetet is, gy\u0171jtem\u00e9nyt is\u2026\u201d : v\u00e1logat\u00e1s a szegedi egyetem R\u00e9g\u00e9szeti Tansz\u00e9k\u00e9nek leleteib\u0151l<\/em>. Szerk.: Kulcs\u00e1r Val\u00e9ria \u2013 Pint\u00e9r-Nagy Katalin. Szeged 2020.<\/a><br \/>\n\u2022\u00a0<a href=\"https:\/\/regeszet.bibl.u-szeged.hu\/index.php\/regeszeti-kviz\/\" target=\"_blank\" rel=\"noopener\">Az SZTE BTK R\u00e9g\u00e9szeti Tansz\u00e9k honlapj\u00e1n tal\u00e1lhat\u00f3 online j\u00e1t\u00e9kok<\/a><\/p>\n<h6>A ny\u00e1ri felv\u00e9teli el\u0151k\u00e9sz\u00edt\u0151 programja<\/h6>\n<p>Az els\u0151 ny\u00e1ri felv\u00e9teli el\u0151k\u00e9sz\u00edt\u0151n h\u00e1romnapos programmal v\u00e1rtuk a jelentkez\u0151ket, amelynek keret\u00e9ben az alapoz\u00f3 el\u0151ad\u00e1sok \u00e9s anyagismereti \u00f3r\u00e1k mellett egy m\u00fazeum gy\u0171jtem\u00e9ny\u00e9be, illetve t\u00f6bb ki\u00e1ll\u00edt\u00e1sba is betekint\u00e9st nyerhettek. Emellett egy felt\u00e1r\u00e1sra is ell\u00e1togattunk, \u00e9s a r\u00e9sztvev\u0151k els\u0151 r\u00e9g\u00e9szeti t\u00e9m\u00e1j\u00fa el\u0151ad\u00e1s\u00e1t is meghallgattuk. A k\u00e9s\u0151bbiekben hasonl\u00f3k\u00e9pp v\u00e1ltozatos programmal k\u00e9sz\u00fcl\u00fcnk majd az \u00e9rdekl\u0151d\u0151k sz\u00e1m\u00e1ra.<\/p>\n<p><a href=\"http:\/\/regeszet.bibl.u-szeged.hu\/wp-content\/uploads\/2023\/08\/Nyari-felveteli-elokeszito-programja_2023.pdf\" target=\"_blank\" rel=\"noopener\">A tavalyi program let\u00f6lt\u00e9se pdf-ben<\/a><\/p>\n<h6>Fot\u00f3k a tavalyi ny\u00e1ri felv\u00e9teli el\u0151k\u00e9sz\u00edt\u0151r\u0151l<\/h6>\n<div class=\"rgg-container\" data-rgg-id=\"1\">    <div class=\"rgg-imagegrid captions-title captions-effect-none \" data-rgg-id=\"1\">\n                    <a href=\"https:\/\/regeszet.bibl.u-szeged.hu\/wp-content\/uploads\/2023\/08\/01-1-1024x768.jpg\" data-rel=\"rgg\" rel=\"rgg\" title=\"\" class=\"rgg-disabled size-medium rgg-img\" data-src=\"https:\/\/regeszet.bibl.u-szeged.hu\/wp-content\/uploads\/2023\/08\/01-1-300x225.jpg\" data-ratio=\"1.3333333333333\" data-height=\"225\" data-width=\"300\" aria-label=\"\">\n                            <\/a>\n                    <a href=\"https:\/\/regeszet.bibl.u-szeged.hu\/wp-content\/uploads\/2023\/08\/02-1-1024x768.jpg\" data-rel=\"rgg\" rel=\"rgg\" title=\"\" class=\"rgg-disabled size-medium rgg-img\" data-src=\"https:\/\/regeszet.bibl.u-szeged.hu\/wp-content\/uploads\/2023\/08\/02-1-300x225.jpg\" data-ratio=\"1.3333333333333\" data-height=\"225\" data-width=\"300\" aria-label=\"\">\n                            <\/a>\n                    <a href=\"https:\/\/regeszet.bibl.u-szeged.hu\/wp-content\/uploads\/2023\/08\/03-1024x768.jpg\" data-rel=\"rgg\" rel=\"rgg\" title=\"\" class=\"rgg-disabled size-medium rgg-img\" data-src=\"https:\/\/regeszet.bibl.u-szeged.hu\/wp-content\/uploads\/2023\/08\/03-300x225.jpg\" data-ratio=\"1.3333333333333\" data-height=\"225\" data-width=\"300\" aria-label=\"\">\n                            <\/a>\n                    <a href=\"https:\/\/regeszet.bibl.u-szeged.hu\/wp-content\/uploads\/2023\/08\/04-1024x768.jpg\" data-rel=\"rgg\" rel=\"rgg\" title=\"\" class=\"rgg-disabled size-medium rgg-img\" data-src=\"https:\/\/regeszet.bibl.u-szeged.hu\/wp-content\/uploads\/2023\/08\/04-300x225.jpg\" data-ratio=\"1.3333333333333\" data-height=\"225\" data-width=\"300\" aria-label=\"\">\n                            <\/a>\n                    <a href=\"https:\/\/regeszet.bibl.u-szeged.hu\/wp-content\/uploads\/2023\/08\/05-1-1024x768.jpg\" data-rel=\"rgg\" rel=\"rgg\" title=\"\" class=\"rgg-disabled size-medium rgg-img\" data-src=\"https:\/\/regeszet.bibl.u-szeged.hu\/wp-content\/uploads\/2023\/08\/05-1-300x225.jpg\" data-ratio=\"1.3333333333333\" data-height=\"225\" data-width=\"300\" aria-label=\"\">\n                            <\/a>\n                    <a href=\"https:\/\/regeszet.bibl.u-szeged.hu\/wp-content\/uploads\/2023\/08\/06-1024x768.jpg\" data-rel=\"rgg\" rel=\"rgg\" title=\"\" class=\"rgg-disabled size-medium rgg-img\" data-src=\"https:\/\/regeszet.bibl.u-szeged.hu\/wp-content\/uploads\/2023\/08\/06-300x225.jpg\" data-ratio=\"1.3333333333333\" data-height=\"225\" data-width=\"300\" aria-label=\"\">\n                            <\/a>\n                    <a href=\"https:\/\/regeszet.bibl.u-szeged.hu\/wp-content\/uploads\/2023\/08\/07-1024x768.jpg\" data-rel=\"rgg\" rel=\"rgg\" title=\"\" class=\"rgg-disabled size-medium rgg-img\" data-src=\"https:\/\/regeszet.bibl.u-szeged.hu\/wp-content\/uploads\/2023\/08\/07-300x225.jpg\" data-ratio=\"1.3333333333333\" data-height=\"225\" data-width=\"300\" aria-label=\"\">\n                            <\/a>\n                    <a href=\"https:\/\/regeszet.bibl.u-szeged.hu\/wp-content\/uploads\/2023\/08\/08-1024x768.jpg\" data-rel=\"rgg\" rel=\"rgg\" title=\"\" class=\"rgg-disabled size-medium rgg-img\" data-src=\"https:\/\/regeszet.bibl.u-szeged.hu\/wp-content\/uploads\/2023\/08\/08-300x225.jpg\" data-ratio=\"1.3333333333333\" data-height=\"225\" data-width=\"300\" aria-label=\"\">\n                            <\/a>\n                    <a href=\"https:\/\/regeszet.bibl.u-szeged.hu\/wp-content\/uploads\/2023\/08\/09-1024x768.jpg\" data-rel=\"rgg\" rel=\"rgg\" title=\"\" class=\"rgg-disabled size-medium rgg-img\" data-src=\"https:\/\/regeszet.bibl.u-szeged.hu\/wp-content\/uploads\/2023\/08\/09-300x225.jpg\" data-ratio=\"1.3333333333333\" data-height=\"225\" data-width=\"300\" aria-label=\"\">\n                            <\/a>\n                    <a href=\"https:\/\/regeszet.bibl.u-szeged.hu\/wp-content\/uploads\/2023\/08\/06c-1024x768.jpg\" data-rel=\"rgg\" rel=\"rgg\" title=\"\" class=\"rgg-disabled size-medium rgg-img\" data-src=\"https:\/\/regeszet.bibl.u-szeged.hu\/wp-content\/uploads\/2023\/08\/06c-300x225.jpg\" data-ratio=\"1.3333333333333\" data-height=\"225\" data-width=\"300\" aria-label=\"\">\n                            <\/a>\n                    <a href=\"https:\/\/regeszet.bibl.u-szeged.hu\/wp-content\/uploads\/2023\/08\/06b-1024x768.jpg\" data-rel=\"rgg\" rel=\"rgg\" title=\"\" class=\"rgg-disabled size-medium rgg-img\" data-src=\"https:\/\/regeszet.bibl.u-szeged.hu\/wp-content\/uploads\/2023\/08\/06b-300x225.jpg\" data-ratio=\"1.3333333333333\" data-height=\"225\" data-width=\"300\" aria-label=\"\">\n                            <\/a>\n                    <a href=\"https:\/\/regeszet.bibl.u-szeged.hu\/wp-content\/uploads\/2023\/08\/10-1024x768.jpg\" data-rel=\"rgg\" rel=\"rgg\" title=\"\" class=\"rgg-disabled size-medium rgg-img\" data-src=\"https:\/\/regeszet.bibl.u-szeged.hu\/wp-content\/uploads\/2023\/08\/10-300x225.jpg\" data-ratio=\"1.3333333333333\" data-height=\"225\" data-width=\"300\" aria-label=\"\">\n                            <\/a>\n                    <a href=\"https:\/\/regeszet.bibl.u-szeged.hu\/wp-content\/uploads\/2023\/08\/11-1024x768.jpg\" data-rel=\"rgg\" rel=\"rgg\" title=\"\" class=\"rgg-disabled size-medium rgg-img\" data-src=\"https:\/\/regeszet.bibl.u-szeged.hu\/wp-content\/uploads\/2023\/08\/11-300x225.jpg\" data-ratio=\"1.3333333333333\" data-height=\"225\" data-width=\"300\" aria-label=\"\">\n                            <\/a>\n                    <a href=\"https:\/\/regeszet.bibl.u-szeged.hu\/wp-content\/uploads\/2023\/08\/12-1024x768.jpg\" data-rel=\"rgg\" rel=\"rgg\" title=\"\" class=\"rgg-disabled size-medium rgg-img\" data-src=\"https:\/\/regeszet.bibl.u-szeged.hu\/wp-content\/uploads\/2023\/08\/12-300x225.jpg\" data-ratio=\"1.3333333333333\" data-height=\"225\" data-width=\"300\" aria-label=\"\">\n                            <\/a>\n                    <a href=\"https:\/\/regeszet.bibl.u-szeged.hu\/wp-content\/uploads\/2023\/08\/15-768x1024.jpg\" data-rel=\"rgg\" rel=\"rgg\" title=\"\" class=\"rgg-disabled size-medium rgg-img\" data-src=\"https:\/\/regeszet.bibl.u-szeged.hu\/wp-content\/uploads\/2023\/08\/15-225x300.jpg\" data-ratio=\"0.75\" data-height=\"300\" data-width=\"225\" aria-label=\"\">\n                            <\/a>\n                    <a href=\"https:\/\/regeszet.bibl.u-szeged.hu\/wp-content\/uploads\/2023\/08\/14-768x1024.jpg\" data-rel=\"rgg\" rel=\"rgg\" title=\"\" class=\"rgg-disabled size-medium rgg-img\" data-src=\"https:\/\/regeszet.bibl.u-szeged.hu\/wp-content\/uploads\/2023\/08\/14-225x300.jpg\" data-ratio=\"0.75\" data-height=\"300\" data-width=\"225\" aria-label=\"\">\n                            <\/a>\n                    <a href=\"https:\/\/regeszet.bibl.u-szeged.hu\/wp-content\/uploads\/2023\/08\/13-768x1024.jpg\" data-rel=\"rgg\" rel=\"rgg\" title=\"\" class=\"rgg-disabled size-medium rgg-img\" data-src=\"https:\/\/regeszet.bibl.u-szeged.hu\/wp-content\/uploads\/2023\/08\/13-225x300.jpg\" data-ratio=\"0.75\" data-height=\"300\" data-width=\"225\" aria-label=\"\">\n                            <\/a>\n                    <a href=\"https:\/\/regeszet.bibl.u-szeged.hu\/wp-content\/uploads\/2023\/08\/16-1024x768.jpg\" data-rel=\"rgg\" rel=\"rgg\" title=\"\" class=\"rgg-disabled size-medium rgg-img\" data-src=\"https:\/\/regeszet.bibl.u-szeged.hu\/wp-content\/uploads\/2023\/08\/16-300x225.jpg\" data-ratio=\"1.3333333333333\" data-height=\"225\" data-width=\"300\" aria-label=\"\">\n                            <\/a>\n                    <a href=\"https:\/\/regeszet.bibl.u-szeged.hu\/wp-content\/uploads\/2023\/08\/17-1024x768.jpg\" data-rel=\"rgg\" rel=\"rgg\" title=\"\" class=\"rgg-disabled size-medium rgg-img\" data-src=\"https:\/\/regeszet.bibl.u-szeged.hu\/wp-content\/uploads\/2023\/08\/17-300x225.jpg\" data-ratio=\"1.3333333333333\" data-height=\"225\" data-width=\"300\" aria-label=\"\">\n                            <\/a>\n                    <a href=\"https:\/\/regeszet.bibl.u-szeged.hu\/wp-content\/uploads\/2023\/08\/19-1024x768.jpg\" data-rel=\"rgg\" rel=\"rgg\" title=\"\" class=\"rgg-disabled size-medium rgg-img\" data-src=\"https:\/\/regeszet.bibl.u-szeged.hu\/wp-content\/uploads\/2023\/08\/19-300x225.jpg\" data-ratio=\"1.3333333333333\" data-height=\"225\" data-width=\"300\" aria-label=\"\">\n                            <\/a>\n                    <a href=\"https:\/\/regeszet.bibl.u-szeged.hu\/wp-content\/uploads\/2023\/08\/18-1024x768.jpg\" data-rel=\"rgg\" rel=\"rgg\" title=\"\" class=\"rgg-disabled size-medium rgg-img\" data-src=\"https:\/\/regeszet.bibl.u-szeged.hu\/wp-content\/uploads\/2023\/08\/18-300x225.jpg\" data-ratio=\"1.3333333333333\" data-height=\"225\" data-width=\"300\" aria-label=\"\">\n                            <\/a>\n                    <a href=\"https:\/\/regeszet.bibl.u-szeged.hu\/wp-content\/uploads\/2023\/08\/20-1024x768.jpg\" data-rel=\"rgg\" rel=\"rgg\" title=\"\" class=\"rgg-disabled size-medium rgg-img\" data-src=\"https:\/\/regeszet.bibl.u-szeged.hu\/wp-content\/uploads\/2023\/08\/20-300x225.jpg\" data-ratio=\"1.3333333333333\" data-height=\"225\" data-width=\"300\" aria-label=\"\">\n                            <\/a>\n                    <a href=\"https:\/\/regeszet.bibl.u-szeged.hu\/wp-content\/uploads\/2023\/08\/21-1024x768.jpg\" data-rel=\"rgg\" rel=\"rgg\" title=\"\" class=\"rgg-disabled size-medium rgg-img\" data-src=\"https:\/\/regeszet.bibl.u-szeged.hu\/wp-content\/uploads\/2023\/08\/21-300x225.jpg\" data-ratio=\"1.3333333333333\" data-height=\"225\" data-width=\"300\" aria-label=\"\">\n                            <\/a>\n                    <a href=\"https:\/\/regeszet.bibl.u-szeged.hu\/wp-content\/uploads\/2023\/08\/22-1-1024x768.jpg\" data-rel=\"rgg\" rel=\"rgg\" title=\"\" class=\"rgg-disabled size-medium rgg-img\" data-src=\"https:\/\/regeszet.bibl.u-szeged.hu\/wp-content\/uploads\/2023\/08\/22-1-300x225.jpg\" data-ratio=\"1.3333333333333\" data-height=\"225\" data-width=\"300\" aria-label=\"\">\n                            <\/a>\n                    <a href=\"https:\/\/regeszet.bibl.u-szeged.hu\/wp-content\/uploads\/2023\/08\/24-1024x768.jpg\" data-rel=\"rgg\" rel=\"rgg\" title=\"\" class=\"rgg-disabled size-medium rgg-img\" data-src=\"https:\/\/regeszet.bibl.u-szeged.hu\/wp-content\/uploads\/2023\/08\/24-300x225.jpg\" data-ratio=\"1.3333333333333\" data-height=\"225\" data-width=\"300\" aria-label=\"\">\n                            <\/a>\n                    <a href=\"https:\/\/regeszet.bibl.u-szeged.hu\/wp-content\/uploads\/2023\/08\/25-1024x768.jpg\" data-rel=\"rgg\" rel=\"rgg\" title=\"\" class=\"rgg-disabled size-medium rgg-img\" data-src=\"https:\/\/regeszet.bibl.u-szeged.hu\/wp-content\/uploads\/2023\/08\/25-300x225.jpg\" data-ratio=\"1.3333333333333\" data-height=\"225\" data-width=\"300\" aria-label=\"\">\n                            <\/a>\n                    <a href=\"https:\/\/regeszet.bibl.u-szeged.hu\/wp-content\/uploads\/2023\/08\/26-1024x768.jpg\" data-rel=\"rgg\" rel=\"rgg\" title=\"\" class=\"rgg-disabled size-medium rgg-img\" data-src=\"https:\/\/regeszet.bibl.u-szeged.hu\/wp-content\/uploads\/2023\/08\/26-300x225.jpg\" data-ratio=\"1.3333333333333\" data-height=\"225\" data-width=\"300\" aria-label=\"\">\n                            <\/a>\n                    <a href=\"https:\/\/regeszet.bibl.u-szeged.hu\/wp-content\/uploads\/2023\/08\/23-1024x768.jpg\" data-rel=\"rgg\" rel=\"rgg\" title=\"\" class=\"rgg-disabled size-medium rgg-img\" data-src=\"https:\/\/regeszet.bibl.u-szeged.hu\/wp-content\/uploads\/2023\/08\/23-300x225.jpg\" data-ratio=\"1.3333333333333\" data-height=\"225\" data-width=\"300\" aria-label=\"\">\n                            <\/a>\n            <\/div>\n<\/div>\n","protected":false},"excerpt":{"rendered":"<p>Amennyiben a szegedi egyetem r\u00e9g\u00e9szet alapk\u00e9pz\u00e9s\u00e9re jelentkeznek, a levelez\u0151rendszer\u0171 felv\u00e9teli el\u0151k\u00e9sz\u00edt\u0151 sor\u00e1n megszerzett pontokat besz\u00e1m\u00edtj\u00e1k a felv\u00e9teli pontjaikba (maximum 100 pontot). A Szegedi Tudom\u00e1nyegyetem B\u00f6lcs\u00e9szet- \u00e9s T\u00e1rsadalomtudom\u00e1nyi Kar R\u00e9g\u00e9szeti Tansz\u00e9ke \u00e1ltal szervezett p\u00e1r napos ny\u00e1ri felv\u00e9teli el\u0151k\u00e9sz\u00edt\u0151j\u00e9t 2024. augusztus 26\u201328. k\u00f6z\u00f6tt rendezz\u00fck meg Szegeden. A h\u00e1rom napos el\u0151k\u00e9sz\u00edt\u0151 sor\u00e1n a r\u00e9sztvev\u0151k el\u0151ad\u00e1sokon, gyakorlati foglalkoz\u00e1sokon vesznek &hellip; <a href=\"https:\/\/regeszet.bibl.u-szeged.hu\/index.php\/oktatas\/felvetelizoknek\/felveteli-elokeszito\/2025-2\/nyari-felveteli-elokeszito\/\" class=\"more-link\"><span class=\"screen-reader-text\">Ny\u00e1ri felv\u00e9teli el\u0151k\u00e9sz\u00edt\u0151<\/span> b\u0151vebben&#8230; <span class=\"meta-nav\">&rarr;<\/span><\/a><\/p>\n","protected":false},"author":1,"featured_media":0,"parent":6070,"menu_order":0,"comment_status":"closed","ping_status":"closed","template":"","meta":{"footnotes":""},"class_list":["post-6068","page","type-page","status-publish","hentry"],"_links":{"self":[{"href":"https:\/\/regeszet.bibl.u-szeged.hu\/index.php\/wp-json\/wp\/v2\/pages\/6068","targetHints":{"allow":["GET"]}}],"collection":[{"href":"https:\/\/regeszet.bibl.u-szeged.hu\/index.php\/wp-json\/wp\/v2\/pages"}],"about":[{"href":"https:\/\/regeszet.bibl.u-szeged.hu\/index.php\/wp-json\/wp\/v2\/types\/page"}],"author":[{"embeddable":true,"href":"https:\/\/regeszet.bibl.u-szeged.hu\/index.php\/wp-json\/wp\/v2\/users\/1"}],"replies":[{"embeddable":true,"href":"https:\/\/regeszet.bibl.u-szeged.hu\/index.php\/wp-json\/wp\/v2\/comments?post=6068"}],"version-history":[{"count":8,"href":"https:\/\/regeszet.bibl.u-szeged.hu\/index.php\/wp-json\/wp\/v2\/pages\/6068\/revisions"}],"predecessor-version":[{"id":6622,"href":"https:\/\/regeszet.bibl.u-szeged.hu\/index.php\/wp-json\/wp\/v2\/pages\/6068\/revisions\/6622"}],"up":[{"embeddable":true,"href":"https:\/\/regeszet.bibl.u-szeged.hu\/index.php\/wp-json\/wp\/v2\/pages\/6070"}],"wp:attachment":[{"href":"https:\/\/regeszet.bibl.u-szeged.hu\/index.php\/wp-json\/wp\/v2\/media?parent=6068"}],"curies":[{"name":"wp","href":"https:\/\/api.w.org\/{rel}","templated":true}]}}