{"id":680,"date":"2017-11-23T15:19:45","date_gmt":"2017-11-23T14:19:45","guid":{"rendered":"http:\/\/regeszet.bibl.u-szeged.hu\/?page_id=680"},"modified":"2025-05-20T16:03:03","modified_gmt":"2025-05-20T14:03:03","slug":"revesz-laszlo","status":"publish","type":"page","link":"https:\/\/regeszet.bibl.u-szeged.hu\/index.php\/munkatarsak\/oktatoink\/revesz-laszlo\/","title":{"rendered":"Prof. Dr. habil. R\u00e9v\u00e9sz L\u00e1szl\u00f3"},"content":{"rendered":"<p><a href=\"http:\/\/regeszet.bibl.u-szeged.hu\/wp-content\/uploads\/2021\/03\/Revesz-Laszlo.jpg\"><img loading=\"lazy\" decoding=\"async\" class=\"alignright wp-image-3815\" src=\"http:\/\/regeszet.bibl.u-szeged.hu\/wp-content\/uploads\/2021\/03\/Revesz-Laszlo-300x253.jpg\" alt=\"\" width=\"300\" height=\"253\" srcset=\"https:\/\/regeszet.bibl.u-szeged.hu\/wp-content\/uploads\/2021\/03\/Revesz-Laszlo-300x253.jpg 300w, https:\/\/regeszet.bibl.u-szeged.hu\/wp-content\/uploads\/2021\/03\/Revesz-Laszlo-1024x864.jpg 1024w, https:\/\/regeszet.bibl.u-szeged.hu\/wp-content\/uploads\/2021\/03\/Revesz-Laszlo-768x648.jpg 768w, https:\/\/regeszet.bibl.u-szeged.hu\/wp-content\/uploads\/2021\/03\/Revesz-Laszlo.jpg 1200w\" sizes=\"auto, (max-width: 300px) 100vw, 300px\" \/><\/a>egyetemi tan\u00e1r<\/p>\n<p><strong>V\u00e9gzetts\u00e9g, tudom\u00e1nyos fokozat:<\/strong> r\u00e9g\u00e9sz, muzeol\u00f3gus, MTA doktora<\/p>\n<p><strong>Kutat\u00e1si ter\u00fclet:<\/strong>\u00a0magyar honfoglal\u00e1s \u00e9s \u00e1llamalap\u00edt\u00e1s kora<\/p>\n<p><strong>E-mail:<\/strong> reveszlaszlo1986@gmail.com<\/p>\n<p><strong>Fogad\u00f3\u00f3ra: <\/strong>szerda 10:00-12:00<\/p>\n<p><strong>Linkek:<br \/>\n<\/strong><a href=\"http:\/\/regeszet.bibl.u-szeged.hu\/wp-content\/uploads\/2021\/03\/Revesz-Laszlo_szakmai-eletrajz_2021.pdf\" target=\"_blank\" rel=\"noopener noreferrer\">Szakmai \u00f6n\u00e9letrajz<\/a><br \/>\n<a href=\"https:\/\/m2.mtmt.hu\/gui2\/?type=authors&amp;mode=browse&amp;sel=10011682\" target=\"_blank\" rel=\"noopener noreferrer\">Publik\u00e1ci\u00f3k<\/a><\/p>\n","protected":false},"excerpt":{"rendered":"<p>egyetemi tan\u00e1r V\u00e9gzetts\u00e9g, tudom\u00e1nyos fokozat: r\u00e9g\u00e9sz, muzeol\u00f3gus, MTA doktora Kutat\u00e1si ter\u00fclet:\u00a0magyar honfoglal\u00e1s \u00e9s \u00e1llamalap\u00edt\u00e1s kora E-mail: reveszlaszlo1986@gmail.com Fogad\u00f3\u00f3ra: szerda 10:00-12:00 Linkek: Szakmai \u00f6n\u00e9letrajz Publik\u00e1ci\u00f3k<\/p>\n","protected":false},"author":1,"featured_media":0,"parent":102,"menu_order":6,"comment_status":"closed","ping_status":"closed","template":"","meta":{"footnotes":""},"class_list":["post-680","page","type-page","status-publish","hentry"],"_links":{"self":[{"href":"https:\/\/regeszet.bibl.u-szeged.hu\/index.php\/wp-json\/wp\/v2\/pages\/680","targetHints":{"allow":["GET"]}}],"collection":[{"href":"https:\/\/regeszet.bibl.u-szeged.hu\/index.php\/wp-json\/wp\/v2\/pages"}],"about":[{"href":"https:\/\/regeszet.bibl.u-szeged.hu\/index.php\/wp-json\/wp\/v2\/types\/page"}],"author":[{"embeddable":true,"href":"https:\/\/regeszet.bibl.u-szeged.hu\/index.php\/wp-json\/wp\/v2\/users\/1"}],"replies":[{"embeddable":true,"href":"https:\/\/regeszet.bibl.u-szeged.hu\/index.php\/wp-json\/wp\/v2\/comments?post=680"}],"version-history":[{"count":14,"href":"https:\/\/regeszet.bibl.u-szeged.hu\/index.php\/wp-json\/wp\/v2\/pages\/680\/revisions"}],"predecessor-version":[{"id":6949,"href":"https:\/\/regeszet.bibl.u-szeged.hu\/index.php\/wp-json\/wp\/v2\/pages\/680\/revisions\/6949"}],"up":[{"embeddable":true,"href":"https:\/\/regeszet.bibl.u-szeged.hu\/index.php\/wp-json\/wp\/v2\/pages\/102"}],"wp:attachment":[{"href":"https:\/\/regeszet.bibl.u-szeged.hu\/index.php\/wp-json\/wp\/v2\/media?parent=680"}],"curies":[{"name":"wp","href":"https:\/\/api.w.org\/{rel}","templated":true}]}}

Prof. Dr. habil. Révész László

<p><a href="http://regeszet.bibl.u-szeged.hu/wp-content/uploads/2021/03/Revesz-Laszlo.jpg"><img loading="lazy" decoding="async" class="alignright wp-image-3815" src="http://regeszet.bibl.u-szeged.hu/wp-content/uploads/2021/03/Revesz-Laszlo-300x253.jpg" alt="" width="300" height="253" srcset="https://regeszet.bibl.u-szeged.hu/wp-content/uploads/2021/03/Revesz-Laszlo-300x253.jpg 300w, https://regeszet.bibl.u-szeged.hu/wp-content/uploads/2021/03/Revesz-Laszlo-1024x864.jpg 1024w, https://regeszet.bibl.u-szeged.hu/wp-content/uploads/2021/03/Revesz-Laszlo-768x648.jpg 768w, https://regeszet.bibl.u-szeged.hu/wp-content/uploads/2021/03/Revesz-Laszlo.jpg 1200w" sizes="auto, (max-width: 300px) 100vw, 300px" /></a>egyetemi tanár</p>
<p><strong>Végzettség, tudományos fokozat:</strong> régész, muzeológus, MTA doktora</p>
<p><strong>Kutatási terület:</strong> magyar honfoglalás és államalapítás kora</p>
<p><strong>E-mail:</strong> reveszlaszlo1986@gmail.com</p>
<p><strong>Fogadóóra: </strong>szerda 10:00-12:00</p>
<p><strong>Linkek:<br />
</strong><a href="http://regeszet.bibl.u-szeged.hu/wp-content/uploads/2021/03/Revesz-Laszlo_szakmai-eletrajz_2021.pdf" target="_blank" rel="noopener noreferrer">Szakmai önéletrajz</a><br />
<a href="https://m2.mtmt.hu/gui2/?type=authors&amp;mode=browse&amp;sel=10011682" target="_blank" rel="noopener noreferrer">Publikációk</a></p>

<p>egyetemi tanár Végzettség, tudományos fokozat: régész, muzeológus, MTA doktora Kutatási terület: magyar honfoglalás és államalapítás kora E-mail: reveszlaszlo1986@gmail.com Fogadóóra: szerda 10:00-12:00 Linkek: Szakmai önéletrajz Publikációk</p>
