{"id":682,"date":"2017-11-23T15:20:06","date_gmt":"2017-11-23T14:20:06","guid":{"rendered":"http:\/\/regeszet.bibl.u-szeged.hu\/?page_id=682"},"modified":"2022-02-11T21:25:10","modified_gmt":"2022-02-11T20:25:10","slug":"voros-gabriella","status":"publish","type":"page","link":"https:\/\/regeszet.bibl.u-szeged.hu\/index.php\/munkatarsak\/oktatoink\/voros-gabriella\/","title":{"rendered":"Dr. V\u00f6r\u00f6s Gabriella"},"content":{"rendered":"<p><a href=\"http:\/\/regeszet.bibl.u-szeged.hu\/wp-content\/uploads\/2017\/11\/VorosGabriella.jpg\"><img loading=\"lazy\" decoding=\"async\" class=\"alignright wp-image-777\" src=\"http:\/\/regeszet.bibl.u-szeged.hu\/wp-content\/uploads\/2017\/11\/VorosGabriella.jpg\" alt=\"\" width=\"213\" height=\"300\" \/><\/a>c\u00edmzetes egyetemi docens<\/p>\n<p><strong>V\u00e9gzetts\u00e9g:<\/strong> r\u00e9g\u00e9sz, muzeol\u00f3gus<\/p>\n<p><strong>Kutat\u00e1si ter\u00fclet:<\/strong> Az Alf\u00f6ld r\u00f3mai kora<\/p>\n<p><strong>E-mail:<\/strong> vorosgabriella@yahoo.com<\/p>\n<p><strong>Fogad\u00f3\u00f3ra: <\/strong>egyeztet\u00e9s szerint<\/p>\n<p><strong>Linkek:<br \/>\n<\/strong><a href=\"http:\/\/regeszet.bibl.u-szeged.hu\/wp-content\/uploads\/2021\/03\/Voros-Gabriella_szakmai-eletrajz_2021.pdf\" target=\"_blank\" rel=\"noopener\">Szakmai \u00f6n\u00e9letrajz<\/a><br \/>\n<a href=\"http:\/\/regeszet.bibl.u-szeged.hu\/wp-content\/uploads\/2021\/03\/Voros-Gabriella_publikaciok_2021.pdf\" target=\"_blank\" rel=\"noopener\">Publik\u00e1ci\u00f3k<\/a><\/p>\n","protected":false},"excerpt":{"rendered":"<p>c\u00edmzetes egyetemi docens V\u00e9gzetts\u00e9g: r\u00e9g\u00e9sz, muzeol\u00f3gus Kutat\u00e1si ter\u00fclet: Az Alf\u00f6ld r\u00f3mai kora E-mail: vorosgabriella@yahoo.com Fogad\u00f3\u00f3ra: egyeztet\u00e9s szerint Linkek: Szakmai \u00f6n\u00e9letrajz Publik\u00e1ci\u00f3k<\/p>\n","protected":false},"author":1,"featured_media":0,"parent":102,"menu_order":7,"comment_status":"closed","ping_status":"closed","template":"","meta":{"footnotes":""},"class_list":["post-682","page","type-page","status-publish","hentry"],"_links":{"self":[{"href":"https:\/\/regeszet.bibl.u-szeged.hu\/index.php\/wp-json\/wp\/v2\/pages\/682","targetHints":{"allow":["GET"]}}],"collection":[{"href":"https:\/\/regeszet.bibl.u-szeged.hu\/index.php\/wp-json\/wp\/v2\/pages"}],"about":[{"href":"https:\/\/regeszet.bibl.u-szeged.hu\/index.php\/wp-json\/wp\/v2\/types\/page"}],"author":[{"embeddable":true,"href":"https:\/\/regeszet.bibl.u-szeged.hu\/index.php\/wp-json\/wp\/v2\/users\/1"}],"replies":[{"embeddable":true,"href":"https:\/\/regeszet.bibl.u-szeged.hu\/index.php\/wp-json\/wp\/v2\/comments?post=682"}],"version-history":[{"count":8,"href":"https:\/\/regeszet.bibl.u-szeged.hu\/index.php\/wp-json\/wp\/v2\/pages\/682\/revisions"}],"predecessor-version":[{"id":4636,"href":"https:\/\/regeszet.bibl.u-szeged.hu\/index.php\/wp-json\/wp\/v2\/pages\/682\/revisions\/4636"}],"up":[{"embeddable":true,"href":"https:\/\/regeszet.bibl.u-szeged.hu\/index.php\/wp-json\/wp\/v2\/pages\/102"}],"wp:attachment":[{"href":"https:\/\/regeszet.bibl.u-szeged.hu\/index.php\/wp-json\/wp\/v2\/media?parent=682"}],"curies":[{"name":"wp","href":"https:\/\/api.w.org\/{rel}","templated":true}]}}