{"id":694,"date":"2017-11-23T15:23:24","date_gmt":"2017-11-23T14:23:24","guid":{"rendered":"http:\/\/regeszet.bibl.u-szeged.hu\/?page_id=694"},"modified":"2019-02-03T18:28:53","modified_gmt":"2019-02-03T17:28:53","slug":"berta-adrian","status":"publish","type":"page","link":"https:\/\/regeszet.bibl.u-szeged.hu\/index.php\/munkatarsak\/phd-hallgatoink\/berta-adrian\/","title":{"rendered":"Berta Adri\u00e1n"},"content":{"rendered":"<p><strong>Doktori iskola:<\/strong> SZTE BTK T\u00f6rt\u00e9nelemtudom\u00e1nyi Doktori Iskola, Medievisztika program (abszolut\u00f3rium)<\/p>\n<p><strong>V\u00e9gzetts\u00e9g:<\/strong> r\u00e9g\u00e9sz<\/p>\n<p><strong>Kutat\u00e1si ter\u00fclet:<\/strong> k\u00f6z\u00e9pkor, etnikum \u00e9s r\u00e9g\u00e9szet, f\u00e9mm\u0171vess\u00e9g, v\u00e1rak, D\u00e9l\u2013Alf\u00f6ld<\/p>\n<p><strong>E-mail:<\/strong> adrianberta@gmail.com<\/p>\n<p><strong>Linkek:<br \/>\n<\/strong><a href=\"http:\/\/regeszet.bibl.u-szeged.hu\/wp-content\/uploads\/2017\/11\/Berta_CV.pdf\" target=\"_blank\" rel=\"noopener\">Szakmai \u00f6n\u00e9letrajz<\/a><br \/>\n<a href=\"https:\/\/m2.mtmt.hu\/gui2\/?type=authors&amp;mode=browse&amp;sel=10037241\" target=\"_blank\" rel=\"noopener\">Publik\u00e1ci\u00f3k<\/a><\/p>\n","protected":false},"excerpt":{"rendered":"<p>Doktori iskola: SZTE BTK T\u00f6rt\u00e9nelemtudom\u00e1nyi Doktori Iskola, Medievisztika program (abszolut\u00f3rium) V\u00e9gzetts\u00e9g: r\u00e9g\u00e9sz Kutat\u00e1si ter\u00fclet: k\u00f6z\u00e9pkor, etnikum \u00e9s r\u00e9g\u00e9szet, f\u00e9mm\u0171vess\u00e9g, v\u00e1rak, D\u00e9l\u2013Alf\u00f6ld E-mail: adrianberta@gmail.com Linkek: Szakmai \u00f6n\u00e9letrajz Publik\u00e1ci\u00f3k<\/p>\n","protected":false},"author":1,"featured_media":0,"parent":106,"menu_order":1,"comment_status":"closed","ping_status":"closed","template":"","meta":{"footnotes":""},"class_list":["post-694","page","type-page","status-publish","hentry"],"_links":{"self":[{"href":"https:\/\/regeszet.bibl.u-szeged.hu\/index.php\/wp-json\/wp\/v2\/pages\/694","targetHints":{"allow":["GET"]}}],"collection":[{"href":"https:\/\/regeszet.bibl.u-szeged.hu\/index.php\/wp-json\/wp\/v2\/pages"}],"about":[{"href":"https:\/\/regeszet.bibl.u-szeged.hu\/index.php\/wp-json\/wp\/v2\/types\/page"}],"author":[{"embeddable":true,"href":"https:\/\/regeszet.bibl.u-szeged.hu\/index.php\/wp-json\/wp\/v2\/users\/1"}],"replies":[{"embeddable":true,"href":"https:\/\/regeszet.bibl.u-szeged.hu\/index.php\/wp-json\/wp\/v2\/comments?post=694"}],"version-history":[{"count":6,"href":"https:\/\/regeszet.bibl.u-szeged.hu\/index.php\/wp-json\/wp\/v2\/pages\/694\/revisions"}],"predecessor-version":[{"id":2509,"href":"https:\/\/regeszet.bibl.u-szeged.hu\/index.php\/wp-json\/wp\/v2\/pages\/694\/revisions\/2509"}],"up":[{"embeddable":true,"href":"https:\/\/regeszet.bibl.u-szeged.hu\/index.php\/wp-json\/wp\/v2\/pages\/106"}],"wp:attachment":[{"href":"https:\/\/regeszet.bibl.u-szeged.hu\/index.php\/wp-json\/wp\/v2\/media?parent=694"}],"curies":[{"name":"wp","href":"https:\/\/api.w.org\/{rel}","templated":true}]}}