{"id":70,"date":"2017-11-22T08:03:55","date_gmt":"2017-11-22T07:03:55","guid":{"rendered":"http:\/\/regeszet.bibl.u-szeged.hu\/?page_id=70"},"modified":"2025-05-20T15:58:40","modified_gmt":"2025-05-20T13:58:40","slug":"kapcsolat","status":"publish","type":"page","link":"https:\/\/regeszet.bibl.u-szeged.hu\/index.php\/kapcsolat\/","title":{"rendered":"Kapcsolat"},"content":{"rendered":"<p style=\"text-align: center;\"><strong>Szegedi Tudom\u00e1nyegyetem B\u00f6lcs\u00e9szet- \u00e9s T\u00e1rsadalomtudom\u00e1nyi Kar R\u00e9g\u00e9szeti Tansz\u00e9k<\/strong><\/p>\n<p style=\"text-align: center;\"><strong>Tansz\u00e9kvezet\u0151<br \/>\n<\/strong>Dr. habil. Kov\u00e1cs Szilvia<\/p>\n<p style=\"text-align: center;\"><strong>Oktat\u00e1sszervez\u0151, tanulm\u00e1nyi \u00fcgyek\u00e9rt felel\u0151s oktat\u00f3<\/strong><br \/>\nDr. Pint\u00e9r-Nagy Katalin<br \/>\nb.nagykatalin@gmail.com<br \/>\n62\/343-066<\/p>\n<p style=\"text-align: center;\"><strong>Titk\u00e1rs\u00e1g<br \/>\n<\/strong>Walter Dorottya<br \/>\ntansz\u00e9ki \u00fcgyint\u00e9z\u0151-szak\u00e9rt\u0151<br \/>\nAltajisztikai Tansz\u00e9k (SZTE BTK I. emelet)<br \/>\nwalter.dorottya@szte.hu<br \/>\n62\/544-320<br \/>\nH\u00e9tf\u0151, kedd, cs\u00fct\u00f6rt\u00f6k: 9:00-13:00<br \/>\nSzerda: 8:00-16:00<\/p>\n<p style=\"text-align: center;\"><strong>Levelez\u00e9si c\u00edm<br \/>\n<\/strong>6722 Szeged, Egyetem utca 2.<\/p>\n<p style=\"text-align: center;\"><strong>Telefon<br \/>\n<\/strong>62\/343-066<\/p>\n<p style=\"text-align: center;\"><strong>E-mail<\/strong><br \/>\nszte.btk.regeszeti.tanszek@gmail.com<\/p>\n<p style=\"text-align: center;\"><strong>Facebook<\/strong><br \/>\n<a href=\"https:\/\/www.facebook.com\/regeszeti.tanszek.szeged\/\" target=\"_blank\" rel=\"noopener noreferrer\">https:\/\/www.facebook.com\/regeszeti.tanszek.szeged\/<\/a><\/p>\n<p style=\"text-align: center;\"><strong>YouTube<\/strong><br \/>\n<a href=\"https:\/\/www.youtube.com\/channel\/UCU3kpK7773em3mX8daFTnag\" target=\"_blank\" rel=\"noopener noreferrer\">https:\/\/www.youtube.com\/channel\/UCU3kpK7773em3mX8daFTnag<\/a><\/p>\n<p style=\"text-align: center;\"><strong>A honlap szerkeszt\u0151i<br \/>\n<\/strong>Pint\u00e9r-Nagy Katalin<br \/>\nKiss-B\u00edr\u00f3 Gy\u00f6ngyv\u00e9r<\/p>\n<p>&nbsp;<\/p>\n","protected":false},"excerpt":{"rendered":"<p>Szegedi Tudom\u00e1nyegyetem B\u00f6lcs\u00e9szet- \u00e9s T\u00e1rsadalomtudom\u00e1nyi Kar R\u00e9g\u00e9szeti Tansz\u00e9k Tansz\u00e9kvezet\u0151 Dr. habil. Kov\u00e1cs Szilvia Oktat\u00e1sszervez\u0151, tanulm\u00e1nyi \u00fcgyek\u00e9rt felel\u0151s oktat\u00f3 Dr. Pint\u00e9r-Nagy Katalin b.nagykatalin@gmail.com 62\/343-066 Titk\u00e1rs\u00e1g Walter Dorottya tansz\u00e9ki \u00fcgyint\u00e9z\u0151-szak\u00e9rt\u0151 Altajisztikai Tansz\u00e9k (SZTE BTK I. emelet) walter.dorottya@szte.hu 62\/544-320 H\u00e9tf\u0151, kedd, cs\u00fct\u00f6rt\u00f6k: 9:00-13:00 Szerda: 8:00-16:00 Levelez\u00e9si c\u00edm 6722 Szeged, Egyetem utca 2. Telefon 62\/343-066 E-mail szte.btk.regeszeti.tanszek@gmail.com Facebook https:\/\/www.facebook.com\/regeszeti.tanszek.szeged\/ &hellip; <a href=\"https:\/\/regeszet.bibl.u-szeged.hu\/index.php\/kapcsolat\/\" class=\"more-link\"><span class=\"screen-reader-text\">Kapcsolat<\/span> b\u0151vebben&#8230; <span class=\"meta-nav\">&rarr;<\/span><\/a><\/p>\n","protected":false},"author":1,"featured_media":0,"parent":0,"menu_order":13,"comment_status":"closed","ping_status":"closed","template":"","meta":{"footnotes":""},"class_list":["post-70","page","type-page","status-publish","hentry"],"_links":{"self":[{"href":"https:\/\/regeszet.bibl.u-szeged.hu\/index.php\/wp-json\/wp\/v2\/pages\/70","targetHints":{"allow":["GET"]}}],"collection":[{"href":"https:\/\/regeszet.bibl.u-szeged.hu\/index.php\/wp-json\/wp\/v2\/pages"}],"about":[{"href":"https:\/\/regeszet.bibl.u-szeged.hu\/index.php\/wp-json\/wp\/v2\/types\/page"}],"author":[{"embeddable":true,"href":"https:\/\/regeszet.bibl.u-szeged.hu\/index.php\/wp-json\/wp\/v2\/users\/1"}],"replies":[{"embeddable":true,"href":"https:\/\/regeszet.bibl.u-szeged.hu\/index.php\/wp-json\/wp\/v2\/comments?post=70"}],"version-history":[{"count":21,"href":"https:\/\/regeszet.bibl.u-szeged.hu\/index.php\/wp-json\/wp\/v2\/pages\/70\/revisions"}],"predecessor-version":[{"id":6947,"href":"https:\/\/regeszet.bibl.u-szeged.hu\/index.php\/wp-json\/wp\/v2\/pages\/70\/revisions\/6947"}],"wp:attachment":[{"href":"https:\/\/regeszet.bibl.u-szeged.hu\/index.php\/wp-json\/wp\/v2\/media?parent=70"}],"curies":[{"name":"wp","href":"https:\/\/api.w.org\/{rel}","templated":true}]}}

<p style="text-align: center;"><strong>Szegedi Tudományegyetem Bölcsészet- és Társadalomtudományi Kar Régészeti Tanszék</strong></p>
<p style="text-align: center;"><strong>Tanszékvezető<br />
</strong>Dr. habil. Kovács Szilvia</p>
<p style="text-align: center;"><strong>Oktatásszervező, tanulmányi ügyekért felelős oktató</strong><br />
Dr. Pintér-Nagy Katalin<br />
b.nagykatalin@gmail.com<br />
62/343-066</p>
<p style="text-align: center;"><strong>Titkárság<br />
</strong>Walter Dorottya<br />
tanszéki ügyintéző-szakértő<br />
Altajisztikai Tanszék (SZTE BTK I. emelet)<br />
walter.dorottya@szte.hu<br />
62/544-320<br />
Hétfő, kedd, csütörtök: 9:00-13:00<br />
Szerda: 8:00-16:00</p>
<p style="text-align: center;"><strong>Levelezési cím<br />
</strong>6722 Szeged, Egyetem utca 2.</p>
<p style="text-align: center;"><strong>Telefon<br />
</strong>62/343-066</p>
<p style="text-align: center;"><strong>E-mail</strong><br />
szte.btk.regeszeti.tanszek@gmail.com</p>
<p style="text-align: center;"><strong>Facebook</strong><br />
<a href="https://www.facebook.com/regeszeti.tanszek.szeged/" target="_blank" rel="noopener noreferrer">https://www.facebook.com/regeszeti.tanszek.szeged/</a></p>
<p style="text-align: center;"><strong>YouTube</strong><br />
<a href="https://www.youtube.com/channel/UCU3kpK7773em3mX8daFTnag" target="_blank" rel="noopener noreferrer">https://www.youtube.com/channel/UCU3kpK7773em3mX8daFTnag</a></p>
<p style="text-align: center;"><strong>A honlap szerkesztői<br />
</strong>Pintér-Nagy Katalin<br />
Kiss-Bíró Gyöngyvér</p>
<p>&nbsp;</p>

<p>Szegedi Tudományegyetem Bölcsészet- és Társadalomtudományi Kar Régészeti Tanszék Tanszékvezető Dr. habil. Kovács Szilvia Oktatásszervező, tanulmányi ügyekért felelős oktató Dr. Pintér-Nagy Katalin b.nagykatalin@gmail.com 62/343-066 Titkárság Walter Dorottya tanszéki ügyintéző-szakértő Altajisztikai Tanszék (SZTE BTK I. emelet) walter.dorottya@szte.hu 62/544-320 Hétfő, kedd, csütörtök: 9:00-13:00 Szerda: 8:00-16:00 Levelezési cím 6722 Szeged, Egyetem utca 2. Telefon 62/343-066 E-mail szte.btk.regeszeti.tanszek@gmail.com Facebook https://www.facebook.com/regeszeti.tanszek.szeged/ &hellip; <a href="https://regeszet.bibl.u-szeged.hu/index.php/kapcsolat/" class="more-link"><span class="screen-reader-text">Kapcsolat</span> bővebben&#8230; <span class="meta-nav">&rarr;</span></a></p>
