{"id":716,"date":"2017-11-23T15:27:13","date_gmt":"2017-11-23T14:27:13","guid":{"rendered":"http:\/\/regeszet.bibl.u-szeged.hu\/?page_id=716"},"modified":"2019-02-03T18:46:58","modified_gmt":"2019-02-03T17:46:58","slug":"varga-sandor","status":"publish","type":"page","link":"https:\/\/regeszet.bibl.u-szeged.hu\/index.php\/munkatarsak\/phd-hallgatoink\/varga-sandor\/","title":{"rendered":"Varga S\u00e1ndor"},"content":{"rendered":"<p><strong><a href=\"http:\/\/regeszet.bibl.u-szeged.hu\/wp-content\/uploads\/2017\/11\/Varga_S_foto.jpg\"><img loading=\"lazy\" decoding=\"async\" class=\"alignright wp-image-840\" src=\"http:\/\/regeszet.bibl.u-szeged.hu\/wp-content\/uploads\/2017\/11\/Varga_S_foto.jpg\" alt=\"\" width=\"255\" height=\"300\" \/><\/a>Doktori iskola, doktori program<\/strong>: SZTE BTK, T\u00f6rt\u00e9nettudom\u00e1nyi Doktori Iskola, Medievisztika Program, R\u00e9g\u00e9szet szakir\u00e1ny<\/p>\n<p><strong>V\u00e9gzetts\u00e9g:<\/strong> r\u00e9g\u00e9sz, muzeol\u00f3gus<\/p>\n<p><strong>Munkahely:<\/strong> M\u00f3ra Ferenc M\u00fazeum, Szeged<\/p>\n<p><strong>Kutat\u00e1si ter\u00fclet:<\/strong> 10\u201311. sz\u00e1zad, a magyar honfoglal\u00e1s \u00e9s \u00e1llamalap\u00edt\u00e1s kora<\/p>\n<p><strong>E-mail:<\/strong> varga.sandor.arch@gmail.com<\/p>\n<p><strong>Linkek:<br \/>\n<\/strong><a href=\"http:\/\/regeszet.bibl.u-szeged.hu\/wp-content\/uploads\/2017\/11\/Varga_CV.pdf\" target=\"_blank\" rel=\"noopener\">Szakmai \u00f6n\u00e9letrajz<\/a><br \/>\n<a href=\"https:\/\/m2.mtmt.hu\/gui2\/?type=authors&amp;mode=browse&amp;sel=10057496\" target=\"_blank\" rel=\"noopener\">Publik\u00e1ci\u00f3k<\/a><\/p>\n","protected":false},"excerpt":{"rendered":"<p>Doktori iskola, doktori program: SZTE BTK, T\u00f6rt\u00e9nettudom\u00e1nyi Doktori Iskola, Medievisztika Program, R\u00e9g\u00e9szet szakir\u00e1ny V\u00e9gzetts\u00e9g: r\u00e9g\u00e9sz, muzeol\u00f3gus Munkahely: M\u00f3ra Ferenc M\u00fazeum, Szeged Kutat\u00e1si ter\u00fclet: 10\u201311. sz\u00e1zad, a magyar honfoglal\u00e1s \u00e9s \u00e1llamalap\u00edt\u00e1s kora E-mail: varga.sandor.arch@gmail.com Linkek: Szakmai \u00f6n\u00e9letrajz Publik\u00e1ci\u00f3k<\/p>\n","protected":false},"author":1,"featured_media":0,"parent":106,"menu_order":12,"comment_status":"closed","ping_status":"closed","template":"","meta":{"footnotes":""},"class_list":["post-716","page","type-page","status-publish","hentry"],"_links":{"self":[{"href":"https:\/\/regeszet.bibl.u-szeged.hu\/index.php\/wp-json\/wp\/v2\/pages\/716","targetHints":{"allow":["GET"]}}],"collection":[{"href":"https:\/\/regeszet.bibl.u-szeged.hu\/index.php\/wp-json\/wp\/v2\/pages"}],"about":[{"href":"https:\/\/regeszet.bibl.u-szeged.hu\/index.php\/wp-json\/wp\/v2\/types\/page"}],"author":[{"embeddable":true,"href":"https:\/\/regeszet.bibl.u-szeged.hu\/index.php\/wp-json\/wp\/v2\/users\/1"}],"replies":[{"embeddable":true,"href":"https:\/\/regeszet.bibl.u-szeged.hu\/index.php\/wp-json\/wp\/v2\/comments?post=716"}],"version-history":[{"count":5,"href":"https:\/\/regeszet.bibl.u-szeged.hu\/index.php\/wp-json\/wp\/v2\/pages\/716\/revisions"}],"predecessor-version":[{"id":2520,"href":"https:\/\/regeszet.bibl.u-szeged.hu\/index.php\/wp-json\/wp\/v2\/pages\/716\/revisions\/2520"}],"up":[{"embeddable":true,"href":"https:\/\/regeszet.bibl.u-szeged.hu\/index.php\/wp-json\/wp\/v2\/pages\/106"}],"wp:attachment":[{"href":"https:\/\/regeszet.bibl.u-szeged.hu\/index.php\/wp-json\/wp\/v2\/media?parent=716"}],"curies":[{"name":"wp","href":"https:\/\/api.w.org\/{rel}","templated":true}]}}