{"id":93,"date":"2017-11-22T08:45:05","date_gmt":"2017-11-22T07:45:05","guid":{"rendered":"http:\/\/regeszet.bibl.u-szeged.hu\/?page_id=93"},"modified":"2017-11-22T15:10:00","modified_gmt":"2017-11-22T14:10:00","slug":"tanszekunk-tortenete","status":"publish","type":"page","link":"https:\/\/regeszet.bibl.u-szeged.hu\/index.php\/tanszekunk\/tanszekunk-tortenete\/","title":{"rendered":"Tansz\u00e9k\u00fcnk t\u00f6rt\u00e9nete"},"content":{"rendered":"<p>A trianoni b\u00e9keszerz\u0151d\u00e9s ut\u00e1n az 1872-ben alap\u00edtott kolozsv\u00e1ri Ferenc J\u00f3zsef Tudom\u00e1nyegyetem Szegedre k\u00f6lt\u00f6z\u00e9sekor a r\u00e9g\u00e9szeti tansz\u00e9k is \u00e1ttelep\u00fclt az alf\u00f6ldi v\u00e1rosba. A szegedi r\u00e9g\u00e9szeti oktat\u00e1s szoros sz\u00e1lakkal k\u00f6t\u0151d\u00f6tt a P\u00f3sta B\u00e9la \u00e1ltal l\u00e9trehozott int\u00e9zm\u00e9nyhez. Ennek z\u00e1loga P\u00f3sta egykori tan\u00edtv\u00e1nya, Buday \u00c1rp\u00e1d volt, a szegedi int\u00e9zm\u00e9ny els\u0151 tansz\u00e9kvezet\u0151je (1924\u20131937), aki 1921 ut\u00e1n \u2013 Szegedre ker\u00fcl\u00e9s\u00e9t k\u00f6vet\u0151en \u2013 szervezte \u00fajj\u00e1 a tansz\u00e9ket. Mester\u00e9hez hasonl\u00f3an az elm\u00e9leti oktat\u00e1st szorosan \u00f6sszekapcsolta a gyakorlattal. Ugyancsak kolozsv\u00e1ri mint\u00e1ra ind\u00edtotta el a tansz\u00e9k foly\u00f3irat\u00e1t Dolgozatok a Magyar Kir\u00e1lyi Ferencz J\u00f3zsef Tudom\u00e1nyegyetem Archaeologiai Int\u00e9zet\u00e9b\u0151l c\u00edmmel. Az \u00fajj\u00e1alakult r\u00e9g\u00e9szeti tansz\u00e9k az egykori Magyarorsz\u00e1gi Vas\u00fati K\u00f6zponti Lesz\u00e1m\u00edt\u00f3 Hivatal \u00e9p\u00fclet\u00e9nek harmadik emelet\u00e9n kapott helyet.<\/p>\n<figure id=\"attachment_311\" aria-describedby=\"caption-attachment-311\" style=\"width: 290px\" class=\"wp-caption aligncenter\"><img loading=\"lazy\" decoding=\"async\" class=\"wp-image-311 size-full\" src=\"http:\/\/regeszet.bibl.u-szeged.hu\/wp-content\/uploads\/2017\/11\/01.Buday_\u00c1rp\u00e1d_1879-1937.jpg\" alt=\"Buday \u00c1rp\u00e1d (1879-1937)\" width=\"290\" height=\"336\" \/><figcaption id=\"caption-attachment-311\" class=\"wp-caption-text\">Buday \u00c1rp\u00e1d (1879\u20131937)<\/br>(Forr\u00e1s: Szeged &#8211; SZTE Egyetemi K\u00f6nyvt\u00e1r gy\u0171jtem\u00e9nye, Szeged)<\/figcaption><\/figure>\n<p>Buday \u00c1rp\u00e1d hal\u00e1la ut\u00e1n Buday munkat\u00e1rsa, Banner J\u00e1nos (1937\u20131946) lett a tansz\u00e9k vezet\u0151je, aki kiemelked\u0151 munk\u00e1j\u00e1val a legszervezettebb hazai r\u00e9g\u00e9szeti tansz\u00e9kk\u00e9 tette a szegedit. Banner r\u00e9g\u00e9szeti kutat\u00e1sainak alapvet\u0151 koncepci\u00f3ja a tervszer\u0171 t\u00e1jkutat\u00e1s volt, amelyet 1927 \u00e9s 1944 k\u00f6z\u00f6tt els\u0151k\u00e9nt val\u00f3s\u00edtott meg haz\u00e1nkban a szegedi R\u00e9gis\u00e9gtudom\u00e1nyi Int\u00e9zetben. Vezet\u00e9s\u00e9vel sorozatos, szakszer\u0171 tansz\u00e9ki \u00e1sat\u00e1sok folytak H\u00f3dmez\u0151v\u00e1s\u00e1rhely hat\u00e1r\u00e1ban. \u00c9vente szisztematikusan \u00e1tkutattak egy-egy ter\u00fcletet, ezeken olyan lel\u0151helyeket t\u00e1rtak fel (p\u00e9ld\u00e1ul H\u00f3dmez\u0151v\u00e1s\u00e1rhely\u2013K\u00f6k\u00e9nydomb), amelyek alapvet\u0151 forr\u00e1sanyagokat produk\u00e1ltak nemcsak a t\u00e9rs\u00e9g, hanem az eg\u00e9sz K\u00e1rp\u00e1t-medence r\u00e9g\u00e9szeti probl\u00e9m\u00e1inak tiszt\u00e1z\u00e1s\u00e1hoz. Banner emellett jelent\u0151s tudom\u00e1nyszervez\u0151i munk\u00e1t is v\u00e9gzett, m\u00e9g Szegeden jelent meg a K\u00f6z\u00e9p-Duna-medence r\u00e9g\u00e9szeti bibliogr\u00e1fi\u00e1ja c\u00edm\u0171 munk\u00e1j\u00e1nak els\u0151 k\u00f6tete.<\/p>\n<figure id=\"attachment_398\" aria-describedby=\"caption-attachment-398\" style=\"width: 348px\" class=\"wp-caption aligncenter\"><img loading=\"lazy\" decoding=\"async\" class=\"wp-image-398 size-full\" src=\"http:\/\/regeszet.bibl.u-szeged.hu\/wp-content\/uploads\/2017\/11\/02.Banner_J\u00e1nos_1888-1971.jpg\" alt=\"\" width=\"348\" height=\"451\" \/><figcaption id=\"caption-attachment-398\" class=\"wp-caption-text\">Banner J\u00e1nos (1888\u20131971)<\/br>(Forr\u00e1s: Szeged &#8211; SZTE Egyetemi K\u00f6nyvt\u00e1r gy\u0171jtem\u00e9nye, Szeged)<\/figcaption><\/figure>\n<p>A II. vil\u00e1gh\u00e1bor\u00fat k\u00f6vet\u0151en azonban Budapestre ker\u00fclt a tansz\u00e9k munkat\u00e1rsainak d\u00f6nt\u0151 t\u00f6bbs\u00e9ge. Szegeden Roska M\u00e1rton (1947\u20131949), a Kolozsv\u00e1rr\u00f3l \u00e1ttelep\u00fclt kit\u0171n\u0151 \u0151sr\u00e9g\u00e9sz tartott r\u00e9g\u00e9szeti \u00f3r\u00e1kat. Az \u00f6tvenes \u00e9vek elej\u00e9n megsz\u00fcntett\u00e9k a tansz\u00e9ket, ennek ellen\u00e9re a r\u00e9g\u00e9szeti oktat\u00e1s nem \u00e1llt meg Szegeden. Az \u00d3kort\u00f6rt\u00e9neti Tansz\u00e9ken Sz\u00e1deczky-Kardoss Samu tartott tov\u00e1bbra is r\u00e9g\u00e9szeti t\u00e1rgy\u00fa el\u0151ad\u00e1sokat.<\/p>\n<figure id=\"attachment_400\" aria-describedby=\"caption-attachment-400\" style=\"width: 300px\" class=\"wp-caption aligncenter\"><img loading=\"lazy\" decoding=\"async\" class=\"wp-image-400\" src=\"http:\/\/regeszet.bibl.u-szeged.hu\/wp-content\/uploads\/2017\/11\/RoskaMarton.jpg\" alt=\"\" width=\"300\" height=\"449\" \/><figcaption id=\"caption-attachment-400\" class=\"wp-caption-text\">Roska M\u00e1rton (1880\u20131961)<\/br>(Forr\u00e1s: Debreceni Egyetem elektronikus Arch\u00edvum, http:\/\/hdl.handle.net\/2437\/81497)<\/figcaption><\/figure>\n<p>&nbsp;<\/p>\n<figure id=\"attachment_401\" aria-describedby=\"caption-attachment-401\" style=\"width: 300px\" class=\"wp-caption aligncenter\"><img loading=\"lazy\" decoding=\"async\" class=\"wp-image-401 size-full\" src=\"http:\/\/regeszet.bibl.u-szeged.hu\/wp-content\/uploads\/2017\/11\/05.Sz\u00e1deczky-Kardoss_Samu_1918-2004.jpg\" alt=\"\" width=\"300\" height=\"430\" \/><figcaption id=\"caption-attachment-401\" class=\"wp-caption-text\">Sz\u00e1deczky-Kardoss Samu (1918\u20132004)<\/br>(Forr\u00e1s: Szeged &#8211; SZTE Egyetemi K\u00f6nyvt\u00e1r gy\u0171jtem\u00e9nye, Szeged)<\/figcaption><\/figure>\n<p>1962 \u00e9s 1968 k\u00f6z\u00f6tt Gazdapusztai Gyula vezet\u00e9s\u00e9vel \u00fajraindult a szisztematikus r\u00e9g\u00e9szeti oktat\u00e1s, melybe 1965-t\u0151l Trogmayer Ott\u00f3 is bekapcsol\u00f3dott, el\u0151sz\u00f6r megh\u00edvott el\u0151ad\u00f3k\u00e9nt, majd c\u00edmzetes egyetemi docensk\u00e9nt. Trogmayer Ott\u00f3 h\u00edvta \u00e9letre a magyar r\u00e9g\u00e9szk\u00e9pz\u00e9s \u201eszegedi iskol\u00e1j\u00e1t.\u201d Az elm\u00e9leti oktat\u00e1s mellett komoly hangs\u00falyt fektetett a terepi gyakorlatokra. F\u0151 ir\u00e1nyelve volt, hogy olyan szakembereket k\u00e9pezzen, akik az \u00f6sszes r\u00e9g\u00e9szeti korszak kutat\u00e1s\u00e1ban otthonosan mozognak, \u00e9s k\u00e9pesek legyenek a vid\u00e9ki m\u00fazeumok komplex feladatinak az ell\u00e1t\u00e1s\u00e1ra is. 1989-ben \u00fajb\u00f3l \u00f6n\u00e1ll\u00f3 tansz\u00e9k lett, tansz\u00e9kvezet\u0151je Trogmayer Ott\u00f3 (1989\u20131997). Ebben az id\u0151szakban 2003-ig \u201eB\u201d felv\u00e9tel\u0171 major szakk\u00e9nt vehett\u00e9k fel a szegedi hallgat\u00f3k a r\u00e9g\u00e9szetet.<\/p>\n<figure id=\"attachment_409\" aria-describedby=\"caption-attachment-409\" style=\"width: 300px\" class=\"wp-caption aligncenter\"><img loading=\"lazy\" decoding=\"async\" class=\"wp-image-409 size-full\" src=\"http:\/\/regeszet.bibl.u-szeged.hu\/wp-content\/uploads\/2017\/11\/Gazdapusztai.jpg\" alt=\"Gazdapusztai Gyula (1931\u20131968)\" width=\"300\" height=\"407\" \/><figcaption id=\"caption-attachment-409\" class=\"wp-caption-text\">Gazdapusztai Gyula (1931\u20131968)<\/figcaption><\/figure>\n<p>Fodor Istv\u00e1n tansz\u00e9kvezet\u0151s\u00e9ge alatt (1997\u20132008), 2003-t\u00f3l v\u00e1lt Szegeden \u201eA\u201d felv\u00e9tel\u0171, teljes \u00e9rt\u00e9k\u0171 szakk\u00e1 a r\u00e9g\u00e9szet. 2006-t\u00f3l indult az akkredit\u00e1lt \u201eBA\u201d k\u00e9pz\u00e9s \u0151skor, Barbaricum \u00e9s n\u00e9pv\u00e1ndorl\u00e1s kor, valamint k\u00f6z\u00e9pkor szak\u00e1gakon.<\/p>\n<p>2010-t\u0151l, R\u00e9v\u00e9sz L\u00e1szl\u00f3 tansz\u00e9kvezet\u0151s\u00e9ge alatt (2008 \u2013), elindult a mesterk\u00e9pz\u00e9s (MA) is a tansz\u00e9k\u00fcnk\u00f6n, ahol archaeometria, Barbaricum \u00e9s n\u00e9pv\u00e1ndorl\u00e1s kori r\u00e9g\u00e9szet, k\u00f6z\u00e9pkori r\u00e9g\u00e9szet \u00e9s \u0151skori r\u00e9g\u00e9szet szakir\u00e1nyok k\u00f6z\u00fcl v\u00e1laszthatnak a hallgat\u00f3k. 2015-t\u0151l pedig a szegedi T\u00f6rt\u00e9nelemtudom\u00e1nyi Doktori Iskola k\u00e9pz\u00e9si palett\u00e1ja a r\u00e9g\u00e9szet doktori programmal b\u0151v\u00fclt. Az ut\u00f3bbi n\u00e9h\u00e1ny \u00e9vben tansz\u00e9k\u00fcnk infrastruktur\u00e1lis szempontb\u00f3l is jelent\u0151s v\u00e1ltoz\u00e1sokon ment \u00e1t. 2009-ben a b\u00f6lcs\u00e9szkar Egyetem utcai \u00e9p\u00fclete pincehelyis\u00e9geinek egy r\u00e9sz\u00e9t alak\u00edtott\u00e1k \u00e1t, ahol a r\u00e9g\u00e9szeti leletek tiszt\u00edt\u00e1s\u00e1ra, feldolgoz\u00e1s\u00e1ra, lelt\u00e1roz\u00e1s\u00e1ra, rakt\u00e1roz\u00e1s\u00e1ra van lehet\u0151s\u00e9g\u00fcnk. 2015 janu\u00e1rj\u00e1ban pedig tansz\u00e9k\u00fcnk az egykori Vas\u00fati K\u00f6zponti Lesz\u00e1m\u00edt\u00f3 Hivatal \u00e9p\u00fclet\u00e9nek harmadik emelet\u00e9r\u0151l a f\u00f6ldszintre, egy t\u00e1gasabb, nagyobb alapter\u00fclet\u0171 helyre k\u00f6lt\u00f6z\u00f6tt.<\/p>\n<p><strong>Tansz\u00e9k\u00fcnk egykori oktat\u00f3i:<\/strong> Buday \u00c1rp\u00e1d (1924\u20131937), Banner J\u00e1nos (1924\u20131946), Roska M\u00e1rton (1924\u20131929, 1947\u20131949), B\u00e1lint Alajos (1925\u20131939), P\u00e1rducz Mih\u00e1ly (1930\u20131945), Oroszl\u00e1n Zolt\u00e1n (1936\u20131944), Korek J\u00f3zsef (1942\u20131946), Gazdapusztai Gyula (1962\u20131968), Trogmayer Ott\u00f3 (1965\u20132006), Fodor Istv\u00e1n (1974\u20132008), Gal\u00e1ntha M\u00e1rta (1979\u20131987), Horv\u00e1th Ferenc (1973\u20132008),\u00a0 K\u00fcrti B\u00e9la (1978\u20132003), L\u0151rinczy G\u00e1bor (1989\u20132005), Szalontai Csaba (2005\u20132007).<\/p>\n","protected":false},"excerpt":{"rendered":"<p>A trianoni b\u00e9keszerz\u0151d\u00e9s ut\u00e1n az 1872-ben alap\u00edtott kolozsv\u00e1ri Ferenc J\u00f3zsef Tudom\u00e1nyegyetem Szegedre k\u00f6lt\u00f6z\u00e9sekor a r\u00e9g\u00e9szeti tansz\u00e9k is \u00e1ttelep\u00fclt az alf\u00f6ldi v\u00e1rosba. A szegedi r\u00e9g\u00e9szeti oktat\u00e1s szoros sz\u00e1lakkal k\u00f6t\u0151d\u00f6tt a P\u00f3sta B\u00e9la \u00e1ltal l\u00e9trehozott int\u00e9zm\u00e9nyhez. Ennek z\u00e1loga P\u00f3sta egykori tan\u00edtv\u00e1nya, Buday \u00c1rp\u00e1d volt, a szegedi int\u00e9zm\u00e9ny els\u0151 tansz\u00e9kvezet\u0151je (1924\u20131937), aki 1921 ut\u00e1n \u2013 Szegedre ker\u00fcl\u00e9s\u00e9t k\u00f6vet\u0151en &hellip; <a href=\"https:\/\/regeszet.bibl.u-szeged.hu\/index.php\/tanszekunk\/tanszekunk-tortenete\/\" class=\"more-link\"><span class=\"screen-reader-text\">Tansz\u00e9k\u00fcnk t\u00f6rt\u00e9nete<\/span> b\u0151vebben&#8230; <span class=\"meta-nav\">&rarr;<\/span><\/a><\/p>\n","protected":false},"author":1,"featured_media":0,"parent":37,"menu_order":1,"comment_status":"closed","ping_status":"closed","template":"","meta":{"footnotes":""},"class_list":["post-93","page","type-page","status-publish","hentry"],"_links":{"self":[{"href":"https:\/\/regeszet.bibl.u-szeged.hu\/index.php\/wp-json\/wp\/v2\/pages\/93","targetHints":{"allow":["GET"]}}],"collection":[{"href":"https:\/\/regeszet.bibl.u-szeged.hu\/index.php\/wp-json\/wp\/v2\/pages"}],"about":[{"href":"https:\/\/regeszet.bibl.u-szeged.hu\/index.php\/wp-json\/wp\/v2\/types\/page"}],"author":[{"embeddable":true,"href":"https:\/\/regeszet.bibl.u-szeged.hu\/index.php\/wp-json\/wp\/v2\/users\/1"}],"replies":[{"embeddable":true,"href":"https:\/\/regeszet.bibl.u-szeged.hu\/index.php\/wp-json\/wp\/v2\/comments?post=93"}],"version-history":[{"count":19,"href":"https:\/\/regeszet.bibl.u-szeged.hu\/index.php\/wp-json\/wp\/v2\/pages\/93\/revisions"}],"predecessor-version":[{"id":429,"href":"https:\/\/regeszet.bibl.u-szeged.hu\/index.php\/wp-json\/wp\/v2\/pages\/93\/revisions\/429"}],"up":[{"embeddable":true,"href":"https:\/\/regeszet.bibl.u-szeged.hu\/index.php\/wp-json\/wp\/v2\/pages\/37"}],"wp:attachment":[{"href":"https:\/\/regeszet.bibl.u-szeged.hu\/index.php\/wp-json\/wp\/v2\/media?parent=93"}],"curies":[{"name":"wp","href":"https:\/\/api.w.org\/{rel}","templated":true}]}}